Results for 3.2 20020406 (experimental) testsuite on i686-pc-linux-gnu
Andreas Jaeger
aj@suse.de
Sat Apr 6 22:53:00 GMT 2002
LAST_UPDATED: Sat Apr 6 19:35:45 UTC 2002
Native configuration is i686-pc-linux-gnu
=== g++ tests ===
Running target unix
FAIL: g++.dg/warn/Wunused-2.C (test for warnings, line 5)
FAIL: g++.robertl/eb132.C (test for excess errors)
=== g++ Summary ===
# of expected passes 7232
# of unexpected failures 2
# of expected failures 85
# of untested testcases 9
# of unsupported tests 3
/builds/gcc/gcc-3.2-devel/gcc/testsuite/../g++ version 3.2 20020406 (experimental)
=== g77 tests ===
Running target unix
=== g77 Summary ===
# of expected passes 1614
/builds/gcc/gcc-3.2-devel/gcc/testsuite/../g77 version 3.2 20020406 (experimental)
=== gcc tests ===
Running target unix
FAIL: gcc.c-torture/execute/20020307-2.c execution, -O1
FAIL: gcc.c-torture/execute/20020307-2.c execution, -O2
FAIL: gcc.c-torture/execute/20020307-2.c execution, -O3 -fomit-frame-pointer
FAIL: gcc.c-torture/execute/20020307-2.c execution, -O3 -fomit-frame-pointer -funroll-loops
FAIL: gcc.c-torture/execute/20020307-2.c execution, -O3 -fomit-frame-pointer -funroll-all-loops -finline-functions
FAIL: gcc.c-torture/execute/20020307-2.c execution, -O3 -g
FAIL: gcc.c-torture/execute/20020402-1.c execution, -Os
=== gcc Summary ===
# of expected passes 18356
# of unexpected failures 7
# of expected failures 66
# of unsupported tests 45
/builds/gcc/gcc-3.2-devel/gcc/xgcc version 3.2 20020406 (experimental)
=== objc tests ===
Running target unix
=== objc Summary ===
# of expected passes 1036
# of expected failures 6
/builds/gcc/gcc-3.2-devel/gcc/xgcc version 3.2 20020406 (experimental)
=== libjava tests ===
Running target unix
=== libjava Summary ===
# of expected passes 2061
# of expected failures 18
# of untested testcases 14
=== libstdc++-v3 tests ===
Running target unix
FAIL: 21_strings/capacity.cc (test for excess errors)
FAIL: 22_locale/collate.cc (test for excess errors)
XPASS: 22_locale/collate_byname.cc execution test
XPASS: 22_locale/collate_members_char.cc execution test
XPASS: 22_locale/collate_members_wchar_t.cc execution test
XPASS: 22_locale/ctype_members_char.cc execution test
XPASS: 22_locale/members.cc execution test
FAIL: 22_locale/messages.cc (test for excess errors)
FAIL: 22_locale/money_get.cc (test for excess errors)
XPASS: 22_locale/money_get_members_char.cc execution test
XPASS: 22_locale/money_get_members_wchar_t.cc execution test
FAIL: 22_locale/money_put.cc (test for excess errors)
XPASS: 22_locale/money_put_members_char.cc execution test
XPASS: 22_locale/money_put_members_wchar_t.cc execution test
FAIL: 22_locale/moneypunct.cc (test for excess errors)
XPASS: 22_locale/moneypunct_byname.cc execution test
XPASS: 22_locale/moneypunct_members_char.cc execution test
XPASS: 22_locale/moneypunct_members_wchar_t.cc execution test
FAIL: 22_locale/num_get.cc (test for excess errors)
XPASS: 22_locale/num_get_members_char.cc execution test
XPASS: 22_locale/num_get_members_wchar_t.cc execution test
FAIL: 22_locale/num_put.cc (test for excess errors)
XPASS: 22_locale/num_put_members_char.cc execution test
XPASS: 22_locale/num_put_members_wchar_t.cc execution test
FAIL: 22_locale/numpunct.cc (test for excess errors)
XPASS: 22_locale/numpunct_byname.cc execution test
XPASS: 22_locale/numpunct_members_char.cc execution test
XPASS: 22_locale/numpunct_members_wchar_t.cc execution test
XPASS: 22_locale/time_get_members_char.cc execution test
XPASS: 22_locale/time_get_members_wchar_t.cc execution test
XPASS: 22_locale/time_put_members_char.cc execution test
XPASS: 22_locale/time_put_members_wchar_t.cc execution test
FAIL: 26_numerics/c99_classification_macros_c.cc (test for excess errors)
FAIL: 26_numerics/complex_inserters_extractors.cc (test for excess errors)
FAIL: 27_io/ios_init.cc (test for excess errors)
=== libstdc++-v3 Summary ===
# of expected passes 359
# of unexpected failures 12
# of unexpected successes 23
# of expected failures 2
Compiler version: 3.2 20020406 (experimental)
Platform: i686-pc-linux-gnu
configure flags: --host=i686-pc-linux-gnu --prefix=/opt/gcc/3.2-devel --enable-shared --enable-threads=posix --enable-clocale=gnu --disable-nls --with-gnu-as=/opt/binutils/bin/as --with-gnu-ld=/opt/binutils/bin/ld --with-system-zlib
More information about the Gcc-testresults
mailing list