Results for 3.2 20020405 (experimental) testsuite on sh-unknown-elf
Andreas Jaeger
aj@suse.de
Sat Apr 6 03:14:00 GMT 2002
LAST_UPDATED: Sat Apr 6 07:37:31 UTC 2002
Target is sh-unknown-elf
Host is i686-pc-linux-gnu
=== g++ tests ===
Running target sh-hms-sim
FAIL: g++.dg/bprob/bprob-1.C compilation, -g -fprofile-arcs
UNRESOLVED: g++.dg/bprob/bprob-1.C execution, -g -fprofile-arcs
UNRESOLVED: g++.dg/bprob/bprob-1.C compilation, -g -fbranch-probabilities
UNRESOLVED: g++.dg/bprob/bprob-1.C execution, -g -fbranch-probabilities
FAIL: g++.dg/bprob/bprob-1.C compilation, -O0 -fprofile-arcs
UNRESOLVED: g++.dg/bprob/bprob-1.C execution, -O0 -fprofile-arcs
UNRESOLVED: g++.dg/bprob/bprob-1.C compilation, -O0 -fbranch-probabilities
UNRESOLVED: g++.dg/bprob/bprob-1.C execution, -O0 -fbranch-probabilities
FAIL: g++.dg/bprob/bprob-1.C compilation, -O1 -fprofile-arcs
UNRESOLVED: g++.dg/bprob/bprob-1.C execution, -O1 -fprofile-arcs
UNRESOLVED: g++.dg/bprob/bprob-1.C compilation, -O1 -fbranch-probabilities
UNRESOLVED: g++.dg/bprob/bprob-1.C execution, -O1 -fbranch-probabilities
FAIL: g++.dg/bprob/bprob-1.C compilation, -O2 -fprofile-arcs
UNRESOLVED: g++.dg/bprob/bprob-1.C execution, -O2 -fprofile-arcs
UNRESOLVED: g++.dg/bprob/bprob-1.C compilation, -O2 -fbranch-probabilities
UNRESOLVED: g++.dg/bprob/bprob-1.C execution, -O2 -fbranch-probabilities
FAIL: g++.dg/bprob/bprob-1.C compilation, -O3 -fprofile-arcs
UNRESOLVED: g++.dg/bprob/bprob-1.C execution, -O3 -fprofile-arcs
UNRESOLVED: g++.dg/bprob/bprob-1.C compilation, -O3 -fbranch-probabilities
UNRESOLVED: g++.dg/bprob/bprob-1.C execution, -O3 -fbranch-probabilities
FAIL: g++.dg/bprob/bprob-1.C compilation, -O3 -g -fprofile-arcs
UNRESOLVED: g++.dg/bprob/bprob-1.C execution, -O3 -g -fprofile-arcs
UNRESOLVED: g++.dg/bprob/bprob-1.C compilation, -O3 -g -fbranch-probabilities
UNRESOLVED: g++.dg/bprob/bprob-1.C execution, -O3 -g -fbranch-probabilities
FAIL: g++.dg/bprob/bprob-1.C compilation, -Os -fprofile-arcs
UNRESOLVED: g++.dg/bprob/bprob-1.C execution, -Os -fprofile-arcs
UNRESOLVED: g++.dg/bprob/bprob-1.C compilation, -Os -fbranch-probabilities
UNRESOLVED: g++.dg/bprob/bprob-1.C execution, -Os -fbranch-probabilities
FAIL: g++.dg/eh/omit-frame-pointer.C (test for excess errors)
WARNING: g++.dg/eh/omit-frame-pointer.C compilation failed to produce executable
FAIL: g++.dg/template/friend.C (test for excess errors)
FAIL: g++.dg/warn/Wunused-2.C (test for warnings, line 5)
FAIL: g++.benjamin/15071.C (test for excess errors)
FAIL: g++.brendan/copy9.C (test for excess errors)
FAIL: g++.brendan/nest21.C (test for excess errors)
FAIL: g++.brendan/ptolemy2.C (test for excess errors)
FAIL: g++.jason/2371.C (test for excess errors)
FAIL: g++.jason/template24.C (test for excess errors)
FAIL: g++.jason/template31.C (test for excess errors)
FAIL: g++.jason/typeid1.C (test for excess errors)
FAIL: g++.law/arg8.C (test for excess errors)
FAIL: g++.law/code-gen5.C (test for excess errors)
FAIL: g++.law/ctors12.C (test for excess errors)
FAIL: g++.law/cvt2.C (test for excess errors)
FAIL: g++.law/virtual3.C (test for excess errors)
FAIL: g++.mike/eh2.C (test for excess errors)
FAIL: g++.mike/net34.C (test for excess errors)
FAIL: g++.mike/net46.C (test for excess errors)
FAIL: g++.mike/p658.C (test for excess errors)
FAIL: g++.other/headers1.C (test for excess errors)
FAIL: g++.other/sibcall1.C (test for excess errors)
FAIL: g++.other/unchanging1.C (test for excess errors)
FAIL: g++.pt/ttp19.C (test for excess errors)
FAIL: g++.robertl/eb115.C (test for excess errors)
FAIL: g++.robertl/eb118.C (test for excess errors)
FAIL: g++.robertl/eb21.C (test for excess errors)
FAIL: g++.robertl/eb27.C (test for excess errors)
FAIL: g++.robertl/eb31.C (test for excess errors)
FAIL: g++.robertl/eb41.C (test for excess errors)
FAIL: g++.robertl/eb44.C (test for excess errors)
FAIL: g++.robertl/eb46.C (test for excess errors)
FAIL: g++.robertl/eb54.C (test for excess errors)
FAIL: g++.robertl/eb66.C (test for excess errors)
FAIL: g++.robertl/eb73.C (test for excess errors)
FAIL: g++.robertl/eb77.C (test for excess errors)
=== g++ Summary ===
# of expected passes 7090
# of unexpected failures 43
# of expected failures 119
# of unresolved testcases 21
# of untested testcases 29
# of unsupported tests 6
/mmix/sh-elf/build/gcc/testsuite/../g++ version 3.2 20020405 (experimental)
Host is i686-pc-linux-gnu
=== g77 tests ===
Running target sh-hms-sim
FAIL: g77.dg/bprob/bprob-1.f compilation, -g -fprofile-arcs
UNRESOLVED: g77.dg/bprob/bprob-1.f execution, -g -fprofile-arcs
UNRESOLVED: g77.dg/bprob/bprob-1.f compilation, -g -fbranch-probabilities
UNRESOLVED: g77.dg/bprob/bprob-1.f execution, -g -fbranch-probabilities
FAIL: g77.dg/bprob/bprob-1.f compilation, -O0 -fprofile-arcs
UNRESOLVED: g77.dg/bprob/bprob-1.f execution, -O0 -fprofile-arcs
UNRESOLVED: g77.dg/bprob/bprob-1.f compilation, -O0 -fbranch-probabilities
UNRESOLVED: g77.dg/bprob/bprob-1.f execution, -O0 -fbranch-probabilities
FAIL: g77.dg/bprob/bprob-1.f compilation, -O1 -fprofile-arcs
UNRESOLVED: g77.dg/bprob/bprob-1.f execution, -O1 -fprofile-arcs
UNRESOLVED: g77.dg/bprob/bprob-1.f compilation, -O1 -fbranch-probabilities
UNRESOLVED: g77.dg/bprob/bprob-1.f execution, -O1 -fbranch-probabilities
FAIL: g77.dg/bprob/bprob-1.f compilation, -O2 -fprofile-arcs
UNRESOLVED: g77.dg/bprob/bprob-1.f execution, -O2 -fprofile-arcs
UNRESOLVED: g77.dg/bprob/bprob-1.f compilation, -O2 -fbranch-probabilities
UNRESOLVED: g77.dg/bprob/bprob-1.f execution, -O2 -fbranch-probabilities
FAIL: g77.dg/bprob/bprob-1.f compilation, -O3 -fprofile-arcs
UNRESOLVED: g77.dg/bprob/bprob-1.f execution, -O3 -fprofile-arcs
UNRESOLVED: g77.dg/bprob/bprob-1.f compilation, -O3 -fbranch-probabilities
UNRESOLVED: g77.dg/bprob/bprob-1.f execution, -O3 -fbranch-probabilities
FAIL: g77.dg/bprob/bprob-1.f compilation, -O3 -g -fprofile-arcs
UNRESOLVED: g77.dg/bprob/bprob-1.f execution, -O3 -g -fprofile-arcs
UNRESOLVED: g77.dg/bprob/bprob-1.f compilation, -O3 -g -fbranch-probabilities
UNRESOLVED: g77.dg/bprob/bprob-1.f execution, -O3 -g -fbranch-probabilities
FAIL: g77.dg/bprob/bprob-1.f compilation, -Os -fprofile-arcs
UNRESOLVED: g77.dg/bprob/bprob-1.f execution, -Os -fprofile-arcs
UNRESOLVED: g77.dg/bprob/bprob-1.f compilation, -Os -fbranch-probabilities
UNRESOLVED: g77.dg/bprob/bprob-1.f execution, -Os -fbranch-probabilities
FAIL: g77.dg/f77-edit-apostrophe-out.f (test for excess errors)
WARNING: g77.dg/f77-edit-apostrophe-out.f compilation failed to produce executable
FAIL: g77.dg/f77-edit-apostrophe-out.f (test for excess errors)
WARNING: g77.dg/f77-edit-apostrophe-out.f compilation failed to produce executable
FAIL: g77.dg/f77-edit-apostrophe-out.f (test for excess errors)
WARNING: g77.dg/f77-edit-apostrophe-out.f compilation failed to produce executable
FAIL: g77.dg/f77-edit-apostrophe-out.f (test for excess errors)
WARNING: g77.dg/f77-edit-apostrophe-out.f compilation failed to produce executable
FAIL: g77.dg/f77-edit-apostrophe-out.f (test for excess errors)
WARNING: g77.dg/f77-edit-apostrophe-out.f compilation failed to produce executable
FAIL: g77.dg/f77-edit-apostrophe-out.f (test for excess errors)
WARNING: g77.dg/f77-edit-apostrophe-out.f compilation failed to produce executable
FAIL: g77.dg/f77-edit-colon-out.f (test for excess errors)
WARNING: g77.dg/f77-edit-colon-out.f compilation failed to produce executable
FAIL: g77.dg/f77-edit-colon-out.f (test for excess errors)
WARNING: g77.dg/f77-edit-colon-out.f compilation failed to produce executable
FAIL: g77.dg/f77-edit-colon-out.f (test for excess errors)
WARNING: g77.dg/f77-edit-colon-out.f compilation failed to produce executable
FAIL: g77.dg/f77-edit-colon-out.f (test for excess errors)
WARNING: g77.dg/f77-edit-colon-out.f compilation failed to produce executable
FAIL: g77.dg/f77-edit-colon-out.f (test for excess errors)
WARNING: g77.dg/f77-edit-colon-out.f compilation failed to produce executable
FAIL: g77.dg/f77-edit-colon-out.f (test for excess errors)
WARNING: g77.dg/f77-edit-colon-out.f compilation failed to produce executable
FAIL: g77.dg/f77-edit-h-out.f (test for excess errors)
WARNING: g77.dg/f77-edit-h-out.f compilation failed to produce executable
FAIL: g77.dg/f77-edit-h-out.f (test for excess errors)
WARNING: g77.dg/f77-edit-h-out.f compilation failed to produce executable
FAIL: g77.dg/f77-edit-h-out.f (test for excess errors)
WARNING: g77.dg/f77-edit-h-out.f compilation failed to produce executable
FAIL: g77.dg/f77-edit-h-out.f (test for excess errors)
WARNING: g77.dg/f77-edit-h-out.f compilation failed to produce executable
FAIL: g77.dg/f77-edit-h-out.f (test for excess errors)
WARNING: g77.dg/f77-edit-h-out.f compilation failed to produce executable
FAIL: g77.dg/f77-edit-h-out.f (test for excess errors)
WARNING: g77.dg/f77-edit-h-out.f compilation failed to produce executable
FAIL: g77.dg/f77-edit-i-in.f (test for excess errors)
WARNING: g77.dg/f77-edit-i-in.f compilation failed to produce executable
FAIL: g77.dg/f77-edit-i-in.f (test for excess errors)
WARNING: g77.dg/f77-edit-i-in.f compilation failed to produce executable
FAIL: g77.dg/f77-edit-i-in.f (test for excess errors)
WARNING: g77.dg/f77-edit-i-in.f compilation failed to produce executable
FAIL: g77.dg/f77-edit-i-in.f (test for excess errors)
WARNING: g77.dg/f77-edit-i-in.f compilation failed to produce executable
FAIL: g77.dg/f77-edit-i-in.f (test for excess errors)
WARNING: g77.dg/f77-edit-i-in.f compilation failed to produce executable
FAIL: g77.dg/f77-edit-i-in.f (test for excess errors)
WARNING: g77.dg/f77-edit-i-in.f compilation failed to produce executable
FAIL: g77.dg/f77-edit-i-out.f (test for excess errors)
WARNING: g77.dg/f77-edit-i-out.f compilation failed to produce executable
FAIL: g77.dg/f77-edit-i-out.f (test for excess errors)
WARNING: g77.dg/f77-edit-i-out.f compilation failed to produce executable
FAIL: g77.dg/f77-edit-i-out.f (test for excess errors)
WARNING: g77.dg/f77-edit-i-out.f compilation failed to produce executable
FAIL: g77.dg/f77-edit-i-out.f (test for excess errors)
WARNING: g77.dg/f77-edit-i-out.f compilation failed to produce executable
FAIL: g77.dg/f77-edit-i-out.f (test for excess errors)
WARNING: g77.dg/f77-edit-i-out.f compilation failed to produce executable
FAIL: g77.dg/f77-edit-i-out.f (test for excess errors)
WARNING: g77.dg/f77-edit-i-out.f compilation failed to produce executable
FAIL: g77.dg/f77-edit-s-out.f (test for excess errors)
WARNING: g77.dg/f77-edit-s-out.f compilation failed to produce executable
FAIL: g77.dg/f77-edit-s-out.f (test for excess errors)
WARNING: g77.dg/f77-edit-s-out.f compilation failed to produce executable
FAIL: g77.dg/f77-edit-s-out.f (test for excess errors)
WARNING: g77.dg/f77-edit-s-out.f compilation failed to produce executable
FAIL: g77.dg/f77-edit-s-out.f (test for excess errors)
WARNING: g77.dg/f77-edit-s-out.f compilation failed to produce executable
FAIL: g77.dg/f77-edit-s-out.f (test for excess errors)
WARNING: g77.dg/f77-edit-s-out.f compilation failed to produce executable
FAIL: g77.dg/f77-edit-s-out.f (test for excess errors)
WARNING: g77.dg/f77-edit-s-out.f compilation failed to produce executable
FAIL: g77.dg/f77-edit-slash-out.f (test for excess errors)
WARNING: g77.dg/f77-edit-slash-out.f compilation failed to produce executable
FAIL: g77.dg/f77-edit-slash-out.f (test for excess errors)
WARNING: g77.dg/f77-edit-slash-out.f compilation failed to produce executable
FAIL: g77.dg/f77-edit-slash-out.f (test for excess errors)
WARNING: g77.dg/f77-edit-slash-out.f compilation failed to produce executable
FAIL: g77.dg/f77-edit-slash-out.f (test for excess errors)
WARNING: g77.dg/f77-edit-slash-out.f compilation failed to produce executable
FAIL: g77.dg/f77-edit-slash-out.f (test for excess errors)
WARNING: g77.dg/f77-edit-slash-out.f compilation failed to produce executable
FAIL: g77.dg/f77-edit-slash-out.f (test for excess errors)
WARNING: g77.dg/f77-edit-slash-out.f compilation failed to produce executable
FAIL: g77.dg/f77-edit-t-in.f (test for excess errors)
WARNING: g77.dg/f77-edit-t-in.f compilation failed to produce executable
FAIL: g77.dg/f77-edit-t-in.f (test for excess errors)
WARNING: g77.dg/f77-edit-t-in.f compilation failed to produce executable
FAIL: g77.dg/f77-edit-t-in.f (test for excess errors)
WARNING: g77.dg/f77-edit-t-in.f compilation failed to produce executable
FAIL: g77.dg/f77-edit-t-in.f (test for excess errors)
WARNING: g77.dg/f77-edit-t-in.f compilation failed to produce executable
FAIL: g77.dg/f77-edit-t-in.f (test for excess errors)
WARNING: g77.dg/f77-edit-t-in.f compilation failed to produce executable
FAIL: g77.dg/f77-edit-t-in.f (test for excess errors)
WARNING: g77.dg/f77-edit-t-in.f compilation failed to produce executable
FAIL: g77.dg/f77-edit-t-out.f (test for excess errors)
WARNING: g77.dg/f77-edit-t-out.f compilation failed to produce executable
FAIL: g77.dg/f77-edit-t-out.f (test for excess errors)
WARNING: g77.dg/f77-edit-t-out.f compilation failed to produce executable
FAIL: g77.dg/f77-edit-t-out.f (test for excess errors)
WARNING: g77.dg/f77-edit-t-out.f compilation failed to produce executable
FAIL: g77.dg/f77-edit-t-out.f (test for excess errors)
WARNING: g77.dg/f77-edit-t-out.f compilation failed to produce executable
FAIL: g77.dg/f77-edit-t-out.f (test for excess errors)
WARNING: g77.dg/f77-edit-t-out.f compilation failed to produce executable
FAIL: g77.dg/f77-edit-t-out.f (test for excess errors)
WARNING: g77.dg/f77-edit-t-out.f compilation failed to produce executable
FAIL: g77.dg/f77-edit-x-out.f (test for excess errors)
WARNING: g77.dg/f77-edit-x-out.f compilation failed to produce executable
FAIL: g77.dg/f77-edit-x-out.f (test for excess errors)
WARNING: g77.dg/f77-edit-x-out.f compilation failed to produce executable
FAIL: g77.dg/f77-edit-x-out.f (test for excess errors)
WARNING: g77.dg/f77-edit-x-out.f compilation failed to produce executable
FAIL: g77.dg/f77-edit-x-out.f (test for excess errors)
WARNING: g77.dg/f77-edit-x-out.f compilation failed to produce executable
FAIL: g77.dg/f77-edit-x-out.f (test for excess errors)
WARNING: g77.dg/f77-edit-x-out.f compilation failed to produce executable
FAIL: g77.dg/f77-edit-x-out.f (test for excess errors)
WARNING: g77.dg/f77-edit-x-out.f compilation failed to produce executable
FAIL: g77.dg/fbackslash.f (test for excess errors)
WARNING: g77.dg/fbackslash.f compilation failed to produce executable
FAIL: g77.dg/fbackslash.f (test for excess errors)
WARNING: g77.dg/fbackslash.f compilation failed to produce executable
FAIL: g77.dg/fbackslash.f (test for excess errors)
WARNING: g77.dg/fbackslash.f compilation failed to produce executable
FAIL: g77.dg/fbackslash.f (test for excess errors)
WARNING: g77.dg/fbackslash.f compilation failed to produce executable
FAIL: g77.dg/fbackslash.f (test for excess errors)
WARNING: g77.dg/fbackslash.f compilation failed to produce executable
FAIL: g77.dg/fbackslash.f (test for excess errors)
WARNING: g77.dg/fbackslash.f compilation failed to produce executable
FAIL: g77.dg/fcase-preserve.f (test for excess errors)
WARNING: g77.dg/fcase-preserve.f compilation failed to produce executable
FAIL: g77.dg/fcase-preserve.f (test for excess errors)
WARNING: g77.dg/fcase-preserve.f compilation failed to produce executable
FAIL: g77.dg/fcase-preserve.f (test for excess errors)
WARNING: g77.dg/fcase-preserve.f compilation failed to produce executable
FAIL: g77.dg/fcase-preserve.f (test for excess errors)
WARNING: g77.dg/fcase-preserve.f compilation failed to produce executable
FAIL: g77.dg/fcase-preserve.f (test for excess errors)
WARNING: g77.dg/fcase-preserve.f compilation failed to produce executable
FAIL: g77.dg/fcase-preserve.f (test for excess errors)
WARNING: g77.dg/fcase-preserve.f compilation failed to produce executable
FAIL: g77.dg/ff90-1.f (test for excess errors)
WARNING: g77.dg/ff90-1.f compilation failed to produce executable
FAIL: g77.dg/ff90-1.f (test for excess errors)
WARNING: g77.dg/ff90-1.f compilation failed to produce executable
FAIL: g77.dg/ff90-1.f (test for excess errors)
WARNING: g77.dg/ff90-1.f compilation failed to produce executable
FAIL: g77.dg/ff90-1.f (test for excess errors)
WARNING: g77.dg/ff90-1.f compilation failed to produce executable
FAIL: g77.dg/ff90-1.f (test for excess errors)
WARNING: g77.dg/ff90-1.f compilation failed to produce executable
FAIL: g77.dg/ff90-1.f (test for excess errors)
WARNING: g77.dg/ff90-1.f compilation failed to produce executable
FAIL: g77.dg/fno-backslash.f (test for excess errors)
WARNING: g77.dg/fno-backslash.f compilation failed to produce executable
FAIL: g77.dg/fno-backslash.f (test for excess errors)
WARNING: g77.dg/fno-backslash.f compilation failed to produce executable
FAIL: g77.dg/fno-backslash.f (test for excess errors)
WARNING: g77.dg/fno-backslash.f compilation failed to produce executable
FAIL: g77.dg/fno-backslash.f (test for excess errors)
WARNING: g77.dg/fno-backslash.f compilation failed to produce executable
FAIL: g77.dg/fno-backslash.f (test for excess errors)
WARNING: g77.dg/fno-backslash.f compilation failed to produce executable
FAIL: g77.dg/fno-backslash.f (test for excess errors)
WARNING: g77.dg/fno-backslash.f compilation failed to produce executable
FAIL: g77.dg/fno-f90-1.f (test for excess errors)
WARNING: g77.dg/fno-f90-1.f compilation failed to produce executable
FAIL: g77.dg/fno-f90-1.f (test for excess errors)
WARNING: g77.dg/fno-f90-1.f compilation failed to produce executable
FAIL: g77.dg/fno-f90-1.f (test for excess errors)
WARNING: g77.dg/fno-f90-1.f compilation failed to produce executable
FAIL: g77.dg/fno-f90-1.f (test for excess errors)
WARNING: g77.dg/fno-f90-1.f compilation failed to produce executable
FAIL: g77.dg/fno-f90-1.f (test for excess errors)
WARNING: g77.dg/fno-f90-1.f compilation failed to produce executable
FAIL: g77.dg/fno-f90-1.f (test for excess errors)
WARNING: g77.dg/fno-f90-1.f compilation failed to produce executable
FAIL: g77.dg/fno-onetrip.f (test for excess errors)
WARNING: g77.dg/fno-onetrip.f compilation failed to produce executable
FAIL: g77.dg/fno-onetrip.f (test for excess errors)
WARNING: g77.dg/fno-onetrip.f compilation failed to produce executable
FAIL: g77.dg/fno-onetrip.f (test for excess errors)
WARNING: g77.dg/fno-onetrip.f compilation failed to produce executable
FAIL: g77.dg/fno-onetrip.f (test for excess errors)
WARNING: g77.dg/fno-onetrip.f compilation failed to produce executable
FAIL: g77.dg/fno-onetrip.f (test for excess errors)
WARNING: g77.dg/fno-onetrip.f compilation failed to produce executable
FAIL: g77.dg/fno-onetrip.f (test for excess errors)
WARNING: g77.dg/fno-onetrip.f compilation failed to produce executable
FAIL: g77.dg/fno-onetrip.f (test for excess errors)
WARNING: g77.dg/fno-onetrip.f compilation failed to produce executable
FAIL: g77.dg/fno-onetrip.f (test for excess errors)
WARNING: g77.dg/fno-onetrip.f compilation failed to produce executable
FAIL: g77.dg/fno-typeless-boz.f (test for excess errors)
WARNING: g77.dg/fno-typeless-boz.f compilation failed to produce executable
FAIL: g77.dg/fno-typeless-boz.f (test for excess errors)
WARNING: g77.dg/fno-typeless-boz.f compilation failed to produce executable
FAIL: g77.dg/fno-typeless-boz.f (test for excess errors)
WARNING: g77.dg/fno-typeless-boz.f compilation failed to produce executable
FAIL: g77.dg/fno-typeless-boz.f (test for excess errors)
WARNING: g77.dg/fno-typeless-boz.f compilation failed to produce executable
FAIL: g77.dg/fno-typeless-boz.f (test for excess errors)
WARNING: g77.dg/fno-typeless-boz.f compilation failed to produce executable
FAIL: g77.dg/fno-typeless-boz.f (test for excess errors)
WARNING: g77.dg/fno-typeless-boz.f compilation failed to produce executable
FAIL: g77.dg/fno-vxt-1.f (test for excess errors)
WARNING: g77.dg/fno-vxt-1.f compilation failed to produce executable
FAIL: g77.dg/fno-vxt-1.f (test for excess errors)
WARNING: g77.dg/fno-vxt-1.f compilation failed to produce executable
FAIL: g77.dg/fno-vxt-1.f (test for excess errors)
WARNING: g77.dg/fno-vxt-1.f compilation failed to produce executable
FAIL: g77.dg/fno-vxt-1.f (test for excess errors)
WARNING: g77.dg/fno-vxt-1.f compilation failed to produce executable
FAIL: g77.dg/fno-vxt-1.f (test for excess errors)
WARNING: g77.dg/fno-vxt-1.f compilation failed to produce executable
FAIL: g77.dg/fno-vxt-1.f (test for excess errors)
WARNING: g77.dg/fno-vxt-1.f compilation failed to produce executable
FAIL: g77.dg/fonetrip.f (test for excess errors)
WARNING: g77.dg/fonetrip.f compilation failed to produce executable
FAIL: g77.dg/fonetrip.f (test for excess errors)
WARNING: g77.dg/fonetrip.f compilation failed to produce executable
FAIL: g77.dg/fonetrip.f (test for excess errors)
WARNING: g77.dg/fonetrip.f compilation failed to produce executable
FAIL: g77.dg/fonetrip.f (test for excess errors)
WARNING: g77.dg/fonetrip.f compilation failed to produce executable
FAIL: g77.dg/fonetrip.f (test for excess errors)
WARNING: g77.dg/fonetrip.f compilation failed to produce executable
FAIL: g77.dg/fonetrip.f (test for excess errors)
WARNING: g77.dg/fonetrip.f compilation failed to produce executable
FAIL: g77.dg/fonetrip.f (test for excess errors)
WARNING: g77.dg/fonetrip.f compilation failed to produce executable
FAIL: g77.dg/fonetrip.f (test for excess errors)
WARNING: g77.dg/fonetrip.f compilation failed to produce executable
FAIL: g77.dg/ftypeless-boz.f (test for excess errors)
WARNING: g77.dg/ftypeless-boz.f compilation failed to produce executable
FAIL: g77.dg/ftypeless-boz.f (test for excess errors)
WARNING: g77.dg/ftypeless-boz.f compilation failed to produce executable
FAIL: g77.dg/ftypeless-boz.f (test for excess errors)
WARNING: g77.dg/ftypeless-boz.f compilation failed to produce executable
FAIL: g77.dg/ftypeless-boz.f (test for excess errors)
WARNING: g77.dg/ftypeless-boz.f compilation failed to produce executable
FAIL: g77.dg/ftypeless-boz.f (test for excess errors)
WARNING: g77.dg/ftypeless-boz.f compilation failed to produce executable
FAIL: g77.dg/ftypeless-boz.f (test for excess errors)
WARNING: g77.dg/ftypeless-boz.f compilation failed to produce executable
FAIL: g77.dg/fvxt-1.f (test for excess errors)
WARNING: g77.dg/fvxt-1.f compilation failed to produce executable
FAIL: g77.dg/fvxt-1.f (test for excess errors)
WARNING: g77.dg/fvxt-1.f compilation failed to produce executable
FAIL: g77.dg/fvxt-1.f (test for excess errors)
WARNING: g77.dg/fvxt-1.f compilation failed to produce executable
FAIL: g77.dg/fvxt-1.f (test for excess errors)
WARNING: g77.dg/fvxt-1.f compilation failed to produce executable
FAIL: g77.dg/fvxt-1.f (test for excess errors)
WARNING: g77.dg/fvxt-1.f compilation failed to produce executable
FAIL: g77.dg/fvxt-1.f (test for excess errors)
WARNING: g77.dg/fvxt-1.f compilation failed to produce executable
FAIL: g77.dg/pr3743-1.f (test for excess errors)
FAIL: g77.dg/pr3743-1.f (test for excess errors)
FAIL: g77.dg/pr3743-1.f (test for excess errors)
FAIL: g77.dg/pr3743-1.f (test for excess errors)
FAIL: g77.dg/pr3743-1.f (test for excess errors)
FAIL: g77.dg/pr3743-1.f (test for excess errors)
FAIL: g77.dg/pr3743-2.f (test for excess errors)
FAIL: g77.dg/pr3743-2.f (test for excess errors)
FAIL: g77.dg/pr3743-2.f (test for excess errors)
FAIL: g77.dg/pr3743-2.f (test for excess errors)
FAIL: g77.dg/pr3743-2.f (test for excess errors)
FAIL: g77.dg/pr3743-2.f (test for excess errors)
FAIL: g77.dg/pr3743-3.f (test for excess errors)
FAIL: g77.dg/pr3743-3.f (test for excess errors)
FAIL: g77.dg/pr3743-3.f (test for excess errors)
FAIL: g77.dg/pr3743-3.f (test for excess errors)
FAIL: g77.dg/pr3743-3.f (test for excess errors)
FAIL: g77.dg/pr3743-3.f (test for excess errors)
FAIL: g77.dg/pr3743-4.f (test for excess errors)
FAIL: g77.dg/pr3743-4.f (test for excess errors)
FAIL: g77.dg/pr3743-4.f (test for excess errors)
FAIL: g77.dg/pr3743-4.f (test for excess errors)
FAIL: g77.dg/pr3743-4.f (test for excess errors)
FAIL: g77.dg/pr3743-4.f (test for excess errors)
FAIL: g77.dg/strlen0.f (test for excess errors)
WARNING: g77.dg/strlen0.f compilation failed to produce executable
FAIL: g77.dg/strlen0.f (test for excess errors)
WARNING: g77.dg/strlen0.f compilation failed to produce executable
FAIL: g77.dg/strlen0.f (test for excess errors)
WARNING: g77.dg/strlen0.f compilation failed to produce executable
FAIL: g77.dg/strlen0.f (test for excess errors)
WARNING: g77.dg/strlen0.f compilation failed to produce executable
FAIL: g77.dg/strlen0.f (test for excess errors)
WARNING: g77.dg/strlen0.f compilation failed to produce executable
FAIL: g77.dg/strlen0.f (test for excess errors)
WARNING: g77.dg/strlen0.f compilation failed to produce executable
FAIL: g77.f-torture/execute/19981119-0.f compilation, -O0
FAIL: g77.f-torture/execute/19981119-0.f compilation, -O1
FAIL: g77.f-torture/execute/19981119-0.f compilation, -O2
FAIL: g77.f-torture/execute/19981119-0.f compilation, -O3 -fomit-frame-pointer
FAIL: g77.f-torture/execute/19981119-0.f compilation, -O3 -g
FAIL: g77.f-torture/execute/19981119-0.f compilation, -Os
FAIL: g77.f-torture/execute/19990313-0.f compilation, -O0
FAIL: g77.f-torture/execute/19990313-0.f compilation, -O1
FAIL: g77.f-torture/execute/19990313-0.f compilation, -O2
FAIL: g77.f-torture/execute/19990313-0.f compilation, -O3 -fomit-frame-pointer
FAIL: g77.f-torture/execute/19990313-0.f compilation, -O3 -g
FAIL: g77.f-torture/execute/19990313-0.f compilation, -Os
FAIL: g77.f-torture/execute/19990313-1.f compilation, -O0
FAIL: g77.f-torture/execute/19990313-1.f compilation, -O1
FAIL: g77.f-torture/execute/19990313-1.f compilation, -O2
FAIL: g77.f-torture/execute/19990313-1.f compilation, -O3 -fomit-frame-pointer
FAIL: g77.f-torture/execute/19990313-1.f compilation, -O3 -g
FAIL: g77.f-torture/execute/19990313-1.f compilation, -Os
FAIL: g77.f-torture/execute/19990313-2.f compilation, -O0
FAIL: g77.f-torture/execute/19990313-2.f compilation, -O1
FAIL: g77.f-torture/execute/19990313-2.f compilation, -O2
FAIL: g77.f-torture/execute/19990313-2.f compilation, -O3 -fomit-frame-pointer
FAIL: g77.f-torture/execute/19990313-2.f compilation, -O3 -g
FAIL: g77.f-torture/execute/19990313-2.f compilation, -Os
FAIL: g77.f-torture/execute/19990313-3.f compilation, -O0
FAIL: g77.f-torture/execute/19990313-3.f compilation, -O1
FAIL: g77.f-torture/execute/19990313-3.f compilation, -O2
FAIL: g77.f-torture/execute/19990313-3.f compilation, -O3 -fomit-frame-pointer
FAIL: g77.f-torture/execute/19990313-3.f compilation, -O3 -g
FAIL: g77.f-torture/execute/19990313-3.f compilation, -Os
FAIL: g77.f-torture/execute/19990325-0.f compilation, -O0
FAIL: g77.f-torture/execute/19990325-0.f compilation, -O1
FAIL: g77.f-torture/execute/19990325-0.f compilation, -O2
FAIL: g77.f-torture/execute/19990325-0.f compilation, -O3 -fomit-frame-pointer
FAIL: g77.f-torture/execute/19990325-0.f compilation, -O3 -g
FAIL: g77.f-torture/execute/19990325-0.f compilation, -Os
FAIL: g77.f-torture/execute/19990325-1.f compilation, -O0
FAIL: g77.f-torture/execute/19990325-1.f compilation, -O1
FAIL: g77.f-torture/execute/19990325-1.f compilation, -O2
FAIL: g77.f-torture/execute/19990325-1.f compilation, -O3 -fomit-frame-pointer
FAIL: g77.f-torture/execute/19990325-1.f compilation, -O3 -g
FAIL: g77.f-torture/execute/19990325-1.f compilation, -Os
FAIL: g77.f-torture/execute/19990419-1.f compilation, -O0
FAIL: g77.f-torture/execute/19990419-1.f compilation, -O1
FAIL: g77.f-torture/execute/19990419-1.f compilation, -O2
FAIL: g77.f-torture/execute/19990419-1.f compilation, -O3 -fomit-frame-pointer
FAIL: g77.f-torture/execute/19990419-1.f compilation, -O3 -fomit-frame-pointer -funroll-loops
FAIL: g77.f-torture/execute/19990419-1.f compilation, -O3 -fomit-frame-pointer -funroll-all-loops -finline-functions
FAIL: g77.f-torture/execute/19990419-1.f compilation, -O3 -g
FAIL: g77.f-torture/execute/19990419-1.f compilation, -Os
FAIL: g77.f-torture/execute/19990826-0.f compilation, -O0
FAIL: g77.f-torture/execute/19990826-0.f compilation, -O1
FAIL: g77.f-torture/execute/19990826-0.f compilation, -O2
FAIL: g77.f-torture/execute/19990826-0.f compilation, -O3 -fomit-frame-pointer
FAIL: g77.f-torture/execute/19990826-0.f compilation, -O3 -g
FAIL: g77.f-torture/execute/19990826-0.f compilation, -Os
FAIL: g77.f-torture/execute/19990826-2.f compilation, -O0
FAIL: g77.f-torture/execute/19990826-2.f compilation, -O1
FAIL: g77.f-torture/execute/19990826-2.f compilation, -O2
FAIL: g77.f-torture/execute/19990826-2.f compilation, -O3 -fomit-frame-pointer
FAIL: g77.f-torture/execute/19990826-2.f compilation, -O3 -g
FAIL: g77.f-torture/execute/19990826-2.f compilation, -Os
FAIL: g77.f-torture/execute/20000503-1.f compilation, -O0
FAIL: g77.f-torture/execute/20000503-1.f compilation, -O1
FAIL: g77.f-torture/execute/20000503-1.f compilation, -O2
FAIL: g77.f-torture/execute/20000503-1.f compilation, -O3 -fomit-frame-pointer
FAIL: g77.f-torture/execute/20000503-1.f compilation, -O3 -fomit-frame-pointer -funroll-loops
FAIL: g77.f-torture/execute/20000503-1.f compilation, -O3 -fomit-frame-pointer -funroll-all-loops -finline-functions
FAIL: g77.f-torture/execute/20000503-1.f compilation, -O3 -g
FAIL: g77.f-torture/execute/20000503-1.f compilation, -Os
FAIL: g77.f-torture/execute/20001111.f compilation, -O0
FAIL: g77.f-torture/execute/20001111.f compilation, -O1
FAIL: g77.f-torture/execute/20001111.f compilation, -O2
FAIL: g77.f-torture/execute/20001111.f compilation, -O3 -fomit-frame-pointer
FAIL: g77.f-torture/execute/20001111.f compilation, -O3 -fomit-frame-pointer -funroll-loops
FAIL: g77.f-torture/execute/20001111.f compilation, -O3 -fomit-frame-pointer -funroll-all-loops -finline-functions
FAIL: g77.f-torture/execute/20001111.f compilation, -O3 -g
FAIL: g77.f-torture/execute/20001111.f compilation, -Os
FAIL: g77.f-torture/execute/20001201.f compilation, -O0
FAIL: g77.f-torture/execute/20001201.f compilation, -O1
FAIL: g77.f-torture/execute/20001201.f compilation, -O2
FAIL: g77.f-torture/execute/20001201.f compilation, -O3 -fomit-frame-pointer
FAIL: g77.f-torture/execute/20001201.f compilation, -O3 -g
FAIL: g77.f-torture/execute/20001201.f compilation, -Os
FAIL: g77.f-torture/execute/20010116.f compilation, -O0
FAIL: g77.f-torture/execute/20010116.f compilation, -O1
FAIL: g77.f-torture/execute/20010116.f compilation, -O2
FAIL: g77.f-torture/execute/20010116.f compilation, -O3 -fomit-frame-pointer
FAIL: g77.f-torture/execute/20010116.f compilation, -O3 -fomit-frame-pointer -funroll-loops
FAIL: g77.f-torture/execute/20010116.f compilation, -O3 -fomit-frame-pointer -funroll-all-loops -finline-functions
FAIL: g77.f-torture/execute/20010116.f compilation, -O3 -g
FAIL: g77.f-torture/execute/20010116.f compilation, -Os
FAIL: g77.f-torture/execute/20010426.f compilation, -O0
FAIL: g77.f-torture/execute/20010426.f compilation, -O1
FAIL: g77.f-torture/execute/20010426.f compilation, -O2
FAIL: g77.f-torture/execute/20010426.f compilation, -O3 -fomit-frame-pointer
FAIL: g77.f-torture/execute/20010426.f compilation, -O3 -g
FAIL: g77.f-torture/execute/20010426.f compilation, -Os
FAIL: g77.f-torture/execute/20010430.f compilation, -O0
FAIL: g77.f-torture/execute/20010430.f compilation, -O1
FAIL: g77.f-torture/execute/20010430.f compilation, -O2
FAIL: g77.f-torture/execute/20010430.f compilation, -O3 -fomit-frame-pointer
FAIL: g77.f-torture/execute/20010430.f compilation, -O3 -fomit-frame-pointer -funroll-loops
FAIL: g77.f-torture/execute/20010430.f compilation, -O3 -fomit-frame-pointer -funroll-all-loops -finline-functions
FAIL: g77.f-torture/execute/20010430.f compilation, -O3 -g
FAIL: g77.f-torture/execute/20010430.f compilation, -Os
FAIL: g77.f-torture/execute/20010610.f compilation, -O0
FAIL: g77.f-torture/execute/20010610.f compilation, -O1
FAIL: g77.f-torture/execute/20010610.f compilation, -O2
FAIL: g77.f-torture/execute/20010610.f compilation, -O3 -fomit-frame-pointer
FAIL: g77.f-torture/execute/20010610.f compilation, -O3 -fomit-frame-pointer -funroll-loops
FAIL: g77.f-torture/execute/20010610.f compilation, -O3 -fomit-frame-pointer -funroll-all-loops -finline-functions
FAIL: g77.f-torture/execute/20010610.f compilation, -O3 -g
FAIL: g77.f-torture/execute/20010610.f compilation, -Os
FAIL: g77.f-torture/execute/5122.f compilation, -O0
FAIL: g77.f-torture/execute/5122.f compilation, -O1
FAIL: g77.f-torture/execute/5122.f compilation, -O2
FAIL: g77.f-torture/execute/5122.f compilation, -O3 -fomit-frame-pointer
FAIL: g77.f-torture/execute/5122.f compilation, -O3 -g
FAIL: g77.f-torture/execute/5122.f compilation, -Os
FAIL: g77.f-torture/execute/947.f compilation, -O0
FAIL: g77.f-torture/execute/947.f compilation, -O1
FAIL: g77.f-torture/execute/947.f compilation, -O2
FAIL: g77.f-torture/execute/947.f compilation, -O3 -fomit-frame-pointer
FAIL: g77.f-torture/execute/947.f compilation, -O3 -g
FAIL: g77.f-torture/execute/947.f compilation, -Os
FAIL: g77.f-torture/execute/970625-2.f compilation, -O0
FAIL: g77.f-torture/execute/970625-2.f compilation, -O1
FAIL: g77.f-torture/execute/970625-2.f compilation, -O2
FAIL: g77.f-torture/execute/970625-2.f compilation, -O3 -fomit-frame-pointer
FAIL: g77.f-torture/execute/970625-2.f compilation, -O3 -fomit-frame-pointer -funroll-loops
FAIL: g77.f-torture/execute/970625-2.f compilation, -O3 -fomit-frame-pointer -funroll-all-loops -finline-functions
FAIL: g77.f-torture/execute/970625-2.f compilation, -O3 -g
FAIL: g77.f-torture/execute/970625-2.f compilation, -Os
FAIL: g77.f-torture/execute/970816-3.f compilation, -O0
FAIL: g77.f-torture/execute/970816-3.f compilation, -O1
FAIL: g77.f-torture/execute/970816-3.f compilation, -O2
FAIL: g77.f-torture/execute/970816-3.f compilation, -O3 -fomit-frame-pointer
FAIL: g77.f-torture/execute/970816-3.f compilation, -O3 -g
FAIL: g77.f-torture/execute/970816-3.f compilation, -Os
FAIL: g77.f-torture/execute/971102-1.f compilation, -O0
FAIL: g77.f-torture/execute/971102-1.f compilation, -O1
FAIL: g77.f-torture/execute/971102-1.f compilation, -O2
FAIL: g77.f-torture/execute/971102-1.f compilation, -O3 -fomit-frame-pointer
FAIL: g77.f-torture/execute/971102-1.f compilation, -O3 -fomit-frame-pointer -funroll-loops
FAIL: g77.f-torture/execute/971102-1.f compilation, -O3 -fomit-frame-pointer -funroll-all-loops -finline-functions
FAIL: g77.f-torture/execute/971102-1.f compilation, -O3 -g
FAIL: g77.f-torture/execute/971102-1.f compilation, -Os
FAIL: g77.f-torture/execute/980520-1.f compilation, -O0
FAIL: g77.f-torture/execute/980520-1.f compilation, -O1
FAIL: g77.f-torture/execute/980520-1.f compilation, -O2
FAIL: g77.f-torture/execute/980520-1.f compilation, -O3 -fomit-frame-pointer
FAIL: g77.f-torture/execute/980520-1.f compilation, -O3 -g
FAIL: g77.f-torture/execute/980520-1.f compilation, -Os
FAIL: g77.f-torture/execute/980628-0.f compilation, -O0
FAIL: g77.f-torture/execute/980628-0.f compilation, -O1
FAIL: g77.f-torture/execute/980628-0.f compilation, -O2
FAIL: g77.f-torture/execute/980628-0.f compilation, -O3 -fomit-frame-pointer
FAIL: g77.f-torture/execute/980628-0.f compilation, -O3 -g
FAIL: g77.f-torture/execute/980628-0.f compilation, -Os
FAIL: g77.f-torture/execute/980628-1.f compilation, -O0
FAIL: g77.f-torture/execute/980628-1.f compilation, -O1
FAIL: g77.f-torture/execute/980628-1.f compilation, -O2
FAIL: g77.f-torture/execute/980628-1.f compilation, -O3 -fomit-frame-pointer
FAIL: g77.f-torture/execute/980628-1.f compilation, -O3 -g
FAIL: g77.f-torture/execute/980628-1.f compilation, -Os
FAIL: g77.f-torture/execute/980628-10.f compilation, -O0
FAIL: g77.f-torture/execute/980628-10.f compilation, -O1
FAIL: g77.f-torture/execute/980628-10.f compilation, -O2
FAIL: g77.f-torture/execute/980628-10.f compilation, -O3 -fomit-frame-pointer
FAIL: g77.f-torture/execute/980628-10.f compilation, -O3 -g
FAIL: g77.f-torture/execute/980628-10.f compilation, -Os
FAIL: g77.f-torture/execute/980628-2.f compilation, -O0
FAIL: g77.f-torture/execute/980628-2.f compilation, -O1
FAIL: g77.f-torture/execute/980628-2.f compilation, -O2
FAIL: g77.f-torture/execute/980628-2.f compilation, -O3 -fomit-frame-pointer
FAIL: g77.f-torture/execute/980628-2.f compilation, -O3 -g
FAIL: g77.f-torture/execute/980628-2.f compilation, -Os
FAIL: g77.f-torture/execute/980628-3.f compilation, -O0
FAIL: g77.f-torture/execute/980628-3.f compilation, -O1
FAIL: g77.f-torture/execute/980628-3.f compilation, -O2
FAIL: g77.f-torture/execute/980628-3.f compilation, -O3 -fomit-frame-pointer
FAIL: g77.f-torture/execute/980628-3.f compilation, -O3 -g
FAIL: g77.f-torture/execute/980628-3.f compilation, -Os
FAIL: g77.f-torture/execute/980628-4.f compilation, -O0
FAIL: g77.f-torture/execute/980628-4.f compilation, -O1
FAIL: g77.f-torture/execute/980628-4.f compilation, -O2
FAIL: g77.f-torture/execute/980628-4.f compilation, -O3 -fomit-frame-pointer
FAIL: g77.f-torture/execute/980628-4.f compilation, -O3 -g
FAIL: g77.f-torture/execute/980628-4.f compilation, -Os
FAIL: g77.f-torture/execute/980628-5.f compilation, -O0
FAIL: g77.f-torture/execute/980628-5.f compilation, -O1
FAIL: g77.f-torture/execute/980628-5.f compilation, -O2
FAIL: g77.f-torture/execute/980628-5.f compilation, -O3 -fomit-frame-pointer
FAIL: g77.f-torture/execute/980628-5.f compilation, -O3 -g
FAIL: g77.f-torture/execute/980628-5.f compilation, -Os
FAIL: g77.f-torture/execute/980628-6.f compilation, -O0
FAIL: g77.f-torture/execute/980628-6.f compilation, -O1
FAIL: g77.f-torture/execute/980628-6.f compilation, -O2
FAIL: g77.f-torture/execute/980628-6.f compilation, -O3 -fomit-frame-pointer
FAIL: g77.f-torture/execute/980628-6.f compilation, -O3 -g
FAIL: g77.f-torture/execute/980628-6.f compilation, -Os
FAIL: g77.f-torture/execute/980628-7.f compilation, -O0
FAIL: g77.f-torture/execute/980628-7.f compilation, -O1
FAIL: g77.f-torture/execute/980628-7.f compilation, -O2
FAIL: g77.f-torture/execute/980628-7.f compilation, -O3 -fomit-frame-pointer
FAIL: g77.f-torture/execute/980628-7.f compilation, -O3 -g
FAIL: g77.f-torture/execute/980628-7.f compilation, -Os
FAIL: g77.f-torture/execute/980628-8.f compilation, -O0
FAIL: g77.f-torture/execute/980628-8.f compilation, -O1
FAIL: g77.f-torture/execute/980628-8.f compilation, -O2
FAIL: g77.f-torture/execute/980628-8.f compilation, -O3 -fomit-frame-pointer
FAIL: g77.f-torture/execute/980628-8.f compilation, -O3 -g
FAIL: g77.f-torture/execute/980628-8.f compilation, -Os
FAIL: g77.f-torture/execute/980628-9.f compilation, -O0
FAIL: g77.f-torture/execute/980628-9.f compilation, -O1
FAIL: g77.f-torture/execute/980628-9.f compilation, -O2
FAIL: g77.f-torture/execute/980628-9.f compilation, -O3 -fomit-frame-pointer
FAIL: g77.f-torture/execute/980628-9.f compilation, -O3 -g
FAIL: g77.f-torture/execute/980628-9.f compilation, -Os
FAIL: g77.f-torture/execute/980701-0.f compilation, -O0
FAIL: g77.f-torture/execute/980701-0.f compilation, -O1
FAIL: g77.f-torture/execute/980701-0.f compilation, -O2
FAIL: g77.f-torture/execute/980701-0.f compilation, -O3 -fomit-frame-pointer
FAIL: g77.f-torture/execute/980701-0.f compilation, -O3 -g
FAIL: g77.f-torture/execute/980701-0.f compilation, -Os
FAIL: g77.f-torture/execute/980701-1.f compilation, -O0
FAIL: g77.f-torture/execute/980701-1.f compilation, -O1
FAIL: g77.f-torture/execute/980701-1.f compilation, -O2
FAIL: g77.f-torture/execute/980701-1.f compilation, -O3 -fomit-frame-pointer
FAIL: g77.f-torture/execute/980701-1.f compilation, -O3 -g
FAIL: g77.f-torture/execute/980701-1.f compilation, -Os
FAIL: g77.f-torture/execute/alpha2.f compilation, -O0
FAIL: g77.f-torture/execute/alpha2.f compilation, -O1
FAIL: g77.f-torture/execute/alpha2.f compilation, -O2
FAIL: g77.f-torture/execute/alpha2.f compilation, -O3 -fomit-frame-pointer
FAIL: g77.f-torture/execute/alpha2.f compilation, -O3 -g
FAIL: g77.f-torture/execute/alpha2.f compilation, -Os
FAIL: g77.f-torture/execute/auto0.f compilation, -O0
FAIL: g77.f-torture/execute/auto0.f compilation, -O1
FAIL: g77.f-torture/execute/auto0.f compilation, -O2
FAIL: g77.f-torture/execute/auto0.f compilation, -O3 -fomit-frame-pointer
FAIL: g77.f-torture/execute/auto0.f compilation, -O3 -fomit-frame-pointer -funroll-loops
FAIL: g77.f-torture/execute/auto0.f compilation, -O3 -fomit-frame-pointer -funroll-all-loops -finline-functions
FAIL: g77.f-torture/execute/auto0.f compilation, -O3 -g
FAIL: g77.f-torture/execute/auto0.f compilation, -Os
FAIL: g77.f-torture/execute/auto1.f compilation, -O0
FAIL: g77.f-torture/execute/auto1.f compilation, -O1
FAIL: g77.f-torture/execute/auto1.f compilation, -O2
FAIL: g77.f-torture/execute/auto1.f compilation, -O3 -fomit-frame-pointer
FAIL: g77.f-torture/execute/auto1.f compilation, -O3 -fomit-frame-pointer -funroll-loops
FAIL: g77.f-torture/execute/auto1.f compilation, -O3 -fomit-frame-pointer -funroll-all-loops -finline-functions
FAIL: g77.f-torture/execute/auto1.f compilation, -O3 -g
FAIL: g77.f-torture/execute/auto1.f compilation, -Os
FAIL: g77.f-torture/execute/cabs.f compilation, -O0
FAIL: g77.f-torture/execute/cabs.f compilation, -O1
FAIL: g77.f-torture/execute/cabs.f compilation, -O2
FAIL: g77.f-torture/execute/cabs.f compilation, -O3 -fomit-frame-pointer
FAIL: g77.f-torture/execute/cabs.f compilation, -O3 -g
FAIL: g77.f-torture/execute/cabs.f compilation, -Os
FAIL: g77.f-torture/execute/claus.f compilation, -O0
FAIL: g77.f-torture/execute/claus.f compilation, -O1
FAIL: g77.f-torture/execute/claus.f compilation, -O2
FAIL: g77.f-torture/execute/claus.f compilation, -O3 -fomit-frame-pointer
FAIL: g77.f-torture/execute/claus.f compilation, -O3 -fomit-frame-pointer -funroll-loops
FAIL: g77.f-torture/execute/claus.f compilation, -O3 -fomit-frame-pointer -funroll-all-loops -finline-functions
FAIL: g77.f-torture/execute/claus.f compilation, -O3 -g
FAIL: g77.f-torture/execute/claus.f compilation, -Os
FAIL: g77.f-torture/execute/complex_1.f compilation, -O0
FAIL: g77.f-torture/execute/complex_1.f compilation, -O1
FAIL: g77.f-torture/execute/complex_1.f compilation, -O2
FAIL: g77.f-torture/execute/complex_1.f compilation, -O3 -fomit-frame-pointer
FAIL: g77.f-torture/execute/complex_1.f compilation, -O3 -g
FAIL: g77.f-torture/execute/complex_1.f compilation, -Os
FAIL: g77.f-torture/execute/dcomplex.f compilation, -O0
FAIL: g77.f-torture/execute/dcomplex.f compilation, -O1
FAIL: g77.f-torture/execute/dcomplex.f compilation, -O2
FAIL: g77.f-torture/execute/dcomplex.f compilation, -O3 -fomit-frame-pointer
FAIL: g77.f-torture/execute/dcomplex.f compilation, -O3 -g
FAIL: g77.f-torture/execute/dcomplex.f compilation, -Os
FAIL: g77.f-torture/execute/dnrm2.f compilation, -O0
FAIL: g77.f-torture/execute/dnrm2.f compilation, -O1
FAIL: g77.f-torture/execute/dnrm2.f compilation, -O2
FAIL: g77.f-torture/execute/dnrm2.f compilation, -O3 -fomit-frame-pointer
FAIL: g77.f-torture/execute/dnrm2.f compilation, -O3 -fomit-frame-pointer -funroll-loops
FAIL: g77.f-torture/execute/dnrm2.f compilation, -O3 -fomit-frame-pointer -funroll-all-loops -finline-functions
FAIL: g77.f-torture/execute/dnrm2.f compilation, -O3 -g
FAIL: g77.f-torture/execute/dnrm2.f compilation, -Os
FAIL: g77.f-torture/execute/erfc.f compilation, -O0
FAIL: g77.f-torture/execute/erfc.f compilation, -O1
FAIL: g77.f-torture/execute/erfc.f compilation, -O2
FAIL: g77.f-torture/execute/erfc.f compilation, -O3 -fomit-frame-pointer
FAIL: g77.f-torture/execute/erfc.f compilation, -O3 -g
FAIL: g77.f-torture/execute/erfc.f compilation, -Os
FAIL: g77.f-torture/execute/exp.f compilation, -O0
FAIL: g77.f-torture/execute/exp.f compilation, -O1
FAIL: g77.f-torture/execute/exp.f compilation, -O2
FAIL: g77.f-torture/execute/exp.f compilation, -O3 -fomit-frame-pointer
FAIL: g77.f-torture/execute/exp.f compilation, -O3 -g
FAIL: g77.f-torture/execute/exp.f compilation, -Os
FAIL: g77.f-torture/execute/f90-intrinsic-bit.f compilation, -O0
FAIL: g77.f-torture/execute/f90-intrinsic-bit.f compilation, -O1
FAIL: g77.f-torture/execute/f90-intrinsic-bit.f compilation, -O2
FAIL: g77.f-torture/execute/f90-intrinsic-bit.f compilation, -O3 -fomit-frame-pointer
FAIL: g77.f-torture/execute/f90-intrinsic-bit.f compilation, -O3 -fomit-frame-pointer -funroll-loops
FAIL: g77.f-torture/execute/f90-intrinsic-bit.f compilation, -O3 -fomit-frame-pointer -funroll-all-loops -finline-functions
FAIL: g77.f-torture/execute/f90-intrinsic-bit.f compilation, -O3 -g
FAIL: g77.f-torture/execute/f90-intrinsic-bit.f compilation, -Os
FAIL: g77.f-torture/execute/f90-intrinsic-mathematical.f compilation, -O0
FAIL: g77.f-torture/execute/f90-intrinsic-mathematical.f compilation, -O1
FAIL: g77.f-torture/execute/f90-intrinsic-mathematical.f compilation, -O2
FAIL: g77.f-torture/execute/f90-intrinsic-mathematical.f compilation, -O3 -fomit-frame-pointer
FAIL: g77.f-torture/execute/f90-intrinsic-mathematical.f compilation, -O3 -g
FAIL: g77.f-torture/execute/f90-intrinsic-mathematical.f compilation, -Os
FAIL: g77.f-torture/execute/f90-intrinsic-numeric.f compilation, -O0
FAIL: g77.f-torture/execute/f90-intrinsic-numeric.f compilation, -O1
FAIL: g77.f-torture/execute/f90-intrinsic-numeric.f compilation, -O2
FAIL: g77.f-torture/execute/f90-intrinsic-numeric.f compilation, -O3 -fomit-frame-pointer
FAIL: g77.f-torture/execute/f90-intrinsic-numeric.f compilation, -O3 -g
FAIL: g77.f-torture/execute/f90-intrinsic-numeric.f compilation, -Os
FAIL: g77.f-torture/execute/intrinsic-f2c-z.f compilation, -O0
FAIL: g77.f-torture/execute/intrinsic-f2c-z.f compilation, -O1
FAIL: g77.f-torture/execute/intrinsic-f2c-z.f compilation, -O2
FAIL: g77.f-torture/execute/intrinsic-f2c-z.f compilation, -O3 -fomit-frame-pointer
FAIL: g77.f-torture/execute/intrinsic-f2c-z.f compilation, -O3 -g
FAIL: g77.f-torture/execute/intrinsic-f2c-z.f compilation, -Os
FAIL: g77.f-torture/execute/intrinsic-unix-bessel.f compilation, -O0
FAIL: g77.f-torture/execute/intrinsic-unix-bessel.f compilation, -O1
FAIL: g77.f-torture/execute/intrinsic-unix-bessel.f compilation, -O2
FAIL: g77.f-torture/execute/intrinsic-unix-bessel.f compilation, -O3 -fomit-frame-pointer
FAIL: g77.f-torture/execute/intrinsic-unix-bessel.f compilation, -O3 -g
FAIL: g77.f-torture/execute/intrinsic-unix-bessel.f compilation, -Os
FAIL: g77.f-torture/execute/intrinsic-unix-erf.f compilation, -O0
FAIL: g77.f-torture/execute/intrinsic-unix-erf.f compilation, -O1
FAIL: g77.f-torture/execute/intrinsic-unix-erf.f compilation, -O2
FAIL: g77.f-torture/execute/intrinsic-unix-erf.f compilation, -O3 -fomit-frame-pointer
FAIL: g77.f-torture/execute/intrinsic-unix-erf.f compilation, -O3 -g
FAIL: g77.f-torture/execute/intrinsic-unix-erf.f compilation, -Os
FAIL: g77.f-torture/execute/intrinsic-vax-cd.f compilation, -O0
FAIL: g77.f-torture/execute/intrinsic-vax-cd.f compilation, -O1
FAIL: g77.f-torture/execute/intrinsic-vax-cd.f compilation, -O2
FAIL: g77.f-torture/execute/intrinsic-vax-cd.f compilation, -O3 -fomit-frame-pointer
FAIL: g77.f-torture/execute/intrinsic-vax-cd.f compilation, -O3 -g
FAIL: g77.f-torture/execute/intrinsic-vax-cd.f compilation, -Os
FAIL: g77.f-torture/execute/intrinsic77.f compilation, -O0
FAIL: g77.f-torture/execute/intrinsic77.f compilation, -O1
FAIL: g77.f-torture/execute/intrinsic77.f compilation, -O2
FAIL: g77.f-torture/execute/intrinsic77.f compilation, -O3 -fomit-frame-pointer
FAIL: g77.f-torture/execute/intrinsic77.f compilation, -O3 -g
FAIL: g77.f-torture/execute/intrinsic77.f compilation, -Os
FAIL: g77.f-torture/execute/io0.f compilation, -O0
FAIL: g77.f-torture/execute/io0.f compilation, -O1
FAIL: g77.f-torture/execute/io0.f compilation, -O2
FAIL: g77.f-torture/execute/io0.f compilation, -O3 -fomit-frame-pointer
FAIL: g77.f-torture/execute/io0.f compilation, -O3 -g
FAIL: g77.f-torture/execute/io0.f compilation, -Os
FAIL: g77.f-torture/execute/io1.f compilation, -O0
FAIL: g77.f-torture/execute/io1.f compilation, -O1
FAIL: g77.f-torture/execute/io1.f compilation, -O2
FAIL: g77.f-torture/execute/io1.f compilation, -O3 -fomit-frame-pointer
FAIL: g77.f-torture/execute/io1.f compilation, -O3 -g
FAIL: g77.f-torture/execute/io1.f compilation, -Os
FAIL: g77.f-torture/execute/labug1.f compilation, -O0
FAIL: g77.f-torture/execute/labug1.f compilation, -O1
FAIL: g77.f-torture/execute/labug1.f compilation, -O2
FAIL: g77.f-torture/execute/labug1.f compilation, -O3 -fomit-frame-pointer
FAIL: g77.f-torture/execute/labug1.f compilation, -O3 -fomit-frame-pointer -funroll-loops
FAIL: g77.f-torture/execute/labug1.f compilation, -O3 -fomit-frame-pointer -funroll-all-loops -finline-functions
FAIL: g77.f-torture/execute/labug1.f compilation, -O3 -g
FAIL: g77.f-torture/execute/labug1.f compilation, -Os
FAIL: g77.f-torture/execute/large_vec.f compilation, -O0
FAIL: g77.f-torture/execute/large_vec.f compilation, -O1
FAIL: g77.f-torture/execute/large_vec.f compilation, -O2
FAIL: g77.f-torture/execute/large_vec.f compilation, -O3 -fomit-frame-pointer
FAIL: g77.f-torture/execute/large_vec.f compilation, -O3 -g
FAIL: g77.f-torture/execute/large_vec.f compilation, -Os
FAIL: g77.f-torture/execute/le.f compilation, -O0
FAIL: g77.f-torture/execute/le.f compilation, -O1
FAIL: g77.f-torture/execute/le.f compilation, -O2
FAIL: g77.f-torture/execute/le.f compilation, -O3 -fomit-frame-pointer
FAIL: g77.f-torture/execute/le.f compilation, -O3 -g
FAIL: g77.f-torture/execute/le.f compilation, -Os
FAIL: g77.f-torture/execute/short.f compilation, -O0
FAIL: g77.f-torture/execute/short.f compilation, -O1
FAIL: g77.f-torture/execute/short.f compilation, -O2
FAIL: g77.f-torture/execute/short.f compilation, -O3 -fomit-frame-pointer
FAIL: g77.f-torture/execute/short.f compilation, -O3 -fomit-frame-pointer -funroll-loops
FAIL: g77.f-torture/execute/short.f compilation, -O3 -fomit-frame-pointer -funroll-all-loops -finline-functions
FAIL: g77.f-torture/execute/short.f compilation, -O3 -g
FAIL: g77.f-torture/execute/short.f compilation, -Os
FAIL: g77.f-torture/execute/u77-test.f compilation, -O0
FAIL: g77.f-torture/execute/u77-test.f compilation, -O1
FAIL: g77.f-torture/execute/u77-test.f compilation, -O2
FAIL: g77.f-torture/execute/u77-test.f compilation, -O3 -fomit-frame-pointer
FAIL: g77.f-torture/execute/u77-test.f compilation, -O3 -fomit-frame-pointer -funroll-loops
FAIL: g77.f-torture/execute/u77-test.f compilation, -O3 -fomit-frame-pointer -funroll-all-loops -finline-functions
FAIL: g77.f-torture/execute/u77-test.f compilation, -O3 -g
FAIL: g77.f-torture/execute/u77-test.f compilation, -Os
FAIL: g77.f-torture/execute/cpp.F compilation, -O0
FAIL: g77.f-torture/execute/cpp.F compilation, -O1
FAIL: g77.f-torture/execute/cpp.F compilation, -O2
FAIL: g77.f-torture/execute/cpp.F compilation, -O3 -fomit-frame-pointer
FAIL: g77.f-torture/execute/cpp.F compilation, -O3 -g
FAIL: g77.f-torture/execute/cpp.F compilation, -Os
FAIL: g77.f-torture/execute/cpp2.F compilation, -O0
FAIL: g77.f-torture/execute/cpp2.F compilation, -O1
FAIL: g77.f-torture/execute/cpp2.F compilation, -O2
FAIL: g77.f-torture/execute/cpp2.F compilation, -O3 -fomit-frame-pointer
FAIL: g77.f-torture/execute/cpp2.F compilation, -O3 -g
FAIL: g77.f-torture/execute/cpp2.F compilation, -Os
=== g77 Summary ===
# of expected passes 403
# of unexpected failures 577
# of unresolved testcases 21
# of untested testcases 410
# of unsupported tests 9
/mmix/sh-elf/build/gcc/testsuite/../g77 version 3.2 20020405 (experimental)
Host is i686-pc-linux-gnu
=== gcc tests ===
Running target sh-hms-sim
FAIL: gcc.c-torture/execute/20020307-2.c execution, -O0
FAIL: gcc.c-torture/execute/20020307-2.c execution, -O1
FAIL: gcc.c-torture/execute/20020307-2.c execution, -O2
FAIL: gcc.c-torture/execute/20020307-2.c execution, -O3 -fomit-frame-pointer
FAIL: gcc.c-torture/execute/20020307-2.c execution, -O3 -fomit-frame-pointer -funroll-loops
FAIL: gcc.c-torture/execute/20020307-2.c execution, -O3 -fomit-frame-pointer -funroll-all-loops -finline-functions
FAIL: gcc.c-torture/execute/20020307-2.c execution, -O3 -g
FAIL: gcc.c-torture/execute/20020307-2.c execution, -Os
FAIL: gcc.c-torture/execute/20020404-1.c execution, -O2
FAIL: gcc.c-torture/execute/20020404-1.c execution, -Os
FAIL: gcc.c-torture/execute/eeprof-1.c execution, -O0
FAIL: gcc.c-torture/execute/string-opt-5.c execution, -O1
FAIL: gcc.c-torture/execute/string-opt-5.c execution, -O2
FAIL: gcc.c-torture/execute/string-opt-5.c execution, -O3 -fomit-frame-pointer
FAIL: gcc.c-torture/execute/string-opt-5.c execution, -O3 -g
FAIL: gcc.c-torture/execute/string-opt-5.c execution, -Os
FAIL: gcc.c-torture/execute/string-opt-6.c execution, -Os
FAIL: gcc.dg/cpp/charconst.c (test for excess errors)
FAIL: gcc.dg/20020312-2.c (test for excess errors)
WARNING: gcc.dg/20020312-2.c compilation failed to produce executable
FAIL: gcc.dg/asm-names.c (test for excess errors)
FAIL: gcc.dg/m-un-1.c uninitialized warning regression (test for bogus messages, line 28)
FAIL: gcc.dg/wchar_t-1.c (test for excess errors)
FAIL: gcc.dg/wint_t-1.c (test for excess errors)
FAIL: gcc.misc-tests/bprob-1.c compilation, -g -fprofile-arcs
UNRESOLVED: gcc.misc-tests/bprob-1.c execution, -g -fprofile-arcs
UNRESOLVED: gcc.misc-tests/bprob-1.c compilation, -g -fbranch-probabilities
UNRESOLVED: gcc.misc-tests/bprob-1.c execution, -g -fbranch-probabilities
FAIL: gcc.misc-tests/bprob-1.c compilation, -O0 -fprofile-arcs
UNRESOLVED: gcc.misc-tests/bprob-1.c execution, -O0 -fprofile-arcs
UNRESOLVED: gcc.misc-tests/bprob-1.c compilation, -O0 -fbranch-probabilities
UNRESOLVED: gcc.misc-tests/bprob-1.c execution, -O0 -fbranch-probabilities
FAIL: gcc.misc-tests/bprob-1.c compilation, -O1 -fprofile-arcs
UNRESOLVED: gcc.misc-tests/bprob-1.c execution, -O1 -fprofile-arcs
UNRESOLVED: gcc.misc-tests/bprob-1.c compilation, -O1 -fbranch-probabilities
UNRESOLVED: gcc.misc-tests/bprob-1.c execution, -O1 -fbranch-probabilities
FAIL: gcc.misc-tests/bprob-1.c compilation, -O2 -DPERFTIME -fprofile-arcs
UNRESOLVED: gcc.misc-tests/bprob-1.c execution, -O2 -DPERFTIME -fprofile-arcs
UNRESOLVED: gcc.misc-tests/bprob-1.c compilation, -O2 -DPERFTIME -fbranch-probabilities
UNRESOLVED: gcc.misc-tests/bprob-1.c execution, -O2 -DPERFTIME -fbranch-probabilities
FAIL: gcc.misc-tests/bprob-1.c compilation, -O3 -DPERFTIME -fprofile-arcs
UNRESOLVED: gcc.misc-tests/bprob-1.c execution, -O3 -DPERFTIME -fprofile-arcs
UNRESOLVED: gcc.misc-tests/bprob-1.c compilation, -O3 -DPERFTIME -fbranch-probabilities
UNRESOLVED: gcc.misc-tests/bprob-1.c execution, -O3 -DPERFTIME -fbranch-probabilities
FAIL: gcc.misc-tests/bprob-1.c compilation, -O3 -g -DPERFTIME -fprofile-arcs
UNRESOLVED: gcc.misc-tests/bprob-1.c execution, -O3 -g -DPERFTIME -fprofile-arcs
UNRESOLVED: gcc.misc-tests/bprob-1.c compilation, -O3 -g -DPERFTIME -fbranch-probabilities
UNRESOLVED: gcc.misc-tests/bprob-1.c execution, -O3 -g -DPERFTIME -fbranch-probabilities
FAIL: gcc.misc-tests/bprob-1.c compilation, -Os -fprofile-arcs
UNRESOLVED: gcc.misc-tests/bprob-1.c execution, -Os -fprofile-arcs
UNRESOLVED: gcc.misc-tests/bprob-1.c compilation, -Os -fbranch-probabilities
UNRESOLVED: gcc.misc-tests/bprob-1.c execution, -Os -fbranch-probabilities
FAIL: gcc.misc-tests/bprob-2.c compilation, -g -fprofile-arcs
UNRESOLVED: gcc.misc-tests/bprob-2.c execution, -g -fprofile-arcs
UNRESOLVED: gcc.misc-tests/bprob-2.c compilation, -g -fbranch-probabilities
UNRESOLVED: gcc.misc-tests/bprob-2.c execution, -g -fbranch-probabilities
FAIL: gcc.misc-tests/bprob-2.c compilation, -O0 -fprofile-arcs
UNRESOLVED: gcc.misc-tests/bprob-2.c execution, -O0 -fprofile-arcs
UNRESOLVED: gcc.misc-tests/bprob-2.c compilation, -O0 -fbranch-probabilities
UNRESOLVED: gcc.misc-tests/bprob-2.c execution, -O0 -fbranch-probabilities
FAIL: gcc.misc-tests/bprob-2.c compilation, -O1 -fprofile-arcs
UNRESOLVED: gcc.misc-tests/bprob-2.c execution, -O1 -fprofile-arcs
UNRESOLVED: gcc.misc-tests/bprob-2.c compilation, -O1 -fbranch-probabilities
UNRESOLVED: gcc.misc-tests/bprob-2.c execution, -O1 -fbranch-probabilities
FAIL: gcc.misc-tests/bprob-2.c compilation, -O2 -DPERFTIME -fprofile-arcs
UNRESOLVED: gcc.misc-tests/bprob-2.c execution, -O2 -DPERFTIME -fprofile-arcs
UNRESOLVED: gcc.misc-tests/bprob-2.c compilation, -O2 -DPERFTIME -fbranch-probabilities
UNRESOLVED: gcc.misc-tests/bprob-2.c execution, -O2 -DPERFTIME -fbranch-probabilities
FAIL: gcc.misc-tests/bprob-2.c compilation, -O3 -DPERFTIME -fprofile-arcs
UNRESOLVED: gcc.misc-tests/bprob-2.c execution, -O3 -DPERFTIME -fprofile-arcs
UNRESOLVED: gcc.misc-tests/bprob-2.c compilation, -O3 -DPERFTIME -fbranch-probabilities
UNRESOLVED: gcc.misc-tests/bprob-2.c execution, -O3 -DPERFTIME -fbranch-probabilities
FAIL: gcc.misc-tests/bprob-2.c compilation, -O3 -g -DPERFTIME -fprofile-arcs
UNRESOLVED: gcc.misc-tests/bprob-2.c execution, -O3 -g -DPERFTIME -fprofile-arcs
UNRESOLVED: gcc.misc-tests/bprob-2.c compilation, -O3 -g -DPERFTIME -fbranch-probabilities
UNRESOLVED: gcc.misc-tests/bprob-2.c execution, -O3 -g -DPERFTIME -fbranch-probabilities
FAIL: gcc.misc-tests/bprob-2.c compilation, -Os -fprofile-arcs
UNRESOLVED: gcc.misc-tests/bprob-2.c execution, -Os -fprofile-arcs
UNRESOLVED: gcc.misc-tests/bprob-2.c compilation, -Os -fbranch-probabilities
UNRESOLVED: gcc.misc-tests/bprob-2.c execution, -Os -fbranch-probabilities
=== gcc Summary ===
# of expected passes 18086
# of unexpected failures 37
# of expected failures 62
# of unresolved testcases 42
# of unsupported tests 127
/mmix/sh-elf/build/gcc/xgcc version 3.2 20020405 (experimental)
Host is i686-pc-linux-gnu
=== objc tests ===
Running target sh-hms-sim
=== objc Summary ===
# of expected passes 1036
# of expected failures 6
/mmix/sh-elf/build/gcc/xgcc version 3.2 20020405 (experimental)
Compiler version: 3.2 20020405 (experimental)
Platform: sh-unknown-elf
configure flags: --host=i686-pc-linux-gnu --target=sh-elf --prefix=/mmix/sh-elf/install --disable-nls
More information about the Gcc-testresults
mailing list