Results for 3.1 20020401 (prerelease) testsuite on alpha-unknown-freebsd5.0
Loren James Rittle
ljrittle@FreeBSD.org
Tue Apr 2 05:11:00 GMT 2002
LAST_UPDATED: Tue Apr 2 07:52:01 GMT 2002
Native configuration is alpha-unknown-freebsd5.0
=== libstdc++-v3 tests ===
Running target unix
XPASS: 22_locale/collate_members_wchar_t.cc execution test
XPASS: 22_locale/money_get_members_wchar_t.cc execution test
XPASS: 22_locale/money_put_members_wchar_t.cc execution test
XPASS: 22_locale/moneypunct_members_wchar_t.cc execution test
XPASS: 22_locale/num_get_members_wchar_t.cc execution test
XPASS: 22_locale/num_put_members_wchar_t.cc execution test
XPASS: 22_locale/numpunct_members_wchar_t.cc execution test
XPASS: 22_locale/time_get_members_wchar_t.cc execution test
XPASS: 22_locale/time_put_members_wchar_t.cc execution test
=== libstdc++-v3 Summary ===
# of expected passes 371
# of unexpected successes 9
# of expected failures 16
=== g++ tests ===
Running target unix
FAIL: g++.law/profile1.C (test for excess errors)
FAIL: g++.law/profile1.C Execution test
=== g++ Summary ===
# of expected passes 7122
# of unexpected failures 2
# of expected failures 86
# of untested testcases 22
# of unsupported tests 3
/j/ljrittle/gcc-build-beast-0401/gcc/testsuite/../g++ version 3.1 20020401 (prerelease)
=== g77 tests ===
Running target unix
=== g77 Summary ===
# of expected passes 1452
# of unsupported tests 8
/j/ljrittle/gcc-build-beast-0401/gcc/testsuite/../g77 version 3.1 20020401 (prerelease)
=== gcc tests ===
Running target unix
WARNING: program timed out.
FAIL: gcc.c-torture/compile/20001226-1.c, -O2
WARNING: program timed out.
FAIL: gcc.c-torture/compile/20001226-1.c, -O3 -fomit-frame-pointer
WARNING: program timed out.
FAIL: gcc.c-torture/compile/20001226-1.c, -O3 -g
WARNING: program timed out.
FAIL: gcc.c-torture/compile/20001226-1.c, -Os
FAIL: gcc.c-torture/execute/20020227-1.c execution, -O0
FAIL: gcc.c-torture/execute/20020227-1.c execution, -O1
FAIL: gcc.c-torture/execute/20020227-1.c execution, -O2
FAIL: gcc.c-torture/execute/20020227-1.c execution, -O3 -fomit-frame-pointer
FAIL: gcc.c-torture/execute/20020227-1.c execution, -O3 -g
FAIL: gcc.c-torture/execute/20020227-1.c execution, -Os
FAIL: gcc.c-torture/execute/ieee/fp-cmp-2.c execution, -O0
FAIL: gcc.c-torture/execute/ieee/fp-cmp-2.c execution, -O2
FAIL: gcc.c-torture/execute/ieee/fp-cmp-2.c execution, -O3 -fomit-frame-pointer
FAIL: gcc.c-torture/execute/ieee/fp-cmp-2.c execution, -O3 -fomit-frame-pointer -funroll-loops
FAIL: gcc.c-torture/execute/ieee/fp-cmp-2.c execution, -O3 -fomit-frame-pointer -funroll-all-loops -finline-functions
FAIL: gcc.c-torture/execute/ieee/fp-cmp-2.c execution, -O3 -g
FAIL: gcc.c-torture/execute/ieee/fp-cmp-2.c execution, -Os
XPASS: gcc.dg/c99-intconst-1.c (test for excess errors)
FAIL: gcc.dg/format/c99-scanf-3.c vfscanf (test for warnings, line 21)
FAIL: gcc.dg/format/c99-scanf-3.c vfscanf (test for warnings, line 21)
FAIL: gcc.dg/format/ext-6.c vfscanf (test for warnings, line 42)
FAIL: gcc.dg/format/ext-6.c vfscanf (test for warnings, line 42)
=== gcc Summary ===
# of expected passes 17977
# of unexpected failures 21
# of unexpected successes 1
# of expected failures 65
# of unsupported tests 110
/j/ljrittle/gcc-build-beast-0401/gcc/xgcc version 3.1 20020401 (prerelease)
=== objc tests ===
Running target unix
=== objc Summary ===
# of expected passes 1036
# of expected failures 6
/j/ljrittle/gcc-build-beast-0401/gcc/xgcc version 3.1 20020401 (prerelease)
Compiler version: 3.1 20020401 (prerelease)
Platform: alpha-unknown-freebsd5.0
configure flags: --host=alpha-unknown-freebsd5.0 --prefix=/home/ljrittle/tmp-beast/install-beast --with-gnu-as --with-as=/usr/bin/as --with-gnu-ld --with-ld=/usr/bin/ld
BOOT_CFLAGS=-g -O2
Using make with objdir configuration
Key: gmake is GNU make
make is BSD make as shipped on alpha-unknown-freebsd5.0
srcdir means in-source configuration was done within the gcc source tree
objdir means out-source configuration was done within a fresh directory
ref4 (3.1) and ref5 (mainline) attempt to build gcc twice daily;
once for srcdir configuration and once for objdir configuration;
odd number days use GNU make; even days use BSD make; missing
reports infer breakage; libjava is only built when gmake is used.
beast (3.1) builds gcc once daily using gmake with objdir conf.
More information about the Gcc-testresults
mailing list