Results for 3.2 20020331 (experimental) testsuite on i686-pc-linux-gnu
Neil Booth
neil@daikokuya.demon.co.uk
Mon Apr 1 00:29:00 GMT 2002
LAST_UPDATED:
Native configuration is i686-pc-linux-gnu
=== g++ tests ===
Running target unix
XPASS: g++.dg/inherit/namespace-as-base.C (test for errors, line 8)
FAIL: g++.dg/inherit/template-as-base.C (test for excess errors)
=== g++ Summary ===
# of expected passes 7195
# of unexpected failures 1
# of unexpected successes 1
# of expected failures 85
# of untested testcases 9
# of unsupported tests 3
/home/neil/src/gcc/build/gcc/testsuite/../g++ version 3.2 20020331 (experimental)
=== g77 tests ===
Running target unix
=== g77 Summary ===
# of expected passes 1614
/home/neil/src/gcc/build/gcc/testsuite/../g77 version 3.2 20020331 (experimental)
=== gcc tests ===
Running target unix
FAIL: gcc.c-torture/execute/20020307-2.c execution, -O1
FAIL: gcc.c-torture/execute/20020307-2.c execution, -O2
FAIL: gcc.c-torture/execute/20020307-2.c execution, -O3 -fomit-frame-pointer
FAIL: gcc.c-torture/execute/20020307-2.c execution, -O3 -fomit-frame-pointer -funroll-loops
FAIL: gcc.c-torture/execute/20020307-2.c execution, -O3 -fomit-frame-pointer -funroll-all-loops -finline-functions
FAIL: gcc.c-torture/execute/20020307-2.c execution, -O3 -g
=== gcc Summary ===
# of expected passes 18299
# of unexpected failures 6
# of expected failures 66
# of unsupported tests 45
/home/neil/src/gcc/build/gcc/xgcc version 3.2 20020331 (experimental)
=== objc tests ===
Running target unix
=== objc Summary ===
# of expected passes 1036
# of expected failures 6
/home/neil/src/gcc/build/gcc/xgcc version 3.2 20020331 (experimental)
=== libjava tests ===
Running target unix
=== libjava Summary ===
# of expected passes 2061
# of expected failures 18
# of untested testcases 14
=== libstdc++-v3 tests ===
Running target unix
FAIL: 26_numerics/c99_classification_macros_c.cc (test for excess errors)
FAIL: 26_numerics/complex_value.cc (test for excess errors)
WARNING: 26_numerics/complex_value.cc compilation failed to produce executable
FAIL: 26_numerics/valarray.cc (test for excess errors)
WARNING: 26_numerics/valarray.cc compilation failed to produce executable
FAIL: 27_io/ostream_inserter_arith.cc (test for excess errors)
WARNING: 27_io/ostream_inserter_arith.cc compilation failed to produce executable
WARNING: program timed out.
FAIL: thread/pthread4.cc execution test
=== libstdc++-v3 Summary ===
# of expected passes 363
# of unexpected failures 5
# of expected failures 25
Compiler version: 3.2 20020331 (experimental)
Platform: i686-pc-linux-gnu
configure flags: --host=i686-pc-linux-gnu --enable-shared --enable-threads=posix
More information about the Gcc-testresults
mailing list