Results for 3.1 20010928 (experimental) testsuite on sparc-sun-solaris2.7
Kaveh R. Ghazi
ghazi@caip.rutgers.edu
Sat Sep 29 21:38:00 GMT 2001
LAST_UPDATED:
Native configuration is sparc-sun-solaris2.7
=== g++ tests ===
Running target unix/-fPIC
FAIL: g++.dg/ext/instantiate1.C suppressing f<int> (test for errors, line )
FAIL: g++.dg/ext/instantiate1.C suppressing A<int> (test for errors, line )
FAIL: g++.dg/ext/instantiate1.C (test for excess errors)
FAIL: g++.dg/special/conpr-2.C execution test
FAIL: g++.dg/special/conpr-3.C execution test
FAIL: g++.dg/special/initp1.C execution test
FAIL: g++.ext/instantiate2.C not instantiated (test for errors, line 19)
FAIL: g++.ext/instantiate3.C not instantiated (test for errors, line 13)
FAIL: g++.law/profile1.C (test for excess errors)
FAIL: g++.law/profile1.C Execution test
FAIL: g++.other/crash18.C (test for excess errors)
FAIL: g++.other/enum5.C (test for excess errors)
XPASS: g++.pt/decl2.C ICE - (test for errors, line 8)
XPASS: g++.robertl/eb17.C Execution test
FAIL: g++.robertl/eb83.C (test for excess errors)
FAIL: g++.robertl/eb83.C Execution test
=== g++ Summary for unix/-fPIC ===
# of expected passes 6576
# of unexpected failures 14
# of unexpected successes 2
# of expected failures 95
# of untested testcases 19
Running target unix/-fpic
FAIL: g++.dg/ext/instantiate1.C suppressing f<int> (test for errors, line )
FAIL: g++.dg/ext/instantiate1.C suppressing A<int> (test for errors, line )
FAIL: g++.dg/ext/instantiate1.C (test for excess errors)
FAIL: g++.dg/special/conpr-2.C execution test
FAIL: g++.dg/special/conpr-3.C execution test
FAIL: g++.dg/special/initp1.C execution test
FAIL: g++.ext/instantiate2.C not instantiated (test for errors, line 19)
FAIL: g++.ext/instantiate3.C not instantiated (test for errors, line 13)
FAIL: g++.law/profile1.C (test for excess errors)
FAIL: g++.law/profile1.C Execution test
FAIL: g++.other/crash18.C (test for excess errors)
FAIL: g++.other/enum5.C (test for excess errors)
XPASS: g++.pt/decl2.C ICE - (test for errors, line 8)
XPASS: g++.robertl/eb17.C Execution test
FAIL: g++.robertl/eb83.C (test for excess errors)
FAIL: g++.robertl/eb83.C Execution test
=== g++ Summary for unix/-fpic ===
# of expected passes 6576
# of unexpected failures 14
# of unexpected successes 2
# of expected failures 95
# of untested testcases 19
Running target unix
FAIL: g++.dg/ext/instantiate1.C suppressing f<int> (test for errors, line )
FAIL: g++.dg/ext/instantiate1.C suppressing A<int> (test for errors, line )
FAIL: g++.dg/ext/instantiate1.C (test for excess errors)
FAIL: g++.dg/special/conpr-2.C execution test
FAIL: g++.dg/special/conpr-3.C execution test
FAIL: g++.dg/special/initp1.C execution test
FAIL: g++.ext/instantiate2.C not instantiated (test for errors, line 19)
FAIL: g++.ext/instantiate3.C not instantiated (test for errors, line 13)
FAIL: g++.other/crash18.C (test for excess errors)
FAIL: g++.other/enum5.C (test for excess errors)
XPASS: g++.pt/decl2.C ICE - (test for errors, line 8)
XPASS: g++.robertl/eb17.C Execution test
=== g++ Summary for unix ===
# of expected passes 6580
# of unexpected failures 10
# of unexpected successes 2
# of expected failures 95
# of untested testcases 19
=== g++ Summary ===
# of expected passes 19732
# of unexpected failures 38
# of unexpected successes 6
# of expected failures 285
# of untested testcases 57
/teal/caip5/ghazi/gcc-testing/build/gcc/testsuite/../g++ version 3.1 20010928 (experimental)
=== g77 tests ===
Running target unix/-fPIC
FAIL: g77.dg/bprob/bprob-1.f compilation, -g -fprofile-arcs
FAIL: g77.dg/bprob/bprob-1.f compilation, -O0 -fprofile-arcs
FAIL: g77.dg/bprob/bprob-1.f compilation, -O1 -fprofile-arcs
FAIL: g77.dg/bprob/bprob-1.f compilation, -O2 -fprofile-arcs
FAIL: g77.dg/bprob/bprob-1.f compilation, -O3 -fprofile-arcs
FAIL: g77.dg/bprob/bprob-1.f compilation, -O3 -g -fprofile-arcs
FAIL: g77.dg/bprob/bprob-1.f compilation, -Os -fprofile-arcs
FAIL: g77.dg/gcov/gcov-1.f (test for excess errors)
FAIL: g77.dg/gcov/gcov-1.f execution test
FAIL: g77.dg/gcov/gcov-1.f gcov: 118 failures in line counts, 32 in branch percentages, 24 in return percentages
FAIL: g77.f-torture/execute/20010430.f execution, -O2
FAIL: g77.f-torture/execute/20010430.f execution, -O3 -fomit-frame-pointer
FAIL: g77.f-torture/execute/20010430.f execution, -O3 -fomit-frame-pointer -funroll-loops
FAIL: g77.f-torture/execute/20010430.f execution, -O3 -fomit-frame-pointer -funroll-all-loops -finline-functions
FAIL: g77.f-torture/execute/20010430.f execution, -O3 -g
=== g77 Summary for unix/-fPIC ===
# of expected passes 1286
# of unexpected failures 15
# of expected failures 14
# of unresolved testcases 21
# of untested testcases 8
# of unsupported tests 8
Running target unix/-fpic
FAIL: g77.dg/bprob/bprob-1.f compilation, -g -fprofile-arcs
FAIL: g77.dg/bprob/bprob-1.f compilation, -O0 -fprofile-arcs
FAIL: g77.dg/bprob/bprob-1.f compilation, -O1 -fprofile-arcs
FAIL: g77.dg/bprob/bprob-1.f compilation, -O2 -fprofile-arcs
FAIL: g77.dg/bprob/bprob-1.f compilation, -O3 -fprofile-arcs
FAIL: g77.dg/bprob/bprob-1.f compilation, -O3 -g -fprofile-arcs
FAIL: g77.dg/bprob/bprob-1.f compilation, -Os -fprofile-arcs
FAIL: g77.dg/gcov/gcov-1.f (test for excess errors)
FAIL: g77.dg/gcov/gcov-1.f execution test
FAIL: g77.dg/gcov/gcov-1.f gcov: 118 failures in line counts, 32 in branch percentages, 24 in return percentages
FAIL: g77.f-torture/execute/20010430.f execution, -O2
FAIL: g77.f-torture/execute/20010430.f execution, -O3 -fomit-frame-pointer
FAIL: g77.f-torture/execute/20010430.f execution, -O3 -fomit-frame-pointer -funroll-loops
FAIL: g77.f-torture/execute/20010430.f execution, -O3 -fomit-frame-pointer -funroll-all-loops -finline-functions
FAIL: g77.f-torture/execute/20010430.f execution, -O3 -g
=== g77 Summary for unix/-fpic ===
# of expected passes 1286
# of unexpected failures 15
# of expected failures 14
# of unresolved testcases 21
# of untested testcases 8
# of unsupported tests 8
Running target unix
FAIL: g77.dg/bprob/bprob-1.f execution, -O2 -fbranch-probabilities
FAIL: g77.dg/bprob/bprob-1.f compilation, -O3 -fbranch-probabilities
FAIL: g77.dg/bprob/bprob-1.f compilation, -O3 -g -fbranch-probabilities
FAIL: g77.dg/bprob/bprob-1.f execution, -Os -fbranch-probabilities
FAIL: g77.f-torture/execute/20010430.f execution, -O2
FAIL: g77.f-torture/execute/20010430.f execution, -O3 -fomit-frame-pointer
FAIL: g77.f-torture/execute/20010430.f execution, -O3 -fomit-frame-pointer -funroll-loops
FAIL: g77.f-torture/execute/20010430.f execution, -O3 -fomit-frame-pointer -funroll-all-loops -finline-functions
FAIL: g77.f-torture/execute/20010430.f execution, -O3 -g
=== g77 Summary for unix ===
# of expected passes 1311
# of unexpected failures 9
# of expected failures 14
# of unresolved testcases 2
# of untested testcases 8
# of unsupported tests 8
=== g77 Summary ===
# of expected passes 3883
# of unexpected failures 39
# of expected failures 42
# of unresolved testcases 44
# of untested testcases 24
# of unsupported tests 24
=== gcc tests ===
Running target unix/-fPIC
FAIL: gcc.dg/cpp/charconst.c (test for excess errors)
FAIL: gcc.dg/cpp/ucs.c bad U1234abcd evaluation (test for bogus messages, line 14)
FAIL: gcc.dg/cpp/ucs.c (test for warnings, line 24)
FAIL: gcc.dg/cpp/ucs.c (test for excess errors)
FAIL: gcc.dg/20001013-1.c (test for excess errors)
FAIL: gcc.dg/c99-float-1.c (test for excess errors)
FAIL: gcc.dg/noncompile/930622-1.c (test for excess errors)
FAIL: gcc.misc-tests/bprob-1.c compilation, -g -fprofile-arcs
FAIL: gcc.misc-tests/bprob-1.c compilation, -O0 -fprofile-arcs
FAIL: gcc.misc-tests/bprob-1.c compilation, -O1 -fprofile-arcs
FAIL: gcc.misc-tests/bprob-1.c compilation, -O2 -DPERFTIME -fprofile-arcs
FAIL: gcc.misc-tests/bprob-1.c compilation, -O3 -DPERFTIME -fprofile-arcs
FAIL: gcc.misc-tests/bprob-1.c compilation, -O3 -g -DPERFTIME -fprofile-arcs
FAIL: gcc.misc-tests/bprob-1.c compilation, -Os -fprofile-arcs
FAIL: gcc.misc-tests/bprob-2.c compilation, -g -fprofile-arcs
FAIL: gcc.misc-tests/bprob-2.c compilation, -O0 -fprofile-arcs
FAIL: gcc.misc-tests/bprob-2.c compilation, -O1 -fprofile-arcs
FAIL: gcc.misc-tests/bprob-2.c compilation, -O2 -DPERFTIME -fprofile-arcs
FAIL: gcc.misc-tests/bprob-2.c compilation, -O3 -DPERFTIME -fprofile-arcs
FAIL: gcc.misc-tests/bprob-2.c compilation, -O3 -g -DPERFTIME -fprofile-arcs
FAIL: gcc.misc-tests/bprob-2.c compilation, -Os -fprofile-arcs
FAIL: gcc.misc-tests/gcov-1.c (test for excess errors)
FAIL: gcc.misc-tests/gcov-1.c execution test
FAIL: gcc.misc-tests/gcov-1.c gcov: 3 failures in line counts
FAIL: gcc.misc-tests/gcov-2.c (test for excess errors)
FAIL: gcc.misc-tests/gcov-2.c execution test
FAIL: gcc.misc-tests/gcov-2.c gcov: 3 failures in line counts
FAIL: gcc.misc-tests/gcov-3.c (test for excess errors)
FAIL: gcc.misc-tests/gcov-3.c execution test
FAIL: gcc.misc-tests/gcov-3.c gcov: 2 failures in line counts
FAIL: gcc.misc-tests/gcov-4.c (test for excess errors)
FAIL: gcc.misc-tests/gcov-4.c execution test
FAIL: gcc.misc-tests/gcov-4.c gcov: 50 failures in line counts
FAIL: gcc.misc-tests/gcov-4b.c (test for excess errors)
FAIL: gcc.misc-tests/gcov-4b.c execution test
FAIL: gcc.misc-tests/gcov-4b.c gcov: 24 failures in branch percentages
FAIL: gcc.misc-tests/gcov-5b.c (test for excess errors)
FAIL: gcc.misc-tests/gcov-5b.c execution test
FAIL: gcc.misc-tests/gcov-6.c (test for excess errors)
FAIL: gcc.misc-tests/gcov-6.c execution test
FAIL: gcc.misc-tests/gcov-6.c gcov: 3 failures in line counts, 1 in branch percentages, 3 in return percentages
FAIL: gcc.misc-tests/gcov-7.c (test for excess errors)
FAIL: gcc.misc-tests/gcov-7.c execution test
FAIL: gcc.misc-tests/gcov-7.c gcov: 9 failures in line counts, 3 in branch percentages, 4 in return percentages
=== gcc Summary for unix/-fPIC ===
# of expected passes 15771
# of unexpected failures 44
# of expected failures 67
# of unresolved testcases 45
# of unsupported tests 52
Running target unix/-fpic
FAIL: gcc.c-torture/execute/920612-1.c compilation, -O1
FAIL: gcc.dg/cpp/charconst.c (test for excess errors)
FAIL: gcc.dg/cpp/ucs.c bad U1234abcd evaluation (test for bogus messages, line 14)
FAIL: gcc.dg/cpp/ucs.c (test for warnings, line 24)
FAIL: gcc.dg/cpp/ucs.c (test for excess errors)
FAIL: gcc.dg/20001013-1.c (test for excess errors)
FAIL: gcc.dg/c99-float-1.c (test for excess errors)
FAIL: gcc.dg/noncompile/930622-1.c (test for excess errors)
FAIL: gcc.misc-tests/bprob-1.c compilation, -g -fprofile-arcs
FAIL: gcc.misc-tests/bprob-1.c compilation, -O0 -fprofile-arcs
FAIL: gcc.misc-tests/bprob-1.c compilation, -O1 -fprofile-arcs
FAIL: gcc.misc-tests/bprob-1.c compilation, -O2 -DPERFTIME -fprofile-arcs
FAIL: gcc.misc-tests/bprob-1.c compilation, -O3 -DPERFTIME -fprofile-arcs
FAIL: gcc.misc-tests/bprob-1.c compilation, -O3 -g -DPERFTIME -fprofile-arcs
FAIL: gcc.misc-tests/bprob-1.c compilation, -Os -fprofile-arcs
FAIL: gcc.misc-tests/bprob-2.c compilation, -g -fprofile-arcs
FAIL: gcc.misc-tests/bprob-2.c compilation, -O0 -fprofile-arcs
FAIL: gcc.misc-tests/bprob-2.c compilation, -O1 -fprofile-arcs
FAIL: gcc.misc-tests/bprob-2.c compilation, -O2 -DPERFTIME -fprofile-arcs
FAIL: gcc.misc-tests/bprob-2.c compilation, -O3 -DPERFTIME -fprofile-arcs
FAIL: gcc.misc-tests/bprob-2.c compilation, -O3 -g -DPERFTIME -fprofile-arcs
FAIL: gcc.misc-tests/bprob-2.c compilation, -Os -fprofile-arcs
FAIL: gcc.misc-tests/gcov-1.c (test for excess errors)
FAIL: gcc.misc-tests/gcov-1.c execution test
FAIL: gcc.misc-tests/gcov-1.c gcov: 3 failures in line counts
FAIL: gcc.misc-tests/gcov-2.c (test for excess errors)
FAIL: gcc.misc-tests/gcov-2.c execution test
FAIL: gcc.misc-tests/gcov-2.c gcov: 3 failures in line counts
FAIL: gcc.misc-tests/gcov-3.c (test for excess errors)
FAIL: gcc.misc-tests/gcov-3.c execution test
FAIL: gcc.misc-tests/gcov-3.c gcov: 2 failures in line counts
FAIL: gcc.misc-tests/gcov-4.c (test for excess errors)
FAIL: gcc.misc-tests/gcov-4.c execution test
FAIL: gcc.misc-tests/gcov-4.c gcov: 50 failures in line counts
FAIL: gcc.misc-tests/gcov-4b.c (test for excess errors)
FAIL: gcc.misc-tests/gcov-4b.c execution test
FAIL: gcc.misc-tests/gcov-4b.c gcov: 24 failures in branch percentages
FAIL: gcc.misc-tests/gcov-5b.c (test for excess errors)
FAIL: gcc.misc-tests/gcov-5b.c execution test
FAIL: gcc.misc-tests/gcov-6.c (test for excess errors)
FAIL: gcc.misc-tests/gcov-6.c execution test
FAIL: gcc.misc-tests/gcov-6.c gcov: 3 failures in line counts, 1 in branch percentages, 3 in return percentages
FAIL: gcc.misc-tests/gcov-7.c (test for excess errors)
FAIL: gcc.misc-tests/gcov-7.c execution test
FAIL: gcc.misc-tests/gcov-7.c gcov: 9 failures in line counts, 3 in branch percentages, 4 in return percentages
=== gcc Summary for unix/-fpic ===
# of expected passes 15769
# of unexpected failures 45
# of expected failures 67
# of unresolved testcases 46
# of unsupported tests 52
Running target unix
FAIL: gcc.dg/cpp/charconst.c (test for excess errors)
FAIL: gcc.dg/cpp/ucs.c bad U1234abcd evaluation (test for bogus messages, line 14)
FAIL: gcc.dg/cpp/ucs.c (test for warnings, line 24)
FAIL: gcc.dg/cpp/ucs.c (test for excess errors)
FAIL: gcc.dg/20001013-1.c (test for excess errors)
FAIL: gcc.dg/c99-float-1.c (test for excess errors)
FAIL: gcc.dg/noncompile/930622-1.c (test for excess errors)
=== gcc Summary for unix ===
# of expected passes 15850
# of unexpected failures 7
# of expected failures 67
# of unresolved testcases 3
# of unsupported tests 52
=== gcc Summary ===
# of expected passes 47390
# of unexpected failures 96
# of expected failures 201
# of unresolved testcases 94
# of unsupported tests 156
/teal/caip5/ghazi/gcc-testing/build/gcc/xgcc version 3.1 20010928 (experimental)
=== libstdc++-v3 tests ===
Running target unix/-fPIC
FAIL: 22_locale/codecvt.cc (test for excess errors)
XPASS: 22_locale/collate_members_wchar_t.cc execution test
XPASS: 22_locale/money_get_members_wchar_t.cc execution test
XPASS: 22_locale/money_put_members_wchar_t.cc execution test
XPASS: 22_locale/moneypunct_members_wchar_t.cc execution test
FAIL: 22_locale/time_put_members_char.cc execution test
XPASS: 26_numerics/c99_classification_macros_c.cc (test for excess errors)
=== libstdc++-v3 Summary for unix/-fPIC ===
# of expected passes 309
# of unexpected failures 2
# of unexpected successes 5
# of expected failures 20
Running target unix/-fpic
FAIL: 22_locale/codecvt.cc (test for excess errors)
XPASS: 22_locale/collate_members_wchar_t.cc execution test
XPASS: 22_locale/money_get_members_wchar_t.cc execution test
XPASS: 22_locale/money_put_members_wchar_t.cc execution test
XPASS: 22_locale/moneypunct_members_wchar_t.cc execution test
FAIL: 22_locale/time_put_members_char.cc execution test
XPASS: 26_numerics/c99_classification_macros_c.cc (test for excess errors)
=== libstdc++-v3 Summary for unix/-fpic ===
# of expected passes 309
# of unexpected failures 2
# of unexpected successes 5
# of expected failures 20
Running target unix
FAIL: 22_locale/codecvt.cc (test for excess errors)
XPASS: 22_locale/collate_members_wchar_t.cc execution test
XPASS: 22_locale/money_get_members_wchar_t.cc execution test
XPASS: 22_locale/money_put_members_wchar_t.cc execution test
XPASS: 22_locale/moneypunct_members_wchar_t.cc execution test
FAIL: 22_locale/time_put_members_char.cc execution test
XPASS: 26_numerics/c99_classification_macros_c.cc (test for excess errors)
=== libstdc++-v3 Summary for unix ===
# of expected passes 309
# of unexpected failures 2
# of unexpected successes 5
# of expected failures 20
=== libstdc++-v3 Summary ===
# of expected passes 927
# of unexpected failures 6
# of unexpected successes 15
# of expected failures 60
Compiler version: 3.1 20010928 (experimental)
Platform: sparc-sun-solaris2.7
configure flags: --host=sparc-sun-solaris2.7 --verbose --enable-languages=c,c++,f77
More information about the Gcc-testresults
mailing list