Results for 3.1 20010924 (experimental) testsuite on hppa1.1-hp-hpux10.20
John David Anglin
dave@hiauly1.hia.nrc.ca
Fri Sep 28 19:21:00 GMT 2001
LAST_UPDATED: Mon Sep 24 20:47:27 UTC 2001
Native configuration is hppa1.1-hp-hpux10.20
=== g++ tests ===
Running target unix
FAIL: g++.dg/ext/instantiate1.C (test for excess errors)
FAIL: g++.brendan/union1.C (test for excess errors)
FAIL: g++.ext/attrib5.C (test for excess errors)
FAIL: g++.law/profile1.C (test for excess errors)
XPASS: g++.mike/eh33.C (test for excess errors)
XPASS: g++.mike/eh33.C Execution test
XPASS: g++.mike/eh50.C (test for excess errors)
XPASS: g++.mike/eh50.C Execution test
FAIL: g++.other/crash18.C (test for excess errors)
FAIL: g++.other/enum5.C (test for excess errors)
FAIL: g++.other/mangle3.C (test for excess errors)
XPASS: g++.pt/decl2.C ICE - (test for errors, line 8)
XPASS: g++.robertl/eb17.C Execution test
=== g++ Summary ===
# of expected passes 6559
# of unexpected failures 7
# of unexpected successes 6
# of expected failures 106
# of untested testcases 21
/xxx/gnu/gcc-3.1/objdir/gcc/testsuite/../g++ version 3.1 20010924 (experimental)
=== g77 tests ===
Running target unix
FAIL: g77.dg/bprob/bprob-1.f compilation, -g -fprofile-arcs
FAIL: g77.dg/bprob/bprob-1.f execution, -O3 -fbranch-probabilities
FAIL: g77.dg/bprob/bprob-1.f compilation, -O3 -g -fprofile-arcs
FAIL: g77.dg/fbackslash.f (test for excess errors)
FAIL: g77.dg/fcase-preserve.f (test for excess errors)
FAIL: g77.dg/ff90-1.f (test for excess errors)
FAIL: g77.dg/ffixed-line-length-0.f (test for excess errors)
FAIL: g77.dg/ffixed-line-length-132.f (test for excess errors)
FAIL: g77.dg/ffixed-line-length-7.f (test for excess errors)
FAIL: g77.dg/ffixed-line-length-72.f (test for excess errors)
FAIL: g77.dg/ffixed-line-length-none.f (test for excess errors)
FAIL: g77.dg/ffree-form-1.f (test for excess errors)
FAIL: g77.dg/fno-backslash.f (test for excess errors)
FAIL: g77.dg/fno-f90-1.f (test for excess errors)
FAIL: g77.dg/fno-fixed-form-1.f (test for excess errors)
FAIL: g77.dg/fno-typeless-boz.f (test for excess errors)
FAIL: g77.dg/fno-underscoring.f (test for excess errors)
FAIL: g77.dg/fno-vxt-1.f (test for excess errors)
FAIL: g77.dg/ftypeless-boz.f (test for excess errors)
FAIL: g77.dg/fugly-assumed.f (test for excess errors)
FAIL: g77.dg/funderscoring.f (test for excess errors)
FAIL: g77.dg/fvxt-1.f (test for excess errors)
FAIL: g77.dg/strlen0.f (test for excess errors)
FAIL: g77.f-torture/execute/20010430.f execution, -O2
FAIL: g77.f-torture/execute/20010430.f execution, -O3 -fomit-frame-pointer
FAIL: g77.f-torture/execute/20010430.f execution, -O3 -fomit-frame-pointer -funroll-loops
FAIL: g77.f-torture/execute/20010430.f execution, -O3 -fomit-frame-pointer -funroll-all-loops -finline-functions
FAIL: g77.f-torture/execute/20010430.f execution, -O3 -g
FAIL: g77.f-torture/execute/f90-intrinsic-bit.f execution, -O1
FAIL: g77.f-torture/execute/f90-intrinsic-numeric.f execution, -O1
FAIL: g77.f-torture/execute/f90-intrinsic-numeric.f execution, -O2
FAIL: g77.f-torture/execute/f90-intrinsic-numeric.f execution, -O3 -fomit-frame-pointer
FAIL: g77.f-torture/execute/f90-intrinsic-numeric.f execution, -O3 -g
FAIL: g77.f-torture/execute/f90-intrinsic-numeric.f execution, -Os
FAIL: g77.f-torture/execute/io0.f execution, -O0
FAIL: g77.f-torture/execute/io0.f execution, -O1
FAIL: g77.f-torture/execute/io0.f execution, -O2
FAIL: g77.f-torture/execute/io0.f execution, -O3 -fomit-frame-pointer
FAIL: g77.f-torture/execute/io0.f execution, -O3 -g
FAIL: g77.f-torture/execute/io0.f execution, -Os
FAIL: g77.f-torture/execute/u77-test.f execution, -O0
FAIL: g77.f-torture/execute/u77-test.f execution, -O1
FAIL: g77.f-torture/execute/u77-test.f execution, -O2
FAIL: g77.f-torture/execute/u77-test.f execution, -O3 -fomit-frame-pointer
FAIL: g77.f-torture/execute/u77-test.f execution, -O3 -fomit-frame-pointer -funroll-loops
FAIL: g77.f-torture/execute/u77-test.f execution, -O3 -fomit-frame-pointer -funroll-all-loops -finline-functions
FAIL: g77.f-torture/execute/u77-test.f execution, -O3 -g
FAIL: g77.f-torture/execute/u77-test.f execution, -Os
=== g77 Summary ===
# of expected passes 1290
# of unexpected failures 48
# of unresolved testcases 6
# of unsupported tests 8
=== gcc tests ===
Running target unix
FAIL: gcc.c-torture/compile/20001226-1.c, -O2
FAIL: gcc.c-torture/compile/20001226-1.c, -O3 -fomit-frame-pointer
FAIL: gcc.c-torture/compile/20001226-1.c, -O3 -g
FAIL: gcc.c-torture/compile/20001226-1.c, -Os
FAIL: gcc.c-torture/compile/920501-4.c, -O3 -fomit-frame-pointer -funroll-all-loops -finline-functions
FAIL: gcc.c-torture/compile/920710-2.c, -O3 -fomit-frame-pointer -funroll-all-loops -finline-functions
FAIL: gcc.c-torture/compile/930513-2.c, -O3 -fomit-frame-pointer -funroll-all-loops -finline-functions
FAIL: gcc.c-torture/execute/20000731-1.c compilation, -O3 -fomit-frame-pointer -funroll-all-loops -finline-functions
FAIL: gcc.c-torture/execute/20010119-1.c compilation, -O1
FAIL: gcc.c-torture/execute/20010924-1.c compilation, -O0
FAIL: gcc.c-torture/execute/20010924-1.c compilation, -O1
FAIL: gcc.c-torture/execute/20010924-1.c compilation, -O2
FAIL: gcc.c-torture/execute/20010924-1.c compilation, -O3 -fomit-frame-pointer
FAIL: gcc.c-torture/execute/20010924-1.c compilation, -O3 -g
FAIL: gcc.c-torture/execute/20010924-1.c compilation, -Os
FAIL: gcc.c-torture/execute/conversion.c execution, -O0
FAIL: gcc.c-torture/execute/conversion.c execution, -O1
FAIL: gcc.c-torture/execute/conversion.c execution, -O2
FAIL: gcc.c-torture/execute/conversion.c execution, -Os
FAIL: gcc.c-torture/execute/nest-stdar-1.c execution, -O0
FAIL: gcc.c-torture/execute/nest-stdar-1.c execution, -O1
FAIL: gcc.c-torture/execute/nest-stdar-1.c execution, -O2
FAIL: gcc.c-torture/execute/nest-stdar-1.c execution, -O3 -fomit-frame-pointer
FAIL: gcc.c-torture/execute/nest-stdar-1.c execution, -O3 -g
FAIL: gcc.c-torture/execute/nest-stdar-1.c execution, -Os
FAIL: gcc.c-torture/execute/strct-stdarg-1.c execution, -O0
FAIL: gcc.c-torture/execute/strct-stdarg-1.c execution, -O1
FAIL: gcc.c-torture/execute/strct-stdarg-1.c execution, -O2
FAIL: gcc.c-torture/execute/strct-stdarg-1.c execution, -O3 -fomit-frame-pointer
FAIL: gcc.c-torture/execute/strct-stdarg-1.c execution, -O3 -fomit-frame-pointer -funroll-loops
FAIL: gcc.c-torture/execute/strct-stdarg-1.c execution, -O3 -fomit-frame-pointer -funroll-all-loops -finline-functions
FAIL: gcc.c-torture/execute/strct-stdarg-1.c execution, -O3 -g
FAIL: gcc.c-torture/execute/strct-stdarg-1.c execution, -Os
FAIL: gcc.c-torture/execute/ieee/20001122-1.c compilation, -O3 -fomit-frame-pointer -funroll-all-loops -finline-functions
FAIL: gcc.c-torture/execute/ieee/mzero2.c execution, -O1
FAIL: gcc.c-torture/execute/ieee/mzero2.c execution, -O2
FAIL: gcc.c-torture/execute/ieee/mzero2.c execution, -O3 -fomit-frame-pointer
FAIL: gcc.c-torture/execute/ieee/mzero2.c execution, -O3 -g
FAIL: gcc.c-torture/execute/ieee/mzero2.c execution, -Os
FAIL: gcc.dg/asm-fs-1.c (test for excess errors)
FAIL: gcc.dg/asm-names.c (test for excess errors)
FAIL: gcc.dg/noncompile/930622-1.c (test for excess errors)
=== gcc Summary ===
# of expected passes 15774
# of unexpected failures 42
# of expected failures 73
# of unresolved testcases 12
# of unsupported tests 61
/xxx/gnu/gcc-3.1/objdir/gcc/xgcc version 3.1 20010924 (experimental)
=== objc tests ===
Running target unix
FAIL: objc/execute/formal_protocol-6.m execution, -O
FAIL: objc.dg/method-2.m (test for warnings, line 25)
FAIL: objc.dg/method-2.m (test for warnings, line 25)
=== objc Summary ===
# of expected passes 203
# of unexpected failures 3
/xxx/gnu/gcc-3.1/objdir/gcc/xgcc version 3.1 20010924 (experimental)
=== libstdc++-v3 tests ===
Running target unix
FAIL: 18_support/numeric_limits.cc (test for excess errors)
FAIL: 21_strings/capacity.cc (test for excess errors)
FAIL: 22_locale/codecvt.cc (test for excess errors)
FAIL: 22_locale/collate.cc (test for excess errors)
XPASS: 22_locale/collate_members_wchar_t.cc execution test
FAIL: 22_locale/ctype_members_char.cc execution test
FAIL: 22_locale/messages.cc (test for excess errors)
FAIL: 22_locale/money_get.cc (test for excess errors)
XPASS: 22_locale/money_get_members_wchar_t.cc execution test
FAIL: 22_locale/money_put.cc (test for excess errors)
XPASS: 22_locale/money_put_members_wchar_t.cc execution test
FAIL: 22_locale/moneypunct.cc (test for excess errors)
XPASS: 22_locale/moneypunct_members_wchar_t.cc execution test
FAIL: 22_locale/numpunct.cc (test for excess errors)
FAIL: 22_locale/time_put_members_char.cc execution test
XPASS: 26_numerics/c99_classification_macros_c.cc (test for excess errors)
FAIL: 26_numerics/complex_inserters_extractors.cc (test for excess errors)
FAIL: 27_io/filebuf.cc execution test
=== libstdc++-v3 Summary ===
# of expected passes 289
# of unexpected failures 13
# of unexpected successes 5
# of expected failures 20
Compiler version: 3.1 20010924 (experimental)
Platform: hppa1.1-hp-hpux10.20
configure flags: --host=hppa1.1-hp-hpux10.20 --with-as=/usr/ccs/bin/as --enable-shared --enable-threads --enable-debug=no
Patches:
1) g++ type info node.
2) g++ rtti.c patch for type info declarations.
More information about the Gcc-testresults
mailing list