Results for 3.1 20010927 (experimental) testsuite on i686-pc-linux-gnu
Andris Pavenis
andris@hal.astr.lu.lv
Thu Sep 27 20:26:00 GMT 2001
Source: gcc MAIN branch (last updated 2001 Sep 28 04:01 +0300)
System: Linux kernel 2.4.7
glibc-2.2.3
binutils-2.11.90.0.31
LAST_UPDATED: Fri Sep 28 01:01:18 UTC 2001
Native configuration is i686-pc-linux-gnu
=== g++ tests ===
Running target unix
FAIL: g++.other/enum5.C (test for excess errors)
XPASS: g++.pt/decl2.C ICE - (test for errors, line 8)
XPASS: g++.robertl/eb17.C Execution test
=== g++ Summary ===
# of expected passes 6606
# of unexpected failures 1
# of unexpected successes 2
# of expected failures 95
# of untested testcases 9
/disk2/cvs/gcc31/build/build.lnx/gcc/testsuite/../g++ version 3.1 20010927 (experimental)
=== g77 tests ===
Running target unix
=== g77 Summary ===
# of expected passes 1360
=== gcc tests ===
Running target unix
FAIL: gcc.c-torture/execute/20010904-1.c execution, -O0
FAIL: gcc.c-torture/execute/20010904-1.c execution, -O1
FAIL: gcc.c-torture/execute/20010904-1.c execution, -O2
FAIL: gcc.c-torture/execute/20010904-1.c execution, -O3 -fomit-frame-pointer
FAIL: gcc.c-torture/execute/20010904-1.c execution, -O3 -g
FAIL: gcc.c-torture/execute/20010904-1.c execution, -Os
FAIL: gcc.c-torture/execute/20010904-2.c execution, -O0
FAIL: gcc.c-torture/execute/20010904-2.c execution, -O1
FAIL: gcc.c-torture/execute/20010904-2.c execution, -O2
FAIL: gcc.c-torture/execute/20010904-2.c execution, -O3 -fomit-frame-pointer
FAIL: gcc.c-torture/execute/20010904-2.c execution, -O3 -g
FAIL: gcc.c-torture/execute/20010904-2.c execution, -Os
=== gcc Summary ===
# of expected passes 15903
# of unexpected failures 12
# of expected failures 71
# of unsupported tests 23
/disk2/cvs/gcc31/build/build.lnx/gcc/xgcc version 3.1 20010927 (experimental)
=== objc tests ===
Running target unix
FAIL: objc/execute/formal_protocol-6.m execution, -O
FAIL: objc.dg/method-2.m (test for warnings, line 25)
FAIL: objc.dg/method-2.m (test for warnings, line 25)
=== objc Summary ===
# of expected passes 203
# of unexpected failures 3
/disk2/cvs/gcc31/build/build.lnx/gcc/xgcc version 3.1 20010927 (experimental)
=== libstdc++-v3 tests ===
Running target unix
FAIL: 22_locale/codecvt.cc (test for excess errors)
XPASS: 22_locale/collate_members_wchar_t.cc execution test
=== libstdc++-v3 Summary ===
# of expected passes 310
# of unexpected failures 1
# of unexpected successes 1
# of expected failures 24
Compiler version: 3.1 20010927 (experimental)
Platform: i686-pc-linux-gnu
configure flags: --host=i686-pc-linux-gnu --prefix=/disk2/gcc31 --enable-shared --enable-languages=c,c++,f77,objc --verbose --enable-threads=posix
Counting all warnings,
there are 46 warnings in stage3 of this bootstrap.
Number of warnings per file:
23 gcc/combine.c
6 gcc/cp/pt.c
5 gcc/cse.c
3 gcc/gcc.c
2 gcc/tlink.c
2 gcc/fold-const.c
1 gcc/rtlanal.c
1 gcc/objc/lang-specs.h
1 gcc/flow.c
1 gcc/f/lang-specs.h
1 gcc/cp/lang-specs.h
Number of warning types:
34 comparison between signed and unsigned
6 string length `???' is greater than the length `???' ISO C89 compilers are required to support
2 passing arg ??? of `???' discards qualifiers from pointer target type
1 unused parameter `???'
1 signed and unsigned type in conditional expression
1 pointer targets in passing arg ??? of `???' differ in signedness
1 implicit declaration of function `???'
More information about the Gcc-testresults
mailing list