Results for 3.1 20010927 (experimental) testsuite on sparc-sun-solaris2.8
lucier@math.purdue.edu
lucier@math.purdue.edu
Thu Sep 27 12:04:00 GMT 2001
LAST_UPDATED: Thu Sep 27 16:05:26 UTC 2001
Native configuration is sparc-sun-solaris2.8
=== g++ tests ===
Running target unix
FAIL: g++.dg/ext/instantiate1.C suppressing f<int> (test for errors, line )
FAIL: g++.dg/ext/instantiate1.C suppressing A<int> (test for errors, line )
FAIL: g++.dg/ext/instantiate1.C (test for excess errors)
FAIL: g++.dg/special/conpr-2.C execution test
FAIL: g++.dg/special/conpr-3.C execution test
FAIL: g++.dg/special/initp1.C execution test
FAIL: g++.ext/instantiate2.C not instantiated (test for errors, line 19)
FAIL: g++.ext/instantiate3.C not instantiated (test for errors, line 13)
FAIL: g++.other/crash18.C (test for excess errors)
FAIL: g++.other/enum5.C (test for excess errors)
XPASS: g++.pt/decl2.C ICE - (test for errors, line 8)
XPASS: g++.robertl/eb17.C Execution test
=== g++ Summary ===
# of expected passes 6580
# of unexpected failures 10
# of unexpected successes 2
# of expected failures 95
# of untested testcases 19
/export/home/lucier/gcc/gcc-3.1/objdir/gcc/testsuite/../g++ version 3.1 20010927 (experimental)
=== g77 tests ===
Running target unix
FAIL: g77.dg/bprob/bprob-1.f execution, -O2 -fbranch-probabilities
FAIL: g77.dg/bprob/bprob-1.f compilation, -O3 -fbranch-probabilities
FAIL: g77.dg/bprob/bprob-1.f compilation, -O3 -g -fbranch-probabilities
FAIL: g77.dg/bprob/bprob-1.f execution, -Os -fbranch-probabilities
FAIL: g77.f-torture/execute/20010430.f execution, -O2
FAIL: g77.f-torture/execute/20010430.f execution, -O3 -fomit-frame-pointer
FAIL: g77.f-torture/execute/20010430.f execution, -O3 -fomit-frame-pointer -funroll-loops
FAIL: g77.f-torture/execute/20010430.f execution, -O3 -fomit-frame-pointer -funroll-all-loops -finline-functions
FAIL: g77.f-torture/execute/20010430.f execution, -O3 -g
=== g77 Summary ===
# of expected passes 1311
# of unexpected failures 9
# of expected failures 14
# of unresolved testcases 2
# of untested testcases 8
# of unsupported tests 8
=== gcc tests ===
Running target unix
FAIL: gcc.dg/cpp/charconst.c (test for excess errors)
FAIL: gcc.dg/cpp/ucs.c bad U1234abcd evaluation (test for bogus messages, line 14)
FAIL: gcc.dg/cpp/ucs.c (test for warnings, line 24)
FAIL: gcc.dg/cpp/ucs.c (test for excess errors)
FAIL: gcc.dg/20001013-1.c (test for excess errors)
FAIL: gcc.dg/c99-float-1.c (test for excess errors)
FAIL: gcc.dg/noncompile/930622-1.c (test for excess errors)
=== gcc Summary ===
# of expected passes 15850
# of unexpected failures 7
# of expected failures 67
# of unresolved testcases 3
# of unsupported tests 52
/export/home/lucier/gcc/gcc-3.1/objdir/gcc/xgcc version 3.1 20010927 (experimental)
=== libstdc++-v3 tests ===
Running target unix
FAIL: 22_locale/codecvt.cc (test for excess errors)
XPASS: 22_locale/collate_members_wchar_t.cc execution test
XPASS: 22_locale/money_get_members_wchar_t.cc execution test
XPASS: 22_locale/money_put_members_wchar_t.cc execution test
XPASS: 22_locale/moneypunct_members_wchar_t.cc execution test
FAIL: 22_locale/time_put_members_char.cc execution test
XPASS: 26_numerics/c99_classification_macros_c.cc (test for excess errors)
=== libstdc++-v3 Summary ===
# of expected passes 309
# of unexpected failures 2
# of unexpected successes 5
# of expected failures 20
Compiler version: 3.1 20010927 (experimental)
Platform: sparc-sun-solaris2.8
configure flags: --host=sparc-sun-solaris2.8 --enable-languages=c,c++,f77,java
Counting all warnings,
there are 35 warnings in stage3 of this bootstrap.
Number of warnings per file:
10 gcc/gcc.c
6 gcc/cp/pt.c
4 gcc/unwind-dw2.c
3 gcc/combine.c
2 gcc/tlink.c
2 gcc/reload1.c
2 gcc/libgcc2.c
1 gcc/java/jvspec.c
1 gcc/fold-const.c
1 gcc/flow.c
1 gcc/f/lang-specs.h
1 gcc/cp/lang-specs.h
1 gcc/cp/class.c
Number of warning types:
11 string length \`???' is greater than the length \`???' ISO C89 compilers are required to support
8 comparison between signed and unsigned
3 signed and unsigned type in conditional expression
2 traditional C rejects string concatenation
2 passing arg ??? of \`???' discards qualifiers from pointer target type
2 missing braces around initializer
2 implicit declaration of function \`???'
2 (near initialization for \`???')
1 unused parameter \`???'
1 pointer targets in passing arg ??? of \`???' differ in signedness
1 ??? format, ??? arg (arg ???)
More information about the Gcc-testresults
mailing list