Results for 3.1 20010921 (experimental) testsuite on armv3l-unknown-linux-gnu

Automatic Build System build@netwinder.org
Sat Sep 22 19:45:00 GMT 2001


LAST_UPDATED: Sat Sep 22 04:06:36 UTC 2001

Native configuration is armv3l-unknown-linux-gnu

		=== libstdc++-v3 tests ===


Running target unix
FAIL: 17_intro/header_cstdio.cc (test for excess errors)
FAIL: 17_intro/header_cstdlib.cc (test for excess errors)
FAIL: 17_intro/header_fstream.cc (test for excess errors)
FAIL: 17_intro/header_iomanip.cc (test for excess errors)
FAIL: 17_intro/header_ios.cc (test for excess errors)
FAIL: 17_intro/header_iosfwd.cc (test for excess errors)
FAIL: 17_intro/header_iostream.cc (test for excess errors)
FAIL: 17_intro/header_istream.cc (test for excess errors)
FAIL: 17_intro/header_ostream.cc (test for excess errors)
FAIL: 17_intro/header_sstream.cc (test for excess errors)
FAIL: 17_intro/header_streambuf.cc (test for excess errors)
FAIL: 17_intro/headers.cc (test for excess errors)
FAIL: 17_intro/headers_c++.cc (test for excess errors)
FAIL: 17_intro/headers_c.cc (test for excess errors)
FAIL: 18_support/numeric_limits.cc execution test
FAIL: 19_diagnostics/stdexceptions.cc (test for excess errors)
FAIL: 20_util/allocator_members.cc (test for excess errors)
FAIL: 20_util/auto_ptr.cc (test for excess errors)
FAIL: 20_util/binders.cc (test for excess errors)
FAIL: 20_util/raw_storage_iterator.cc (test for excess errors)
FAIL: 21_strings/append.cc (test for excess errors)
FAIL: 21_strings/c_strings.cc (test for excess errors)
FAIL: 21_strings/capacity.cc (test for excess errors)
FAIL: 21_strings/char_traits_requirements.cc (test for excess errors)
FAIL: 21_strings/char_traits_typedefs.cc (test for excess errors)
FAIL: 21_strings/compare.cc (test for excess errors)
FAIL: 21_strings/ctor_copy_dtor.cc (test for excess errors)
FAIL: 21_strings/element_access.cc (test for excess errors)
FAIL: 21_strings/find.cc (test for excess errors)
FAIL: 21_strings/insert.cc (test for excess errors)
FAIL: 21_strings/inserters_extractors.cc (test for excess errors)
FAIL: 21_strings/invariants.cc (test for excess errors)
FAIL: 21_strings/nonmember.cc (test for excess errors)
FAIL: 21_strings/operations.cc (test for excess errors)
FAIL: 21_strings/replace.cc (test for excess errors)
FAIL: 21_strings/rfind.cc (test for excess errors)
FAIL: 21_strings/substr.cc (test for excess errors)
FAIL: 22_locale/codecvt.cc (test for excess errors)
FAIL: 22_locale/codecvt_members_char_char.cc (test for excess errors)
FAIL: 22_locale/codecvt_members_unicode_char.cc (test for excess errors)
FAIL: 22_locale/codecvt_members_unicode_wchar_t.cc (test for excess errors)
FAIL: 22_locale/codecvt_members_wchar_t_char.cc (test for excess errors)
FAIL: 22_locale/collate.cc (test for excess errors)
FAIL: 22_locale/collate_byname.cc (test for excess errors)
FAIL: 22_locale/collate_members_char.cc (test for excess errors)
FAIL: 22_locale/collate_members_wchar_t.cc (test for excess errors)
FAIL: 22_locale/ctor_copy_dtor.cc (test for excess errors)
FAIL: 22_locale/ctype.cc (test for excess errors)
FAIL: 22_locale/ctype_members_char.cc (test for excess errors)
FAIL: 22_locale/ctype_members_wchar_t.cc (test for excess errors)
FAIL: 22_locale/facet.cc (test for excess errors)
FAIL: 22_locale/global_templates.cc (test for excess errors)
FAIL: 22_locale/members.cc (test for excess errors)
FAIL: 22_locale/messages.cc (test for excess errors)
FAIL: 22_locale/messages_byname.cc (test for excess errors)
FAIL: 22_locale/messages_members_char.cc (test for excess errors)
FAIL: 22_locale/money_get.cc (test for excess errors)
FAIL: 22_locale/money_get_members_char.cc (test for excess errors)
FAIL: 22_locale/money_get_members_wchar_t.cc (test for excess errors)
FAIL: 22_locale/money_put.cc (test for excess errors)
FAIL: 22_locale/money_put_members_char.cc (test for excess errors)
FAIL: 22_locale/money_put_members_wchar_t.cc (test for excess errors)
FAIL: 22_locale/moneypunct.cc (test for excess errors)
FAIL: 22_locale/moneypunct_byname.cc (test for excess errors)
FAIL: 22_locale/moneypunct_members_char.cc (test for excess errors)
FAIL: 22_locale/moneypunct_members_wchar_t.cc (test for excess errors)
FAIL: 22_locale/numpunct.cc (test for excess errors)
FAIL: 22_locale/numpunct_byname.cc (test for excess errors)
FAIL: 22_locale/numpunct_members_char.cc (test for excess errors)
FAIL: 22_locale/operators.cc (test for excess errors)
FAIL: 22_locale/static_members.cc (test for excess errors)
FAIL: 22_locale/time_put.cc (test for excess errors)
FAIL: 22_locale/time_put_members_char.cc (test for excess errors)
FAIL: 23_containers/bitset_ctor.cc (test for excess errors)
FAIL: 23_containers/bitset_members.cc (test for excess errors)
FAIL: 23_containers/bitset_shift.cc (test for excess errors)
FAIL: 23_containers/map_insert.cc (test for excess errors)
FAIL: 23_containers/multiset.cc (test for excess errors)
FAIL: 23_containers/vector_capacity.cc (test for excess errors)
FAIL: 23_containers/vector_ctor.cc (test for excess errors)
FAIL: 23_containers/vector_element_access.cc (test for excess errors)
FAIL: 23_containers/vector_modifiers.cc (test for excess errors)
FAIL: 24_iterators/back_insert_iterator.cc (test for excess errors)
FAIL: 24_iterators/front_insert_iterator.cc (test for excess errors)
FAIL: 24_iterators/insert_iterator.cc (test for excess errors)
FAIL: 24_iterators/istream_iterator.cc (test for excess errors)
FAIL: 24_iterators/istreambuf_iterator.cc (test for excess errors)
FAIL: 24_iterators/iterator.cc (test for excess errors)
FAIL: 24_iterators/ostream_iterator.cc (test for excess errors)
FAIL: 24_iterators/ostreambuf_iterator.cc (test for excess errors)
FAIL: 24_iterators/reverse_iterator.cc (test for excess errors)
FAIL: 25_algorithms/binary_search.cc (test for excess errors)
FAIL: 25_algorithms/copy.cc (test for excess errors)
FAIL: 25_algorithms/equal.cc (test for excess errors)
FAIL: 25_algorithms/heap.cc (test for excess errors)
FAIL: 25_algorithms/lower_bound.cc (test for excess errors)
FAIL: 25_algorithms/min_max.cc (test for excess errors)
FAIL: 25_algorithms/partition.cc (test for excess errors)
FAIL: 25_algorithms/rotate.cc (test for excess errors)
FAIL: 25_algorithms/sort.cc (test for excess errors)
FAIL: 25_algorithms/unique.cc (test for excess errors)
FAIL: 26_numerics/binary_closure.cc (test for excess errors)
FAIL: 26_numerics/buggy_complex.cc (test for excess errors)
XPASS: 26_numerics/c99_classification_macros_c.cc (test for excess errors)
FAIL: 26_numerics/complex_inserters_extractors.cc (test for excess errors)
FAIL: 26_numerics/complex_value.cc (test for excess errors)
FAIL: 26_numerics/fabs_inline.cc (test for excess errors)
FAIL: 26_numerics/slice_array_assignment.cc (test for excess errors)
FAIL: 26_numerics/sum_diff.cc (test for excess errors)
FAIL: 26_numerics/valarray.cc (test for excess errors)
FAIL: 26_numerics/valarray_const_bracket.cc (test for excess errors)
FAIL: 27_io/filebuf.cc (test for excess errors)
FAIL: 27_io/filebuf_members.cc (test for excess errors)
FAIL: 27_io/filebuf_virtuals.cc (test for excess errors)
FAIL: 27_io/fpos.cc (test for excess errors)
FAIL: 27_io/fstream_members.cc (test for excess errors)
FAIL: 27_io/ifstream_members.cc (test for excess errors)
FAIL: 27_io/ios_base_callbacks.cc (test for excess errors)
FAIL: 27_io/ios_base_members_static.cc (test for excess errors)
FAIL: 27_io/ios_base_storage.cc (test for excess errors)
FAIL: 27_io/ios_ctor.cc (test for excess errors)
FAIL: 27_io/ios_init.cc (test for excess errors)
FAIL: 27_io/ios_manip_basefield.cc (test for excess errors)
FAIL: 27_io/ios_manip_fmtflags.cc (test for excess errors)
FAIL: 27_io/ios_members.cc (test for excess errors)
FAIL: 27_io/istream.cc (test for excess errors)
FAIL: 27_io/istream_extractor_arith.cc (test for excess errors)
FAIL: 27_io/istream_extractor_char.cc (test for excess errors)
FAIL: 27_io/istream_extractor_other.cc (test for excess errors)
FAIL: 27_io/istream_manip.cc (test for excess errors)
FAIL: 27_io/istream_seeks.cc (test for excess errors)
FAIL: 27_io/istream_sentry.cc (test for excess errors)
FAIL: 27_io/istream_unformatted.cc (test for excess errors)
FAIL: 27_io/istringstream_members.cc (test for excess errors)
FAIL: 27_io/narrow_stream_objects.cc (test for excess errors)
FAIL: 27_io/ofstream_members.cc (test for excess errors)
FAIL: 27_io/ostream.cc (test for excess errors)
FAIL: 27_io/ostream_inserter_arith.cc (test for excess errors)
FAIL: 27_io/ostream_inserter_char.cc (test for excess errors)
FAIL: 27_io/ostream_inserter_other.cc (test for excess errors)
FAIL: 27_io/ostream_manip.cc (test for excess errors)
FAIL: 27_io/ostream_seeks.cc (test for excess errors)
FAIL: 27_io/ostream_unformatted.cc (test for excess errors)
FAIL: 27_io/ostringstream_members.cc (test for excess errors)
FAIL: 27_io/streambuf.cc (test for excess errors)
FAIL: 27_io/stringbuf.cc (test for excess errors)
FAIL: 27_io/stringbuf_virtuals.cc (test for excess errors)
FAIL: 27_io/stringstream.cc (test for excess errors)
FAIL: 27_io/stringstream_members.cc (test for excess errors)
FAIL: 27_io/wide_stream_objects.cc (test for excess errors)
FAIL: ext/headers.cc (test for excess errors)

		=== libstdc++-v3 Summary ===

# of expected passes		27
# of unexpected failures	150
# of unexpected successes	1
# of expected failures		9
		=== g++ tests ===


Running target unix
FAIL: g++.dg/eh/filter2.C (test for excess errors)
FAIL: g++.dg/eh/omit-frame-pointer.C (test for excess errors)
FAIL: g++.dg/opt/vtgc1.C scan-assembler .vtable_inherit[ 	]*vtable for Multivv3, 0
FAIL: g++.dg/opt/vtgc1.C scan-assembler .vtable_inherit[ 	]*VTT for Multivv3, 0
FAIL: g++.dg/opt/vtgc1.C scan-assembler .vtable_inherit[ 	]*vtable for Multiss2, vtable for Base2
FAIL: g++.dg/opt/vtgc1.C scan-assembler .vtable_inherit[ 	]*vtable for Multivs1, vtable for Base2
FAIL: g++.dg/opt/vtgc1.C scan-assembler .vtable_inherit[ 	]*VTT for Multivs1, vtable for Base2
FAIL: g++.dg/opt/vtgc1.C scan-assembler .vtable_inherit[ 	]*vtable for Multisv0, vtable for Side0
FAIL: g++.dg/opt/vtgc1.C scan-assembler .vtable_inherit[ 	]*VTT for Multisv0, vtable for Side0
FAIL: g++.dg/opt/vtgc1.C scan-assembler .vtable_inherit[ 	]*vtable for Side0, 0
FAIL: g++.dg/opt/vtgc1.C scan-assembler .vtable_inherit[ 	]*vtable for VbasedA, 0
FAIL: g++.dg/opt/vtgc1.C scan-assembler .vtable_inherit[ 	]*VTT for VbasedA, 0
FAIL: g++.dg/opt/vtgc1.C scan-assembler .vtable_inherit[ 	]*vtable for Base2, vtable for Base1
FAIL: g++.dg/opt/vtgc1.C scan-assembler .vtable_inherit[ 	]*vtable for Base1, vtable for Base0
FAIL: g++.dg/opt/vtgc1.C scan-assembler .vtable_inherit[ 	]*vtable for Base0, 0
XPASS: g++.dg/template/friend.C  (test for bogus messages, line 19)
XPASS: g++.dg/template/friend.C  (test for bogus messages, line 28)
FAIL: g++.dg/template/friend.C (test for excess errors)
FAIL: g++.abi/arraynew.C (test for excess errors)
FAIL: g++.benjamin/15071.C (test for excess errors)
FAIL: g++.brendan/copy9.C (test for excess errors)
FAIL: g++.brendan/crash15.C (test for excess errors)
FAIL: g++.brendan/crash20.C (test for excess errors)
FAIL: g++.brendan/crash30.C (test for excess errors)
FAIL: g++.brendan/crash38.C (test for excess errors)
FAIL: g++.brendan/crash39.C (test for excess errors)
FAIL: g++.brendan/crash49.C (test for excess errors)
FAIL: g++.brendan/crash52.C (test for excess errors)
FAIL: g++.brendan/crash62.C (test for excess errors)
FAIL: g++.brendan/cvt1.C (test for excess errors)
FAIL: g++.brendan/err-msg3.C (test for excess errors)
FAIL: g++.brendan/nest21.C (test for excess errors)
FAIL: g++.brendan/ptolemy2.C (test for excess errors)
FAIL: g++.eh/new1.C (test for excess errors)
FAIL: g++.eh/new2.C (test for excess errors)
FAIL: g++.eh/terminate1.C (test for excess errors)
FAIL: g++.eh/terminate2.C (test for excess errors)
FAIL: g++.jason/2371.C (test for excess errors)
FAIL: g++.jason/template24.C (test for excess errors)
FAIL: g++.jason/template31.C (test for excess errors)
FAIL: g++.jason/thunk1.C  Execution test
FAIL: g++.jason/thunk2.C  Execution test
FAIL: g++.jason/thunk3.C  Execution test
FAIL: g++.jason/typeid1.C (test for excess errors)
FAIL: g++.law/arg1.C (test for excess errors)
FAIL: g++.law/arg8.C (test for excess errors)
FAIL: g++.law/arm12.C (test for excess errors)
FAIL: g++.law/arm9.C (test for excess errors)
FAIL: g++.law/bad-error7.C (test for excess errors)
FAIL: g++.law/code-gen5.C (test for excess errors)
FAIL: g++.law/ctors10.C (test for excess errors)
FAIL: g++.law/ctors12.C (test for excess errors)
FAIL: g++.law/ctors13.C (test for excess errors)
FAIL: g++.law/ctors17.C (test for excess errors)
FAIL: g++.law/ctors6.C (test for excess errors)
FAIL: g++.law/cvt16.C (test for excess errors)
FAIL: g++.law/cvt2.C (test for excess errors)
FAIL: g++.law/cvt7.C (test for excess errors)
FAIL: g++.law/except5.C (test for excess errors)
FAIL: g++.law/missed-error2.C (test for excess errors)
FAIL: g++.law/nest3.C (test for excess errors)
FAIL: g++.law/operators32.C (test for excess errors)
FAIL: g++.law/operators4.C (test for excess errors)
FAIL: g++.law/vbase1.C (test for excess errors)
FAIL: g++.law/virtual3.C (test for excess errors)
FAIL: g++.law/visibility1.C (test for excess errors)
FAIL: g++.law/visibility10.C (test for excess errors)
FAIL: g++.law/visibility13.C (test for excess errors)
FAIL: g++.law/visibility17.C (test for excess errors)
FAIL: g++.law/visibility2.C (test for excess errors)
FAIL: g++.law/visibility22.C (test for excess errors)
FAIL: g++.law/visibility25.C (test for excess errors)
FAIL: g++.law/visibility7.C (test for excess errors)
FAIL: g++.martin/bitset1.C (test for excess errors)
FAIL: g++.martin/new1.C (test for excess errors)
FAIL: g++.mike/dyncast7.C (test for excess errors)
FAIL: g++.mike/eh13.C (test for excess errors)
FAIL: g++.mike/eh2.C (test for excess errors)
FAIL: g++.mike/eh47.C (test for excess errors)
FAIL: g++.mike/memoize1.C (test for excess errors)
FAIL: g++.mike/net34.C (test for excess errors)
FAIL: g++.mike/net38.C  Execution test
FAIL: g++.mike/net46.C (test for excess errors)
FAIL: g++.mike/p658.C (test for excess errors)
FAIL: g++.mike/rtti1.C (test for excess errors)
FAIL: g++.ns/koenig9.C (test for excess errors)
FAIL: g++.ns/new1.C (test for excess errors)
FAIL: g++.ns/using4.C (test for excess errors)
FAIL: g++.ns/using6.C (test for excess errors)
FAIL: g++.oliva/thunk1.C (test for excess errors)
FAIL: g++.other/defarg6.C (test for excess errors)
FAIL: g++.other/enum5.C (test for excess errors)
FAIL: g++.other/headers1.C (test for excess errors)
FAIL: g++.other/init9.C (test for excess errors)
FAIL: g++.other/inline14.C (test for excess errors)
FAIL: g++.other/inline7.C (test for excess errors)
FAIL: g++.other/inline8.C (test for excess errors)
FAIL: g++.other/null2.C (test for excess errors)
FAIL: g++.other/optimize2.C (test for excess errors)
FAIL: g++.other/pmf4.C  Execution test
FAIL: g++.other/sibcall1.C (test for excess errors)
FAIL: g++.pt/crash68.C (test for excess errors)
XPASS: g++.pt/decl2.C ICE - (test for errors, line 8)
FAIL: g++.pt/instantiate10.C (test for excess errors)
FAIL: g++.pt/ttp19.C (test for excess errors)
FAIL: g++.pt/ttp40.C (test for excess errors)
FAIL: g++.robertl/eb109.C (test for excess errors)
FAIL: g++.robertl/eb113.C (test for excess errors)
FAIL: g++.robertl/eb115.C (test for excess errors)
FAIL: g++.robertl/eb118.C (test for excess errors)
FAIL: g++.robertl/eb124.C (test for excess errors)
FAIL: g++.robertl/eb127.C (test for excess errors)
FAIL: g++.robertl/eb129.C (test for excess errors)
FAIL: g++.robertl/eb129a.C (test for excess errors)
FAIL: g++.robertl/eb130.C (test for excess errors)
FAIL: g++.robertl/eb132.C (test for excess errors)
FAIL: g++.robertl/eb15.C (test for excess errors)
XPASS: g++.robertl/eb17.C  Execution test
FAIL: g++.robertl/eb21.C (test for excess errors)
FAIL: g++.robertl/eb24.C (test for excess errors)
FAIL: g++.robertl/eb27.C (test for excess errors)
FAIL: g++.robertl/eb28.C (test for excess errors)
FAIL: g++.robertl/eb29.C (test for excess errors)
FAIL: g++.robertl/eb3.C (test for excess errors)
FAIL: g++.robertl/eb30.C (test for excess errors)
FAIL: g++.robertl/eb31.C (test for excess errors)
FAIL: g++.robertl/eb33.C (test for excess errors)
FAIL: g++.robertl/eb36.C (test for excess errors)
FAIL: g++.robertl/eb39.C (test for excess errors)
FAIL: g++.robertl/eb4.C (test for excess errors)
FAIL: g++.robertl/eb41.C (test for excess errors)
FAIL: g++.robertl/eb43.C (test for excess errors)
FAIL: g++.robertl/eb44.C (test for excess errors)
FAIL: g++.robertl/eb46.C (test for excess errors)
FAIL: g++.robertl/eb54.C (test for excess errors)
FAIL: g++.robertl/eb55.C (test for excess errors)
FAIL: g++.robertl/eb59.C (test for excess errors)
FAIL: g++.robertl/eb60.C (test for excess errors)
FAIL: g++.robertl/eb62.C (test for excess errors)
FAIL: g++.robertl/eb65.C (test for excess errors)
FAIL: g++.robertl/eb66.C (test for excess errors)
FAIL: g++.robertl/eb7.C (test for excess errors)
FAIL: g++.robertl/eb73.C (test for excess errors)
FAIL: g++.robertl/eb77.C (test for excess errors)
FAIL: g++.robertl/eb79.C (test for excess errors)
FAIL: g++.robertl/eb83.C caused compiler crash
FAIL: g++.robertl/eb91.C (test for excess errors)
FAIL: g++.warn/iomanip.C (test for excess errors)

		=== g++ Summary ===

# of expected passes		6404
# of unexpected failures	144
# of unexpected successes	4
# of expected failures		145
# of untested testcases		21
/home/build-rpm/BUILD/obj-gcc-20010922/gcc/testsuite/../g++ version 3.1 20010921 (experimental)

		=== g77 tests ===


Running target unix
FAIL: g77.dg/bprob/bprob-1.f compilation,  -g  -fprofile-arcs
FAIL: g77.dg/bprob/bprob-1.f compilation,  -O0  -fprofile-arcs
FAIL: g77.dg/bprob/bprob-1.f compilation,  -O1  -fprofile-arcs
FAIL: g77.dg/bprob/bprob-1.f compilation,  -O2  -fprofile-arcs
FAIL: g77.dg/bprob/bprob-1.f compilation,  -O3  -fprofile-arcs
FAIL: g77.dg/bprob/bprob-1.f compilation,  -O3 -g  -fprofile-arcs
FAIL: g77.dg/bprob/bprob-1.f compilation,  -Os  -fprofile-arcs
FAIL: g77.dg/gcov/gcov-1.f (test for excess errors)
FAIL: g77.dg/gcov/gcov-1.f gcov: 126 failures in line counts, 32 in branch percentages, 24 in return percentages
FAIL: g77.f-torture/compile/20000511-2.f,  -O3 -g  
FAIL: g77.f-torture/compile/20000629-1.f,  -O3 -g  
FAIL: g77.f-torture/execute/19981119-0.f compilation,  -O3 -g 
FAIL: g77.f-torture/execute/20010430.f execution,  -O2 
FAIL: g77.f-torture/execute/20010430.f execution,  -O3 -fomit-frame-pointer 
FAIL: g77.f-torture/execute/20010430.f execution,  -O3 -fomit-frame-pointer -funroll-loops 
FAIL: g77.f-torture/execute/20010430.f execution,  -O3 -fomit-frame-pointer -funroll-all-loops -finline-functions 
FAIL: g77.f-torture/execute/20010430.f execution,  -O3 -g 

		=== g77 Summary ===

# of expected passes		1292
# of unexpected failures	17
# of unresolved testcases	21
# of untested testcases		1
# of unsupported tests		8
		=== gcc tests ===


Running target unix
FAIL: gcc.c-torture/compile/20001226-1.c,  -O3 -g  
FAIL: gcc.c-torture/compile/20001226-1.c,  -Os  
FAIL: gcc.c-torture/execute/980709-1.c execution,  -O0 
FAIL: gcc.c-torture/execute/990208-1.c execution,  -O3 -fomit-frame-pointer 
FAIL: gcc.c-torture/execute/990208-1.c execution,  -O3 -g 
FAIL: gcc.dg/pack-test-1.c (test for excess errors)
FAIL: gcc.dg/pack-test-2.c  (test for errors, line 7)
FAIL: gcc.dg/pack-test-2.c  (test for errors, line 14)
FAIL: gcc.dg/pack-test-2.c  (test for errors, line 19)
FAIL: gcc.dg/pack-test-2.c (test for excess errors)
FAIL: gcc.misc-tests/bprob-1.c compilation,  -g  -fprofile-arcs
FAIL: gcc.misc-tests/bprob-1.c compilation,  -O0  -fprofile-arcs
FAIL: gcc.misc-tests/bprob-1.c compilation,  -O1  -fprofile-arcs
FAIL: gcc.misc-tests/bprob-1.c compilation,  -O2 -DPERFTIME  -fprofile-arcs
FAIL: gcc.misc-tests/bprob-1.c compilation,  -O3 -DPERFTIME  -fprofile-arcs
FAIL: gcc.misc-tests/bprob-1.c compilation,  -O3 -g -DPERFTIME  -fprofile-arcs
FAIL: gcc.misc-tests/bprob-1.c compilation,  -Os  -fprofile-arcs
FAIL: gcc.misc-tests/bprob-2.c compilation,  -g  -fprofile-arcs
FAIL: gcc.misc-tests/bprob-2.c compilation,  -O0  -fprofile-arcs
FAIL: gcc.misc-tests/bprob-2.c compilation,  -O1  -fprofile-arcs
FAIL: gcc.misc-tests/bprob-2.c compilation,  -O2 -DPERFTIME  -fprofile-arcs
FAIL: gcc.misc-tests/bprob-2.c compilation,  -O3 -DPERFTIME  -fprofile-arcs
FAIL: gcc.misc-tests/bprob-2.c compilation,  -O3 -g -DPERFTIME  -fprofile-arcs
FAIL: gcc.misc-tests/bprob-2.c compilation,  -Os  -fprofile-arcs
FAIL: gcc.misc-tests/gcov-1.c (test for excess errors)
FAIL: gcc.misc-tests/gcov-1.c gcov: 3 failures in line counts
FAIL: gcc.misc-tests/gcov-2.c (test for excess errors)
FAIL: gcc.misc-tests/gcov-2.c gcov: 3 failures in line counts
FAIL: gcc.misc-tests/gcov-3.c (test for excess errors)
FAIL: gcc.misc-tests/gcov-3.c gcov: 2 failures in line counts
FAIL: gcc.misc-tests/gcov-4.c (test for excess errors)
FAIL: gcc.misc-tests/gcov-4.c gcov: 50 failures in line counts
FAIL: gcc.misc-tests/gcov-4b.c (test for excess errors)
FAIL: gcc.misc-tests/gcov-4b.c gcov: 24 failures in branch percentages
FAIL: gcc.misc-tests/gcov-5b.c (test for excess errors)
FAIL: gcc.misc-tests/gcov-6.c (test for excess errors)
FAIL: gcc.misc-tests/gcov-6.c gcov: 3 failures in line counts, 1 in branch percentages, 3 in return percentages
FAIL: gcc.misc-tests/gcov-7.c (test for excess errors)
FAIL: gcc.misc-tests/gcov-7.c gcov: 9 failures in line counts, 3 in branch percentages, 4 in return percentages

		=== gcc Summary ===

# of expected passes		15712
# of unexpected failures	39
# of expected failures		67
# of unresolved testcases	42
# of unsupported tests		56
/home/build-rpm/BUILD/obj-gcc-20010922/gcc/xgcc version 3.1 20010921 (experimental)

		=== objc tests ===


Running target unix
FAIL: objc/execute/formal_protocol-6.m execution,  -O 
FAIL: objc.dg/method-2.m  (test for warnings, line 25)
FAIL: objc.dg/method-2.m  (test for warnings, line 25)

		=== objc Summary ===

# of expected passes		205
# of unexpected failures	3
/home/build-rpm/BUILD/obj-gcc-20010922/gcc/xgcc version 3.1 20010921 (experimental)


Compiler version: 3.1 20010921 (experimental) 
Platform: armv3l-unknown-linux-gnu
configure flags: --host=armv3l-unknown-linux-gnu --enable-languages=c,c++,objc,f77 --prefix=/usr/local --enable-shared --enable-threads --without-cvs



More information about the Gcc-testresults mailing list