Results for 3.1 20010921 (experimental) testsuite on i686-pc-linux-gnu
Brad Lucier
lucier@IRO.UMontreal.CA
Fri Sep 21 08:38:00 GMT 2001
LAST_UPDATED: Fri Sep 21 14:04:44 UTC 2001
Native configuration is i686-pc-linux-gnu
=== g77 tests ===
Running target unix
=== g77 Summary ===
# of expected passes 1348
=== gcc tests ===
Running target unix
FAIL: gcc.c-torture/execute/20010904-1.c execution, -O0
FAIL: gcc.c-torture/execute/20010904-1.c execution, -O1
FAIL: gcc.c-torture/execute/20010904-1.c execution, -O2
FAIL: gcc.c-torture/execute/20010904-1.c execution, -O3 -fomit-frame-pointer
FAIL: gcc.c-torture/execute/20010904-1.c execution, -O3 -g
FAIL: gcc.c-torture/execute/20010904-1.c execution, -Os
FAIL: gcc.c-torture/execute/20010904-2.c execution, -O0
FAIL: gcc.c-torture/execute/20010904-2.c execution, -O1
FAIL: gcc.c-torture/execute/20010904-2.c execution, -O2
FAIL: gcc.c-torture/execute/20010904-2.c execution, -O3 -fomit-frame-pointer
FAIL: gcc.c-torture/execute/20010904-2.c execution, -O3 -g
FAIL: gcc.c-torture/execute/20010904-2.c execution, -Os
FAIL: gcc.c-torture/execute/loop-2c.c execution, -Os
FAIL: gcc.c-torture/execute/loop-2d.c execution, -Os
FAIL: gcc.c-torture/execute/loop-2e.c execution, -Os
FAIL: gcc.c-torture/execute/loop-3c.c execution, -Os
=== gcc Summary ===
# of expected passes 15843
# of unexpected failures 16
# of expected failures 67
# of unsupported tests 23
/u/lucier/programs/gcc/gcc-3.1/objdir/gcc/xgcc version 3.1 20010921 (experimental)
=== g++ tests ===
Running target unix
FAIL: g++.other/enum5.C (test for excess errors)
XPASS: g++.pt/decl2.C ICE - (test for errors, line 8)
XPASS: g++.robertl/eb17.C Execution test
=== g++ Summary ===
# of expected passes 6620
# of unexpected failures 1
# of unexpected successes 2
# of expected failures 95
# of untested testcases 9
/u/lucier/programs/gcc/gcc-3.1/objdir/gcc/testsuite/../g++ version 3.1 20010921 (experimental)
=== objc tests ===
Running target unix
FAIL: objc/execute/formal_protocol-6.m execution, -O
FAIL: objc.dg/method-2.m (test for warnings, line 25)
FAIL: objc.dg/method-2.m (test for warnings, line 25)
=== objc Summary ===
# of expected passes 205
# of unexpected failures 3
/u/lucier/programs/gcc/gcc-3.1/objdir/gcc/xgcc version 3.1 20010921 (experimental)
=== libjava tests ===
Running target unix
FAIL: register run
FAIL: Primes output from source compiled test
FAIL: Primes output from bytecode->native test
FAIL: Primes -O output from source compiled test
FAIL: Primes -O output from bytecode->native test
FAIL: TLtest execution from source compiled test
FAIL: TLtest execution from bytecode->native test
FAIL: TLtest -O execution from source compiled test
FAIL: TLtest -O execution from bytecode->native test
XPASS: stringconst output from bytecode->native test
XPASS: stringconst -O output from bytecode->native test
=== libjava Summary ===
# of expected passes 1799
# of unexpected failures 9
# of unexpected successes 2
# of expected failures 16
# of untested testcases 93
=== libstdc++-v3 tests ===
Running target unix
FAIL: 22_locale/codecvt.cc (test for excess errors)
XPASS: 22_locale/collate_members_wchar_t.cc execution test
=== libstdc++-v3 Summary ===
# of expected passes 310
# of unexpected failures 1
# of unexpected successes 1
# of expected failures 24
Compiler version: 3.1 20010921 (experimental)
Platform: i686-pc-linux-gnu
configure flags: --host=i686-pc-linux-gnu
Counting all warnings,
there are 55 warnings in stage3 of this bootstrap.
Number of warnings per file:
23 gcc/combine.c
6 gcc/cp/pt.c
5 gcc/cse.c
5 gcc/cp/error.c
3 gcc/gcc.c
2 gcc/tlink.c
2 gcc/fold-const.c
1 gcc/rtlanal.c
1 gcc/objc/lang-specs.h
1 gcc/java/jvspec.c
1 gcc/integrate.c
1 gcc/flow.c
1 gcc/f/lang-specs.h
1 gcc/cp/lang-specs.h
1 gcc/cp/errfn.c
1 gcc/builtins.c
Number of warning types:
34 comparison between signed and unsigned
7 string length \`???' is greater than the length \`???' ISO C89 compilers are required to support
5 initialization from incompatible pointer type
2 unused parameter \`???'
2 passing arg ??? of \`???' discards qualifiers from pointer target type
1 unused variable \`???'
1 signed and unsigned type in conditional expression
1 pointer targets in passing arg ??? of \`???' differ in signedness
1 implicit declaration of function \`???'
1 function declaration isn't a prototype
More information about the Gcc-testresults
mailing list