Results for 3.1 20010913 (experimental) testsuite on i686-pc-linux-gnu
Andreas Jaeger
aj@suse.de
Thu Sep 13 22:08:00 GMT 2001
LAST_UPDATED: Thu Sep 13 18:16:18 UTC 2001
Native configuration is i686-pc-linux-gnu
=== g++ tests ===
Running target unix
FAIL: g++.bugs/900210_02.C (test for errors, line 109)
FAIL: g++.other/enum5.C (test for excess errors)
XPASS: g++.pt/decl2.C ICE - (test for errors, line 8)
XPASS: g++.robertl/eb17.C Execution test
=== g++ Summary ===
# of expected passes 6618
# of unexpected failures 2
# of unexpected successes 2
# of expected failures 95
# of untested testcases 9
/builds/gcc/gcc-3.1-devel/gcc/testsuite/../g++ version 3.1 20010913 (experimental)
=== g77 tests ===
Running target unix
=== g77 Summary ===
# of expected passes 1317
=== gcc tests ===
Running target unix
FAIL: gcc.c-torture/execute/20010904-1.c execution, -O0
FAIL: gcc.c-torture/execute/20010904-1.c execution, -O1
FAIL: gcc.c-torture/execute/20010904-1.c execution, -O2
FAIL: gcc.c-torture/execute/20010904-1.c execution, -O3 -fomit-frame-pointer
FAIL: gcc.c-torture/execute/20010904-1.c execution, -O3 -g
FAIL: gcc.c-torture/execute/20010904-1.c execution, -Os
FAIL: gcc.c-torture/execute/20010904-2.c execution, -O0
FAIL: gcc.c-torture/execute/20010904-2.c execution, -O1
FAIL: gcc.c-torture/execute/20010904-2.c execution, -O2
FAIL: gcc.c-torture/execute/20010904-2.c execution, -O3 -fomit-frame-pointer
FAIL: gcc.c-torture/execute/20010904-2.c execution, -O3 -g
FAIL: gcc.c-torture/execute/20010904-2.c execution, -Os
FAIL: gcc.c-torture/execute/loop-2c.c execution, -Os
FAIL: gcc.c-torture/execute/loop-2d.c execution, -Os
FAIL: gcc.c-torture/execute/loop-2e.c execution, -Os
FAIL: gcc.c-torture/execute/loop-3c.c execution, -Os
FAIL: gcc.dg/format/c99-scanf-1.c %hhu sign (test for warnings, line 144)
FAIL: gcc.dg/format/c99-scanf-1.c (test for excess errors)
=== gcc Summary ===
# of expected passes 15819
# of unexpected failures 18
# of expected failures 66
# of unsupported tests 23
/builds/gcc/gcc-3.1-devel/gcc/xgcc version 3.1 20010913 (experimental)
=== objc tests ===
Running target unix
FAIL: objc/execute/formal_protocol-6.m execution, -O
FAIL: objc.dg/method-2.m (test for warnings, line 25)
FAIL: objc.dg/method-2.m (test for warnings, line 25)
=== objc Summary ===
# of expected passes 205
# of unexpected failures 3
/builds/gcc/gcc-3.1-devel/gcc/xgcc version 3.1 20010913 (experimental)
=== libjava tests ===
Running target unix
FAIL: register run
FAIL: Primes output from source compiled test
FAIL: Primes output from bytecode->native test
FAIL: Primes -O output from source compiled test
FAIL: Primes -O output from bytecode->native test
XPASS: stringconst output from bytecode->native test
XPASS: stringconst -O output from bytecode->native test
=== libjava Summary ===
# of expected passes 1879
# of unexpected failures 5
# of unexpected successes 2
# of expected failures 16
# of untested testcases 17
=== libstdc++-v3 tests ===
Running target unix
FAIL: 22_locale/codecvt.cc (test for excess errors)
XPASS: 22_locale/members.cc execution test
XPASS: 22_locale/messages_byname.cc execution test
XPASS: 22_locale/messages_members_char.cc execution test
XPASS: 22_locale/money_put_members_char.cc execution test
XPASS: 22_locale/moneypunct_byname.cc execution test
XPASS: 22_locale/moneypunct_members_char.cc execution test
XPASS: 22_locale/moneypunct_members_wchar_t.cc execution test
XPASS: 22_locale/numpunct_byname.cc execution test
XPASS: 22_locale/numpunct_members_char.cc execution test
XPASS: 23_containers/map_operators.cc (test for errors, line 43)
XPASS: 23_containers/map_operators.cc (test for errors, line 44)
=== libstdc++-v3 Summary ===
# of expected passes 301
# of unexpected failures 1
# of unexpected successes 11
# of expected failures 11
Compiler version: 3.1 20010913 (experimental)
Platform: i686-pc-linux-gnu
configure flags: --host=i686-pc-linux-gnu --prefix=/opt/gcc-3.1-devel --enable-shared --enable-threads=posix --enable-clocale=gnu --with-gnu-as --with-gnu-ld --disable-nls --with-system-zlib --enable-languages=c,objc,c++,f77,java
More information about the Gcc-testresults
mailing list