Results for 3.1 20010912 (experimental) testsuite on sparc-sun-solaris2.8
lucier@math.purdue.edu
lucier@math.purdue.edu
Wed Sep 12 10:57:00 GMT 2001
LAST_UPDATED: Wed Sep 12 15:13:04 UTC 2001
Native configuration is sparc-sun-solaris2.8
=== g++ tests ===
Running target unix
FAIL: g++.dg/ext/instantiate1.C suppressing f<int> (test for errors, line )
FAIL: g++.dg/ext/instantiate1.C suppressing A<int> (test for errors, line )
FAIL: g++.dg/ext/instantiate1.C (test for excess errors)
FAIL: g++.dg/special/conpr-2.C execution test
FAIL: g++.dg/special/conpr-3.C execution test
FAIL: g++.dg/special/initp1.C execution test
FAIL: g++.ext/instantiate2.C not instantiated (test for errors, line 19)
FAIL: g++.ext/instantiate3.C not instantiated (test for errors, line 13)
FAIL: g++.other/crash18.C (test for excess errors)
FAIL: g++.other/enum5.C (test for excess errors)
XPASS: g++.pt/decl2.C ICE - (test for errors, line 8)
XPASS: g++.robertl/eb17.C Execution test
=== g++ Summary ===
# of expected passes 6593
# of unexpected failures 10
# of unexpected successes 2
# of expected failures 95
# of untested testcases 19
/export/home/lucier/gcc/gcc-3.1/objdir/gcc/testsuite/../g++ version 3.1 20010912 (experimental)
=== g77 tests ===
Running target unix
FAIL: g77.f-torture/execute/20010430.f execution, -O2
FAIL: g77.f-torture/execute/20010430.f execution, -O3 -fomit-frame-pointer
FAIL: g77.f-torture/execute/20010430.f execution, -O3 -fomit-frame-pointer -funroll-loops
FAIL: g77.f-torture/execute/20010430.f execution, -O3 -fomit-frame-pointer -funroll-all-loops -finline-functions
FAIL: g77.f-torture/execute/20010430.f execution, -O3 -g
FAIL: g77.f-torture/execute/io0.f execution, -O0
FAIL: g77.f-torture/execute/io0.f execution, -O1
FAIL: g77.f-torture/execute/io0.f execution, -O2
FAIL: g77.f-torture/execute/io0.f execution, -O3 -fomit-frame-pointer
FAIL: g77.f-torture/execute/io0.f execution, -O3 -g
FAIL: g77.f-torture/execute/io0.f execution, -Os
FAIL: g77.f-torture/execute/io1.f execution, -O0
FAIL: g77.f-torture/execute/io1.f execution, -O1
FAIL: g77.f-torture/execute/io1.f execution, -O2
FAIL: g77.f-torture/execute/io1.f execution, -O3 -fomit-frame-pointer
FAIL: g77.f-torture/execute/io1.f execution, -O3 -g
FAIL: g77.f-torture/execute/io1.f execution, -Os
=== g77 Summary ===
# of expected passes 1262
# of unexpected failures 17
# of expected failures 14
# of untested testcases 8
# of unsupported tests 8
=== gcc tests ===
Running target unix
FAIL: gcc.dg/cpp/charconst.c (test for excess errors)
FAIL: gcc.dg/cpp/ucs.c bad U1234abcd evaluation (test for bogus messages, line 14)
FAIL: gcc.dg/cpp/ucs.c (test for warnings, line 24)
FAIL: gcc.dg/cpp/ucs.c (test for excess errors)
FAIL: gcc.dg/20001013-1.c (test for excess errors)
FAIL: gcc.dg/c99-float-1.c (test for excess errors)
=== gcc Summary ===
# of expected passes 15767
# of unexpected failures 6
# of expected failures 66
# of unresolved testcases 3
# of unsupported tests 52
/export/home/lucier/gcc/gcc-3.1/objdir/gcc/xgcc version 3.1 20010912 (experimental)
=== libstdc++-v3 tests ===
Running target unix
FAIL: 21_strings/c_strings.cc execution test
FAIL: 22_locale/codecvt.cc (test for excess errors)
XPASS: 22_locale/collate_members_wchar_t.cc execution test
XPASS: 22_locale/money_put_members_wchar_t.cc execution test
XPASS: 22_locale/moneypunct_members_wchar_t.cc execution test
XPASS: 26_numerics/c99_classification_macros_c.cc (test for excess errors)
FAIL: 27_io/ios_members.cc execution test
=== libstdc++-v3 Summary ===
# of expected passes 299
# of unexpected failures 3
# of unexpected successes 4
# of expected failures 18
Compiler version: 3.1 20010912 (experimental)
Platform: sparc-sun-solaris2.8
configure flags: --host=sparc-sun-solaris2.8 --enable-languages=c,c++,f77,java
Counting all warnings,
there are 42 warnings in stage3 of this bootstrap.
Number of warnings per file:
10 gcc/gcc.c
6 gcc/cp/pt.c
5 gcc/cp/error.c
4 gcc/unwind-dw2.c
3 gcc/combine.c
2 gcc/tlink.c
2 gcc/reload1.c
2 gcc/libgcc2.c
1 gcc/java/jvspec.c
1 gcc/fold-const.c
1 gcc/f/lang-specs.h
1 gcc/cp/lang-specs.h
1 gcc/cp/errfn.c
1 gcc/cp/class.c
1 gcc/builtins.c
1 gcc/bb-reorder.c
Number of warning types:
11 string length \`???' is greater than the length \`???' ISO C89 compilers are required to support
8 comparison between signed and unsigned
5 initialization from incompatible pointer type
3 signed and unsigned type in conditional expression
2 traditional C rejects string concatenation
2 passing arg ??? of \`???' discards qualifiers from pointer target type
2 missing braces around initializer
2 implicit declaration of function \`???'
2 (near initialization for \`???')
1 unused variable \`???'
1 pointer targets in passing arg ??? of \`???' differ in signedness
1 function declaration isn't a prototype
1 \`???' defined but not used
1 ??? format, ??? arg (arg ???)
More information about the Gcc-testresults
mailing list