Results for 3.1 20010909 (experimental) testsuite on sparc-redhat-linux-gnu
Horst von Brand
vonbrand@inf.utfsm.cl
Mon Sep 10 04:21:00 GMT 2001
LAST_UPDATED: Mon Sep 10 01:17:36 UTC 2001
Native configuration is sparc-redhat-linux-gnu
=== g++ tests ===
Running target unix
FAIL: g++.dg/special/conpr-2.C execution test
FAIL: g++.dg/special/conpr-3.C execution test
FAIL: g++.dg/special/initp1.C execution test
FAIL: g++.other/enum5.C (test for excess errors)
XPASS: g++.robertl/eb17.C Execution test
=== g++ Summary ===
# of expected passes 6597
# of unexpected failures 4
# of unexpected successes 1
# of expected failures 96
# of untested testcases 20
/usr/src/build/GCC/build-gcc-cvs/gcc/testsuite/../g++ version 3.1 20010909 (experimental)
=== g77 tests ===
Running target unix
FAIL: g77.f-torture/execute/20010430.f execution, -O2
FAIL: g77.f-torture/execute/20010430.f execution, -O3 -fomit-frame-pointer
FAIL: g77.f-torture/execute/20010430.f execution, -O3 -fomit-frame-pointer -funroll-loops
FAIL: g77.f-torture/execute/20010430.f execution, -O3 -fomit-frame-pointer -funroll-all-loops -finline-functions
FAIL: g77.f-torture/execute/20010430.f execution, -O3 -g
FAIL: g77.f-torture/execute/f90-intrinsic-bit.f execution, -O1
=== g77 Summary ===
# of expected passes 1295
# of unexpected failures 6
# of unsupported tests 8
=== gcc tests ===
Running target unix
FAIL: gcc.c-torture/compile/20001226-1.c, -O3 -g
FAIL: gcc.dg/20001013-1.c (test for excess errors)
FAIL: gcc.dg/pack-test-1.c (test for excess errors)
FAIL: gcc.dg/pack-test-2.c (test for errors, line 7)
FAIL: gcc.dg/pack-test-2.c (test for errors, line 14)
FAIL: gcc.dg/pack-test-2.c (test for errors, line 19)
FAIL: gcc.dg/pack-test-2.c (test for excess errors)
=== gcc Summary ===
# of expected passes 15704
# of unexpected failures 7
# of expected failures 66
# of unsupported tests 49
/usr/src/build/GCC/build-gcc-cvs/gcc/xgcc version 3.1 20010909 (experimental)
=== objc tests ===
Running target unix
FAIL: objc/execute/formal_protocol-6.m execution, -O
FAIL: objc.dg/method-2.m (test for warnings, line 25)
FAIL: objc.dg/method-2.m (test for warnings, line 25)
=== objc Summary ===
# of expected passes 205
# of unexpected failures 3
/usr/src/build/GCC/build-gcc-cvs/gcc/xgcc version 3.1 20010909 (experimental)
=== libjava tests ===
Running target unix
FAIL: BlankFinal compilation from bytecode
FAIL: G19990210_3 compilation from bytecode
FAIL: PR232B compilation from bytecode
FAIL: assignment compilation from bytecode
FAIL: calls output
FAIL: register run
FAIL: Invoke_1 execution from source compiled test
FAIL: Invoke_1 execution from bytecode->native test
FAIL: Invoke_1 -O execution from source compiled test
FAIL: Invoke_1 -O execution from bytecode->native test
FAIL: PR218 execution from source compiled test
FAIL: PR218 execution from bytecode->native test
FAIL: PR218 -O execution from source compiled test
FAIL: PR218 -O execution from bytecode->native test
FAIL: Primes output from source compiled test
FAIL: Primes output from bytecode->native test
FAIL: Primes -O output from source compiled test
FAIL: Primes -O output from bytecode->native test
FAIL: Thread_Alive compilation from bytecode
FAIL: Thread_Interrupt compilation from bytecode
FAIL: Thread_Join compilation from bytecode
FAIL: Thread_Sleep compilation from bytecode
FAIL: Thread_Wait compilation from bytecode
FAIL: Thread_Wait_2 compilation from bytecode
FAIL: Thread_Wait_Interrupt compilation from bytecode
XPASS: stringconst output from bytecode->native test
XPASS: stringconst -O output from bytecode->native test
FAIL: TLtest compilation from source
FAIL: TLtest compilation from bytecode
FAIL: TLtest -O execution from source compiled test
FAIL: TLtest -O execution from bytecode->native test
FAIL: invokethrow execution from source compiled test
FAIL: invokethrow execution from bytecode->native test
FAIL: invokethrow -O execution from source compiled test
FAIL: invokethrow -O execution from bytecode->native test
FAIL: SyncTest compilation from bytecode
=== libjava Summary ===
# of expected passes 1760
# of unexpected failures 34
# of unexpected successes 2
# of expected failures 16
# of untested testcases 107
=== libstdc++-v3 tests ===
Running target unix
=== libstdc++-v3 Summary ===
Compiler version: 3.1 20010909 (experimental)
Platform: sparc-redhat-linux-gnu
configure flags: --host=sparc-redhat-linux --prefix=/usr
More information about the Gcc-testresults
mailing list