Results for 3.1 20010909 (experimental) testsuite on i686-redhat-linux-gnu

Horst von Brand vonbrand@sleipnir.valparaiso.cl
Sun Sep 9 09:54:00 GMT 2001


LAST_UPDATED: Sun Sep  9 11:49:33 UTC 2001

Native configuration is i686-redhat-linux-gnu

		=== g77 tests ===


Running target unix

		=== g77 Summary ===

# of expected passes		1317
		=== gcc tests ===


Running target unix
FAIL: gcc.c-torture/execute/20010904-1.c execution,  -O0 
FAIL: gcc.c-torture/execute/20010904-1.c execution,  -O1 
FAIL: gcc.c-torture/execute/20010904-1.c execution,  -O2 
FAIL: gcc.c-torture/execute/20010904-1.c execution,  -O3 -fomit-frame-pointer 
FAIL: gcc.c-torture/execute/20010904-1.c execution,  -O3 -g 
FAIL: gcc.c-torture/execute/20010904-1.c execution,  -Os 
FAIL: gcc.c-torture/execute/20010904-2.c execution,  -O0 
FAIL: gcc.c-torture/execute/20010904-2.c execution,  -O1 
FAIL: gcc.c-torture/execute/20010904-2.c execution,  -O2 
FAIL: gcc.c-torture/execute/20010904-2.c execution,  -O3 -fomit-frame-pointer 
FAIL: gcc.c-torture/execute/20010904-2.c execution,  -O3 -g 
FAIL: gcc.c-torture/execute/20010904-2.c execution,  -Os 
FAIL: gcc.c-torture/execute/loop-2c.c execution,  -Os 
FAIL: gcc.c-torture/execute/loop-2d.c execution,  -Os 
FAIL: gcc.c-torture/execute/loop-2e.c execution,  -Os 
FAIL: gcc.c-torture/execute/loop-3c.c execution,  -Os 
FAIL: gcc.dg/format/ext-3.c bad %-_ (test for warnings, line 211)
FAIL: gcc.dg/format/ext-3.c bad %-0 (test for warnings, line 212)
FAIL: gcc.dg/format/ext-3.c bad %_0 (test for warnings, line 213)
FAIL: gcc.dg/format/ext-3.c bad %^# (test for warnings, line 215)
FAIL: gcc.dg/format/ext-3.c (test for excess errors)
FAIL: gcc.dg/format/xopen-1.c multiple use of scanf argument (test for warnings, line 115)

		=== gcc Summary ===

# of expected passes		15735
# of unexpected failures	22
# of expected failures		66
# of unsupported tests		23
/usr/src/build/GCC/build-gcc-20010909/gcc/xgcc version 3.1 20010909 (experimental)

		=== g++ tests ===


Running target unix
FAIL: g++.other/enum5.C (test for excess errors)
XPASS: g++.robertl/eb17.C  Execution test

		=== g++ Summary ===

# of expected passes		6616
# of unexpected failures	1
# of unexpected successes	1
# of expected failures		96
# of untested testcases		9
/usr/src/build/GCC/build-gcc-20010909/gcc/testsuite/../g++ version 3.1 20010909 (experimental)

		=== objc tests ===


Running target unix
FAIL: objc/execute/formal_protocol-6.m execution,  -O 
FAIL: objc.dg/method-2.m  (test for warnings, line 25)
FAIL: objc.dg/method-2.m  (test for warnings, line 25)

		=== objc Summary ===

# of expected passes		205
# of unexpected failures	3
/usr/src/build/GCC/build-gcc-20010909/gcc/xgcc version 3.1 20010909 (experimental)

		=== libjava tests ===


Running target unix
FAIL: register run
FAIL: Primes output from source compiled test
FAIL: Primes output from bytecode->native test
FAIL: Primes -O output from source compiled test
FAIL: Primes -O output from bytecode->native test
XPASS: stringconst output from bytecode->native test
XPASS: stringconst -O output from bytecode->native test

		=== libjava Summary ===

# of expected passes		1879
# of unexpected failures	5
# of unexpected successes	2
# of expected failures		16
# of untested testcases		17
		=== libstdc++-v3 tests ===


Running target unix
FAIL: 22_locale/codecvt.cc (test for excess errors)
XPASS: 22_locale/collate_members_wchar_t.cc execution test
XPASS: 22_locale/money_put_members_char.cc execution test

		=== libstdc++-v3 Summary ===

# of expected passes		299
# of unexpected failures	1
# of unexpected successes	2
# of expected failures		18

Compiler version: 3.1 20010909 (experimental) 
Platform: i686-redhat-linux-gnu
configure flags: --host=i686-redhat-linux --enable-shared --enable-threads --enable-haifa --enable-cpp --with-system-zlib --prefix=/usr



More information about the Gcc-testresults mailing list