Results for 3.1 20010907 (experimental) testsuite on i386-unknown-freebsd5.0
Loren James Rittle
ljrittle@ref5.freebsd.org
Sat Sep 8 02:59:00 GMT 2001
LAST_UPDATED: Sat Sep 8 06:00:34 GMT 2001
Native configuration is i386-unknown-freebsd5.0
=== g++ tests ===
Running target unix
FAIL: g++.other/enum5.C (test for excess errors)
XPASS: g++.robertl/eb17.C Execution test
=== g++ Summary for unix ===
# of expected passes 6609
# of unexpected failures 1
# of unexpected successes 1
# of expected failures 96
# of untested testcases 15
Running target unix/-pthread -fpic
FAIL: g++.dg/eh/omit-frame-pointer.C execution test
FAIL: g++.dg/opt/vtgc1.C (test for excess errors)
FAIL: g++.eh/badalloc1.C Execution test
FAIL: g++.other/crash18.C (test for excess errors)
FAIL: g++.other/enum5.C (test for excess errors)
XPASS: g++.robertl/eb17.C Execution test
=== g++ Summary for unix/-pthread -fpic ===
# of expected passes 6592
# of unexpected failures 5
# of unexpected successes 1
# of expected failures 96
# of unresolved testcases 1
# of untested testcases 15
=== g++ Summary ===
# of expected passes 13201
# of unexpected failures 6
# of unexpected successes 2
# of expected failures 192
# of unresolved testcases 1
# of untested testcases 30
/local0/scratch/ljrittle/gcc-build-ref5-0907/gcc/testsuite/../g++ version 3.1 20010907 (experimental)
=== g77 tests ===
Running target unix
FAIL: g77.f-torture/compile/20000511-2.f, -O3 -g
FAIL: g77.f-torture/compile/20000629-1.f, -O3 -g
FAIL: g77.f-torture/execute/19981119-0.f compilation, -O3 -g
FAIL: g77.f-torture/execute/io1.f execution, -O0
FAIL: g77.f-torture/execute/io1.f execution, -O1
FAIL: g77.f-torture/execute/io1.f execution, -O2
FAIL: g77.f-torture/execute/io1.f execution, -O3 -fomit-frame-pointer
FAIL: g77.f-torture/execute/io1.f execution, -O3 -g
FAIL: g77.f-torture/execute/io1.f execution, -Os
=== g77 Summary for unix ===
# of expected passes 1291
# of unexpected failures 9
# of untested testcases 1
# of unsupported tests 8
Running target unix/-pthread -fpic
FAIL: g77.f-torture/compile/20000511-2.f, -O3 -g
FAIL: g77.f-torture/compile/20000629-1.f, -O3 -g
FAIL: g77.f-torture/execute/19981119-0.f compilation, -O3 -g
FAIL: g77.f-torture/execute/io1.f execution, -O0
FAIL: g77.f-torture/execute/io1.f execution, -O1
FAIL: g77.f-torture/execute/io1.f execution, -O2
FAIL: g77.f-torture/execute/io1.f execution, -O3 -fomit-frame-pointer
FAIL: g77.f-torture/execute/io1.f execution, -O3 -g
FAIL: g77.f-torture/execute/io1.f execution, -Os
=== g77 Summary for unix/-pthread -fpic ===
# of expected passes 1291
# of unexpected failures 9
# of untested testcases 1
# of unsupported tests 8
=== g77 Summary ===
# of expected passes 2582
# of unexpected failures 18
# of untested testcases 2
# of unsupported tests 16
=== gcc tests ===
Running target unix
FAIL: gcc.c-torture/execute/20010904-1.c execution, -O0
FAIL: gcc.c-torture/execute/20010904-1.c execution, -O1
FAIL: gcc.c-torture/execute/20010904-1.c execution, -O2
FAIL: gcc.c-torture/execute/20010904-1.c execution, -O3 -fomit-frame-pointer
FAIL: gcc.c-torture/execute/20010904-1.c execution, -O3 -g
FAIL: gcc.c-torture/execute/20010904-1.c execution, -Os
FAIL: gcc.c-torture/execute/20010904-2.c execution, -O0
FAIL: gcc.c-torture/execute/20010904-2.c execution, -O1
FAIL: gcc.c-torture/execute/20010904-2.c execution, -O2
FAIL: gcc.c-torture/execute/20010904-2.c execution, -O3 -fomit-frame-pointer
FAIL: gcc.c-torture/execute/20010904-2.c execution, -O3 -g
FAIL: gcc.c-torture/execute/20010904-2.c execution, -Os
FAIL: gcc.c-torture/execute/loop-2c.c execution, -Os
FAIL: gcc.c-torture/execute/loop-2d.c execution, -Os
FAIL: gcc.c-torture/execute/loop-3c.c execution, -Os
XPASS: gcc.c-torture/execute/ieee/rbug.c execution, -O3 -fomit-frame-pointer
XPASS: gcc.c-torture/execute/ieee/rbug.c execution, -O3 -g
=== gcc Summary for unix ===
# of expected passes 15725
# of unexpected failures 15
# of unexpected successes 2
# of expected failures 70
# of unsupported tests 27
Running target unix/-pthread -fpic
FAIL: gcc.c-torture/compile/20000804-1.c, -O0
FAIL: gcc.c-torture/execute/20010904-1.c execution, -O0
FAIL: gcc.c-torture/execute/20010904-1.c execution, -O1
FAIL: gcc.c-torture/execute/20010904-1.c execution, -O2
FAIL: gcc.c-torture/execute/20010904-1.c execution, -O3 -fomit-frame-pointer
FAIL: gcc.c-torture/execute/20010904-1.c execution, -O3 -g
FAIL: gcc.c-torture/execute/20010904-1.c execution, -Os
FAIL: gcc.c-torture/execute/20010904-2.c execution, -O0
FAIL: gcc.c-torture/execute/20010904-2.c execution, -O1
FAIL: gcc.c-torture/execute/20010904-2.c execution, -O2
FAIL: gcc.c-torture/execute/20010904-2.c execution, -O3 -fomit-frame-pointer
FAIL: gcc.c-torture/execute/20010904-2.c execution, -O3 -g
FAIL: gcc.c-torture/execute/20010904-2.c execution, -Os
FAIL: gcc.dg/asm-names.c (test for excess errors)
=== gcc Summary for unix/-pthread -fpic ===
# of expected passes 15726
# of unexpected failures 14
# of expected failures 72
# of unsupported tests 27
=== gcc Summary ===
# of expected passes 31451
# of unexpected failures 29
# of unexpected successes 2
# of expected failures 142
# of unsupported tests 54
/local0/scratch/ljrittle/gcc-build-ref5-0907/gcc/xgcc version 3.1 20010907 (experimental)
=== objc tests ===
Running target unix
FAIL: objc/execute/formal_protocol-6.m execution, -O
FAIL: objc.dg/method-2.m (test for warnings, line 25)
FAIL: objc.dg/method-2.m (test for warnings, line 25)
=== objc Summary for unix ===
# of expected passes 205
# of unexpected failures 3
Running target unix/-pthread -fpic
FAIL: objc/execute/formal_protocol-6.m execution, -O
FAIL: objc.dg/method-2.m (test for warnings, line 25)
FAIL: objc.dg/method-2.m (test for warnings, line 25)
=== objc Summary for unix/-pthread -fpic ===
# of expected passes 205
# of unexpected failures 3
=== objc Summary ===
# of expected passes 410
# of unexpected failures 6
/local0/scratch/ljrittle/gcc-build-ref5-0907/gcc/xgcc version 3.1 20010907 (experimental)
=== libstdc++-v3 tests ===
Running target unix
FAIL: 18_support/numeric_limits.cc execution test
FAIL: 22_locale/codecvt.cc (test for excess errors)
XPASS: 22_locale/collate_members_wchar_t.cc execution test
XPASS: 22_locale/money_put_members_char.cc execution test
XPASS: 26_numerics/c99_classification_macros_c.cc (test for excess errors)
=== libstdc++-v3 Summary for unix ===
# of expected passes 298
# of unexpected failures 2
# of unexpected successes 3
# of expected failures 17
Running target unix/-pthread -fpic
FAIL: 18_support/numeric_limits.cc execution test
FAIL: 22_locale/codecvt.cc (test for excess errors)
XPASS: 22_locale/collate_members_wchar_t.cc execution test
XPASS: 22_locale/money_put_members_char.cc execution test
XPASS: 26_numerics/c99_classification_macros_c.cc (test for excess errors)
=== libstdc++-v3 Summary for unix/-pthread -fpic ===
# of expected passes 298
# of unexpected failures 2
# of unexpected successes 3
# of expected failures 17
=== libstdc++-v3 Summary ===
# of expected passes 596
# of unexpected failures 4
# of unexpected successes 6
# of expected failures 34
Compiler version: 3.1 20010907 (experimental)
Platform: i386-unknown-freebsd5.0
configure flags: --host=i386-unknown-freebsd5.0 --prefix=/home/ljrittle/tmp-ref5/install-ref5 --with-gnu-as --with-as=/usr/bin/as --with-gnu-ld --with-ld=/usr/bin/ld
BOOT_CFLAGS=-g -O2
More information about the Gcc-testresults
mailing list