Results for 3.1 20010904 (experimental) testsuite on i686-pc-linux-gnu
Gordon Sadler
gbsadler1@lcisp.com
Tue Sep 4 05:44:00 GMT 2001
LAST_UPDATED: Tue Sep 4 07:45:48 UTC 2001
Native configuration is i686-pc-linux-gnu
=== g++ tests ===
Running target unix
FAIL: g++.other/enum5.C (test for excess errors)
XPASS: g++.robertl/eb17.C Execution test
=== g++ Summary ===
# of expected passes 6614
# of unexpected failures 1
# of unexpected successes 1
# of expected failures 95
# of untested testcases 9
/usr/local/src/build/gcc/gcc/testsuite/../g++ version 3.1 20010904 (experimental)
=== g77 tests ===
Running target unix
=== g77 Summary ===
# of expected passes 1317
=== gcc tests ===
Running target unix
FAIL: gcc.misc-tests/gcov-3.c gcov: 4:is 2:should be 1
=== gcc Summary ===
# of expected passes 15726
# of unexpected failures 1
# of expected failures 66
# of unsupported tests 23
/usr/local/src/build/gcc/gcc/xgcc version 3.1 20010904 (experimental)
=== objc tests ===
Running target unix
FAIL: objc/execute/formal_protocol-6.m execution, -O
=== objc Summary ===
# of expected passes 202
# of unexpected failures 1
/usr/local/src/build/gcc/gcc/xgcc version 3.1 20010904 (experimental)
=== libjava tests ===
Running target unix
FAIL: register run
FAIL: Primes output from source compiled test
FAIL: Primes output from bytecode->native test
FAIL: Primes -O output from source compiled test
FAIL: Primes -O output from bytecode->native test
FAIL: final_static_and_friend output from bytecode->native test
FAIL: final_static_and_friend -O output from bytecode->native test
XPASS: stringconst output from bytecode->native test
XPASS: stringconst -O output from bytecode->native test
=== libjava Summary ===
# of expected passes 1877
# of unexpected failures 7
# of unexpected successes 2
# of expected failures 16
# of untested testcases 17
=== libstdc++-v3 tests ===
Running target unix
FAIL: 22_locale/codecvt.cc (test for excess errors)
XPASS: 22_locale/collate_members_wchar_t.cc execution test
XPASS: 22_locale/money_put_members_char.cc execution test
=== libstdc++-v3 Summary ===
# of expected passes 298
# of unexpected failures 1
# of unexpected successes 2
# of expected failures 17
Compiler version: 3.1 20010904 (experimental)
Platform: i686-pc-linux-gnu
configure flags: --host=i686-pc-linux-gnu --verbose --enable-threads=posix --with-system-zlib --enable-shared --disable-nls --enable-checking
BOOT_CFLAGS=-g -Os -march=i686
Counting all warnings,
there are 53 warnings in stage3 of this bootstrap.
Number of warnings per file:
23 gcc/combine.c
6 gcc/cp/pt.c
5 gcc/cse.c
5 gcc/cp/error.c
3 gcc/gcc.c
2 gcc/tlink.c
2 gcc/fold-const.c
1 gcc/predict.c
1 gcc/objc/lang-specs.h
1 gcc/java/jvspec.c
1 gcc/genattrtab.c
1 gcc/f/lang-specs.h
1 gcc/cp/lang-specs.h
1 gcc/cp/errfn.c
Number of warning types:
36 comparison between signed and unsigned
7 string length \`???' is greater than the length \`???' ISO C89 compilers are required to support
5 initialization from incompatible pointer type
2 passing arg ??? of \`???' discards qualifiers from pointer target type
1 signed and unsigned type in conditional expression
1 pointer targets in passing arg ??? of \`???' differ in signedness
1 function declaration isn't a prototype
More information about the Gcc-testresults
mailing list