Results for 3.1 20010902 (experimental) testsuite on powerpc-unknown-linux-gnu

Franz Sirl fsirl@entropy.crashing.org
Mon Sep 3 11:05:00 GMT 2001


Environment:
  binutils-2.11.90.0.31
  glibc-2.2.4
  linux-2.4.7

Local modifications:
 - reject hard regs in CSE for constant replacement



LAST_UPDATED: Mon Sep  3 08:20:37 UTC 2001

Native configuration is powerpc-unknown-linux-gnu

		=== g77 tests ===


Running target unix/-O2
FAIL: g77.f-torture/execute/20010430.f execution,  -O0 
FAIL: g77.f-torture/execute/20010430.f execution,  -O1 
FAIL: g77.f-torture/execute/20010430.f execution,  -O2 
FAIL: g77.f-torture/execute/20010430.f execution,  -O3 -fomit-frame-pointer 
FAIL: g77.f-torture/execute/20010430.f execution,  -O3 -fomit-frame-pointer -funroll-loops 
FAIL: g77.f-torture/execute/20010430.f execution,  -O3 -fomit-frame-pointer -funroll-all-loops -finline-functions 
FAIL: g77.f-torture/execute/20010430.f execution,  -O3 -g 
FAIL: g77.f-torture/execute/20010430.f execution,  -Os 
FAIL: g77.f-torture/execute/f90-intrinsic-numeric.f execution,  -O0 
FAIL: g77.f-torture/execute/f90-intrinsic-numeric.f execution,  -O1 
FAIL: g77.f-torture/execute/f90-intrinsic-numeric.f execution,  -O2 
FAIL: g77.f-torture/execute/f90-intrinsic-numeric.f execution,  -O3 -fomit-frame-pointer 
FAIL: g77.f-torture/execute/f90-intrinsic-numeric.f execution,  -O3 -g 
FAIL: g77.f-torture/execute/f90-intrinsic-numeric.f execution,  -Os 

		=== g77 Summary for unix/-O2 ===

# of expected passes		1287
# of unexpected failures	14
# of unsupported tests		8

Running target unix/-fpic
FAIL: g77.f-torture/compile/20000511-2.f,  -O3 -g  
FAIL: g77.f-torture/compile/20000629-1.f,  -O3 -g  
FAIL: g77.f-torture/execute/20010430.f execution,  -O2 
FAIL: g77.f-torture/execute/20010430.f execution,  -O3 -fomit-frame-pointer 
FAIL: g77.f-torture/execute/20010430.f execution,  -O3 -fomit-frame-pointer -funroll-loops 
FAIL: g77.f-torture/execute/20010430.f execution,  -O3 -fomit-frame-pointer -funroll-all-loops -finline-functions 
FAIL: g77.f-torture/execute/20010430.f execution,  -O3 -g 
FAIL: g77.f-torture/execute/f90-intrinsic-numeric.f execution,  -O1 
FAIL: g77.f-torture/execute/f90-intrinsic-numeric.f execution,  -O2 
FAIL: g77.f-torture/execute/f90-intrinsic-numeric.f execution,  -O3 -fomit-frame-pointer 
FAIL: g77.f-torture/execute/f90-intrinsic-numeric.f execution,  -O3 -g 
FAIL: g77.f-torture/execute/f90-intrinsic-numeric.f execution,  -Os 

		=== g77 Summary for unix/-fpic ===

# of expected passes		1289
# of unexpected failures	12
# of unsupported tests		8

Running target unix/-fPIC
FAIL: g77.f-torture/compile/20000511-2.f,  -O3 -g  
FAIL: g77.f-torture/compile/20000629-1.f,  -O3 -g  
FAIL: g77.f-torture/execute/20010430.f execution,  -O2 
FAIL: g77.f-torture/execute/20010430.f execution,  -O3 -fomit-frame-pointer 
FAIL: g77.f-torture/execute/20010430.f execution,  -O3 -fomit-frame-pointer -funroll-loops 
FAIL: g77.f-torture/execute/20010430.f execution,  -O3 -fomit-frame-pointer -funroll-all-loops -finline-functions 
FAIL: g77.f-torture/execute/20010430.f execution,  -O3 -g 
FAIL: g77.f-torture/execute/f90-intrinsic-numeric.f execution,  -O1 
FAIL: g77.f-torture/execute/f90-intrinsic-numeric.f execution,  -O2 
FAIL: g77.f-torture/execute/f90-intrinsic-numeric.f execution,  -O3 -fomit-frame-pointer 
FAIL: g77.f-torture/execute/f90-intrinsic-numeric.f execution,  -O3 -g 
FAIL: g77.f-torture/execute/f90-intrinsic-numeric.f execution,  -Os 

		=== g77 Summary for unix/-fPIC ===

# of expected passes		1289
# of unexpected failures	12
# of unsupported tests		8

Running target unix
FAIL: g77.f-torture/compile/20000511-2.f,  -O3 -g  
FAIL: g77.f-torture/compile/20000629-1.f,  -O3 -g  
FAIL: g77.f-torture/execute/20010430.f execution,  -O2 
FAIL: g77.f-torture/execute/20010430.f execution,  -O3 -fomit-frame-pointer 
FAIL: g77.f-torture/execute/20010430.f execution,  -O3 -fomit-frame-pointer -funroll-loops 
FAIL: g77.f-torture/execute/20010430.f execution,  -O3 -fomit-frame-pointer -funroll-all-loops -finline-functions 
FAIL: g77.f-torture/execute/20010430.f execution,  -O3 -g 
FAIL: g77.f-torture/execute/f90-intrinsic-numeric.f execution,  -O1 
FAIL: g77.f-torture/execute/f90-intrinsic-numeric.f execution,  -O2 
FAIL: g77.f-torture/execute/f90-intrinsic-numeric.f execution,  -O3 -fomit-frame-pointer 
FAIL: g77.f-torture/execute/f90-intrinsic-numeric.f execution,  -O3 -g 
FAIL: g77.f-torture/execute/f90-intrinsic-numeric.f execution,  -Os 

		=== g77 Summary for unix ===

# of expected passes		1289
# of unexpected failures	12
# of unsupported tests		8

		=== g77 Summary ===

# of expected passes		5154
# of unexpected failures	50
# of unsupported tests		32
		=== gcc tests ===


Running target unix/-O2
FAIL: gcc.dg/cpp/charconst.c (test for excess errors)
FAIL: gcc.dg/cpp/ucs.c  (test for warnings, line 24)
FAIL: gcc.dg/cpp/ucs.c (test for excess errors)
FAIL: gcc.dg/20000906-1.c (test for excess errors)
FAIL: gcc.misc-tests/gcov-3.c gcov: 4:is 2:should be 1
FAIL: gcc.misc-tests/gcov-4.c gcov: 3 failures in line counts
FAIL: gcc.misc-tests/gcov-4b.c gcov: 8 failures in branch percentages

		=== gcc Summary for unix/-O2 ===

# of expected passes		15657
# of unexpected failures	7
# of expected failures		66
# of unsupported tests		50

Running target unix/-fpic
FAIL: gcc.dg/cpp/charconst.c (test for excess errors)
FAIL: gcc.dg/cpp/ucs.c  (test for warnings, line 24)
FAIL: gcc.dg/cpp/ucs.c (test for excess errors)
FAIL: gcc.misc-tests/gcov-3.c gcov: 4:is 2:should be 1

		=== gcc Summary for unix/-fpic ===

# of expected passes		15661
# of unexpected failures	4
# of expected failures		66
# of unsupported tests		50

Running target unix/-fPIC
FAIL: gcc.c-torture/compile/990801-1.c,  -O3 -fomit-frame-pointer -funroll-all-loops -finline-functions  
FAIL: gcc.dg/cpp/charconst.c (test for excess errors)
FAIL: gcc.dg/cpp/ucs.c  (test for warnings, line 24)
FAIL: gcc.dg/cpp/ucs.c (test for excess errors)
FAIL: gcc.misc-tests/gcov-3.c gcov: 4:is 2:should be 1

		=== gcc Summary for unix/-fPIC ===

# of expected passes		15660
# of unexpected failures	5
# of expected failures		66
# of unsupported tests		50

Running target unix
FAIL: gcc.dg/cpp/charconst.c (test for excess errors)
FAIL: gcc.dg/cpp/ucs.c  (test for warnings, line 24)
FAIL: gcc.dg/cpp/ucs.c (test for excess errors)
FAIL: gcc.misc-tests/gcov-3.c gcov: 4:is 2:should be 1

		=== gcc Summary for unix ===

# of expected passes		15661
# of unexpected failures	4
# of expected failures		66
# of unsupported tests		50

		=== gcc Summary ===

# of expected passes		62639
# of unexpected failures	20
# of expected failures		264
# of unsupported tests		200
/home/fsirl/obj/gccm/gcc/xgcc version 3.1 20010902 (experimental)

		=== g++ tests ===


Running target unix/-O2
FAIL: g++.other/enum5.C (test for excess errors)
XPASS: g++.robertl/eb17.C  Execution test

		=== g++ Summary for unix/-O2 ===

# of expected passes		6598
# of unexpected failures	1
# of unexpected successes	1
# of expected failures		95
# of untested testcases		21

Running target unix/-fpic
FAIL: g++.mike/eh36.C (test for excess errors)
FAIL: g++.mike/eh38.C (test for excess errors)
FAIL: g++.other/enum5.C (test for excess errors)
XPASS: g++.robertl/eb17.C  Execution test

		=== g++ Summary for unix/-fpic ===

# of expected passes		6594
# of unexpected failures	3
# of unexpected successes	1
# of expected failures		97
# of untested testcases		21

Running target unix/-fPIC
FAIL: g++.ext/instantiate2.C not instantiated (test for errors, line 19)
FAIL: g++.ext/instantiate2.C  (test for bogus messages, line 17)
FAIL: g++.ext/instantiate3.C not instantiated (test for errors, line 13)
FAIL: g++.mike/eh36.C (test for excess errors)
FAIL: g++.mike/eh38.C (test for excess errors)
FAIL: g++.other/enum5.C (test for excess errors)
XPASS: g++.robertl/eb17.C  Execution test

		=== g++ Summary for unix/-fPIC ===

# of expected passes		6591
# of unexpected failures	6
# of unexpected successes	1
# of expected failures		97
# of untested testcases		21

Running target unix
FAIL: g++.other/enum5.C (test for excess errors)
XPASS: g++.robertl/eb17.C  Execution test

		=== g++ Summary for unix ===

# of expected passes		6598
# of unexpected failures	1
# of unexpected successes	1
# of expected failures		95
# of untested testcases		21

		=== g++ Summary ===

# of expected passes		26381
# of unexpected failures	11
# of unexpected successes	4
# of expected failures		384
# of untested testcases		84
/home/fsirl/obj/gccm/gcc/testsuite/../g++ version 3.1 20010902 (experimental)

		=== objc tests ===


Running target unix/-O2
FAIL: objc/execute/formal_protocol-6.m execution,  -O 

		=== objc Summary for unix/-O2 ===

# of expected passes		202
# of unexpected failures	1

Running target unix/-fpic
FAIL: objc/execute/formal_protocol-6.m execution,  -O 

		=== objc Summary for unix/-fpic ===

# of expected passes		202
# of unexpected failures	1

Running target unix/-fPIC
FAIL: objc/execute/formal_protocol-6.m execution,  -O 

		=== objc Summary for unix/-fPIC ===

# of expected passes		202
# of unexpected failures	1

Running target unix
FAIL: objc/execute/formal_protocol-6.m execution,  -O 

		=== objc Summary for unix ===

# of expected passes		202
# of unexpected failures	1

		=== objc Summary ===

# of expected passes		808
# of unexpected failures	4
/home/fsirl/obj/gccm/gcc/xgcc version 3.1 20010902 (experimental)

		=== libjava tests ===


Running target unix/-O2
FAIL: calls header generation
FAIL: final_method header generation
FAIL: findclass header generation
FAIL: invoke header generation
FAIL: noclass header generation
FAIL: overload header generation
FAIL: register header generation
FAIL: simple_int header generation
FAIL: throwit header generation
FAIL: virtual header generation
FAIL: martin header generation
FAIL: field header generation
FAIL: Primes output from source compiled test
FAIL: Primes output from bytecode->native test
FAIL: Primes -O output from source compiled test
FAIL: Primes -O output from bytecode->native test
FAIL: final_static_and_friend output from bytecode->native test
FAIL: final_static_and_friend -O output from bytecode->native test
XPASS: stringconst output from bytecode->native test
XPASS: stringconst -O output from bytecode->native test
FAIL: test_long output from bytecode->native test
FAIL: test_long -O output from bytecode->native test

		=== libjava Summary for unix/-O2 ===

# of expected passes		1828
# of unexpected failures	20
# of unexpected successes	2
# of expected failures		16
# of untested testcases		16

Running target unix/-fpic
FAIL: BlankFinal compilation from bytecode
FAIL: G19990210_3 compilation from bytecode
FAIL: PR232B compilation from bytecode
FAIL: assignment compilation from bytecode
FAIL: calls header generation
FAIL: final_method header generation
FAIL: findclass header generation
FAIL: invoke header generation
FAIL: noclass header generation
FAIL: overload header generation
FAIL: register header generation
FAIL: simple_int header generation
FAIL: throwit header generation
FAIL: virtual header generation
FAIL: martin header generation
FAIL: field header generation
FAIL: Primes output from source compiled test
FAIL: Primes output from bytecode->native test
FAIL: Primes -O output from source compiled test
FAIL: Primes -O output from bytecode->native test
FAIL: final_static_and_friend output from bytecode->native test
FAIL: final_static_and_friend -O output from bytecode->native test
XPASS: stringconst output from bytecode->native test
XPASS: stringconst -O output from bytecode->native test
FAIL: test_long output from bytecode->native test
FAIL: test_long -O output from bytecode->native test
FAIL: TLtest compilation from source
FAIL: TLtest compilation from bytecode

		=== libjava Summary for unix/-fpic ===

# of expected passes		1818
# of unexpected failures	26
# of unexpected successes	2
# of expected failures		16
# of untested testcases		20

Running target unix/-fPIC
FAIL: BlankFinal compilation from source
FAIL: BlankFinal compilation from bytecode
FAIL: G19990210_3 compilation from bytecode
FAIL: PR232B compilation from bytecode
FAIL: assignment compilation from source
FAIL: assignment compilation from bytecode
FAIL: calls header generation
FAIL: final_method header generation
FAIL: findclass header generation
FAIL: invoke header generation
FAIL: noclass header generation
FAIL: overload header generation
FAIL: register header generation
FAIL: simple_int header generation
FAIL: throwit header generation
FAIL: virtual header generation
FAIL: martin header generation
FAIL: field header generation
FAIL: Divide_1 compilation from source
FAIL: Divide_1 compilation from bytecode
FAIL: G19990302_02 compilation from source
FAIL: G19990302_02 compilation from bytecode
FAIL: G19990303_01 compilation from source
FAIL: G19990303_01 compilation from bytecode
FAIL: G19990303_02 compilation from source
FAIL: G19990303_02 compilation from bytecode
FAIL: G19990304_01 compilation from source
FAIL: G19990304_01 compilation from bytecode
FAIL: G19990310_01 compilation from source
FAIL: G19990310_01 compilation from bytecode
FAIL: InterfaceDispatch compilation from source
FAIL: InterfaceDispatch compilation from bytecode
FAIL: Primes output from source compiled test
FAIL: Primes output from bytecode->native test
FAIL: Primes -O output from source compiled test
FAIL: Primes -O output from bytecode->native test
FAIL: Shazam compilation from source
FAIL: Shazam compilation from bytecode
FAIL: StringBuffer_1 compilation from source
FAIL: StringBuffer_1 compilation from bytecode
FAIL: Thread_Alive compilation from source
FAIL: Thread_Alive compilation from bytecode
FAIL: Thread_Interrupt compilation from source
FAIL: Thread_Interrupt compilation from bytecode
FAIL: Thread_Join compilation from source
FAIL: Thread_Join compilation from bytecode
FAIL: Thread_Sleep compilation from source
FAIL: Thread_Sleep compilation from bytecode
FAIL: Thread_Wait compilation from source
FAIL: Thread_Wait compilation from bytecode
FAIL: Thread_Wait_2 compilation from source
FAIL: Thread_Wait_2 compilation from bytecode
FAIL: Thread_Wait_Interrupt compilation from source
FAIL: Thread_Wait_Interrupt compilation from bytecode
FAIL: final_static_and_friend output from bytecode->native test
FAIL: final_static_and_friend -O output from bytecode->native test
FAIL: instinit2 compilation from source
FAIL: instinit2 compilation from bytecode
FAIL: pr83 compilation from source
FAIL: pr83 compilation from bytecode
XPASS: stringconst output from bytecode->native test
XPASS: stringconst -O output from bytecode->native test
FAIL: stringconst2 compilation from source
FAIL: stringconst2 compilation from bytecode
FAIL: test_long output from bytecode->native test
FAIL: test_long -O output from bytecode->native test
FAIL: TLtest compilation from source
FAIL: TLtest compilation from bytecode
FAIL: invokethrow compilation from source
FAIL: invokethrow compilation from bytecode
FAIL: SyncTest compilation from bytecode
FAIL: KeepInline compilation from source
FAIL: KeepInline compilation from bytecode

		=== libjava Summary for unix/-fPIC ===

# of expected passes		1687
# of unexpected failures	71
# of unexpected successes	2
# of expected failures		16
# of untested testcases		106

Running target unix
FAIL: BlankFinal compilation from bytecode
FAIL: G19990210_3 compilation from bytecode
FAIL: PR232B compilation from bytecode
FAIL: assignment compilation from bytecode
FAIL: calls output
FAIL: register run
FAIL: Primes output from source compiled test
FAIL: Primes output from bytecode->native test
FAIL: Primes -O output from source compiled test
FAIL: Primes -O output from bytecode->native test
FAIL: final_static_and_friend output from bytecode->native test
FAIL: final_static_and_friend -O output from bytecode->native test
XPASS: stringconst output from bytecode->native test
XPASS: stringconst -O output from bytecode->native test
FAIL: test_long output from bytecode->native test
FAIL: test_long -O output from bytecode->native test

		=== libjava Summary for unix ===

# of expected passes		1870
# of unexpected failures	14
# of unexpected successes	2
# of expected failures		16
# of untested testcases		17

		=== libjava Summary ===

# of expected passes		7203
# of unexpected failures	131
# of unexpected successes	8
# of expected failures		64
# of untested testcases		159
		=== libstdc++-v3 tests ===


Running target unix/-O2
FAIL: 22_locale/codecvt.cc (test for excess errors)
XPASS: 22_locale/money_put_members_char.cc execution test

		=== libstdc++-v3 Summary for unix/-O2 ===

# of expected passes		298
# of unexpected failures	1
# of unexpected successes	1
# of expected failures		18

Running target unix/-fpic
FAIL: 22_locale/codecvt.cc (test for excess errors)
XPASS: 22_locale/money_put_members_char.cc execution test

		=== libstdc++-v3 Summary for unix/-fpic ===

# of expected passes		298
# of unexpected failures	1
# of unexpected successes	1
# of expected failures		18

Running target unix/-fPIC
FAIL: 22_locale/codecvt.cc (test for excess errors)
XPASS: 22_locale/money_put_members_char.cc execution test

		=== libstdc++-v3 Summary for unix/-fPIC ===

# of expected passes		298
# of unexpected failures	1
# of unexpected successes	1
# of expected failures		18

Running target unix
FAIL: 22_locale/codecvt.cc (test for excess errors)
XPASS: 22_locale/money_put_members_char.cc execution test

		=== libstdc++-v3 Summary for unix ===

# of expected passes		298
# of unexpected failures	1
# of unexpected successes	1
# of expected failures		18

		=== libstdc++-v3 Summary ===

# of expected passes		1192
# of unexpected failures	4
# of unexpected successes	4
# of expected failures		72

Compiler version: 3.1 20010902 (experimental) 
Platform: powerpc-unknown-linux-gnu
configure flags: --host=ppc-linux --prefix=/home/fsirl/gnubin --enable-shared --enable-threads --enable-checking=gc,misc,tree



More information about the Gcc-testresults mailing list