Results for 3.1 20011030 (experimental) testsuite on i586-pc-linux-gnu
Neil Booth
neil@daikokuya.demon.co.uk
Tue Oct 30 23:01:00 GMT 2001
LAST_UPDATED: Yesterday never comes.
Native configuration is i586-pc-linux-gnu
=== g++ tests ===
Running target unix
FAIL: g++.other/enum5.C (test for excess errors)
XPASS: g++.pt/decl2.C ICE - (test for errors, line 8)
XPASS: g++.robertl/eb17.C Execution test
=== g++ Summary ===
# of expected passes 6686
# of unexpected failures 1
# of unexpected successes 2
# of expected failures 95
# of untested testcases 9
/home/neil/src/gcc/build/gcc/testsuite/../g++ version 3.1 20011030 (experimental)
=== g77 tests ===
Running target unix
=== g77 Summary ===
# of expected passes 1344
# of unsupported tests 8
/home/neil/src/gcc/build/gcc/testsuite/../g77 version 3.1 20011030 (experimental) (Fortran Frontend version 0.5.27 20011030 (experimental))
gcc version 3.1 20011030 (experimental)
=== gcc tests ===
Running target unix
FAIL: gcc.c-torture/execute/loop-2c.c execution, -Os
FAIL: gcc.c-torture/execute/loop-2d.c execution, -Os
FAIL: gcc.c-torture/execute/loop-2e.c execution, -Os
FAIL: gcc.c-torture/execute/loop-3c.c execution, -Os
=== gcc Summary ===
# of expected passes 16119
# of unexpected failures 4
# of expected failures 67
# of unsupported tests 24
/home/neil/src/gcc/build/gcc/xgcc version 3.1 20011030 (experimental)
=== objc tests ===
Running target unix
FAIL: objc/execute/formal_protocol-6.m execution, -O
=== objc Summary ===
# of expected passes 209
# of unexpected failures 1
/home/neil/src/gcc/build/gcc/xgcc version 3.1 20011030 (experimental)
=== libstdc++-v3 tests ===
Running target unix
FAIL: 22_locale/codecvt.cc (test for excess errors)
XPASS: 22_locale/collate_members_wchar_t.cc execution test
=== libstdc++-v3 Summary ===
# of expected passes 316
# of unexpected failures 1
# of unexpected successes 1
# of expected failures 28
Compiler version: 3.1 20011030 (experimental)
Platform: i586-pc-linux-gnu
configure flags: --host=i586-pc-linux-gnu --enable-shared --enable-threads --enable-languages=c,objc,c++,f77
More information about the Gcc-testresults
mailing list