Results for 3.1 20011027 (experimental) testsuite on i686-pc-linux-gnu
Andris Pavenis
andris@hal.astr.lu.lv
Sat Oct 27 21:34:00 GMT 2001
Source: gcc MAIN branch (last updated 2001 Oct 28 04:02 +0200)
System: Linux kernel 2.4.13-ac2
glibc-2.2.3
binutils-2.11.90.0.31
LAST_UPDATED: Sun Oct 28 02:02:43 UTC 2001
Native configuration is i686-pc-linux-gnu
=== g++ tests ===
Running target unix
FAIL: g++.other/enum5.C (test for excess errors)
XPASS: g++.pt/decl2.C ICE - (test for errors, line 8)
XPASS: g++.robertl/eb17.C Execution test
=== g++ Summary ===
# of expected passes 6686
# of unexpected failures 1
# of unexpected successes 2
# of expected failures 95
# of untested testcases 9
/disk2/cvs/gcc31/build/build.lnx/gcc/testsuite/../g++ version 3.1 20011027 (experimental)
=== g77 tests ===
Running target unix
=== g77 Summary ===
# of expected passes 1360
=== gcc tests ===
Running target unix
FAIL: gcc.c-torture/compile/20000224-1.c, -O1
FAIL: gcc.c-torture/compile/20000224-1.c, -O2
FAIL: gcc.c-torture/compile/20000224-1.c, -O3 -fomit-frame-pointer
FAIL: gcc.c-torture/compile/20000224-1.c, -O3 -fomit-frame-pointer -funroll-loops
FAIL: gcc.c-torture/compile/20000224-1.c, -O3 -fomit-frame-pointer -funroll-all-loops -finline-functions
FAIL: gcc.c-torture/compile/20000224-1.c, -O3 -g
FAIL: gcc.c-torture/compile/20000224-1.c, -Os
FAIL: gcc.c-torture/execute/20000412-5.c compilation, -O1
FAIL: gcc.c-torture/execute/20000412-5.c compilation, -O2
FAIL: gcc.c-torture/execute/20000412-5.c compilation, -O3 -fomit-frame-pointer
FAIL: gcc.c-torture/execute/20000412-5.c compilation, -O3 -g
FAIL: gcc.c-torture/execute/20000412-5.c compilation, -Os
FAIL: gcc.c-torture/execute/20010114-1.c compilation, -O1
FAIL: gcc.c-torture/execute/20010114-1.c compilation, -O2
FAIL: gcc.c-torture/execute/20010114-1.c compilation, -O3 -fomit-frame-pointer
FAIL: gcc.c-torture/execute/20010114-1.c compilation, -O3 -g
FAIL: gcc.c-torture/execute/20010114-1.c compilation, -Os
=== gcc Summary ===
# of expected passes 16085
# of unexpected failures 17
# of expected failures 71
# of unresolved testcases 10
# of unsupported tests 24
/disk2/cvs/gcc31/build/build.lnx/gcc/xgcc version 3.1 20011027 (experimental)
=== objc tests ===
Running target unix
FAIL: objc/execute/formal_protocol-6.m execution, -O
FAIL: objc.dg/method-2.m (test for warnings, line 25)
FAIL: objc.dg/method-2.m (test for warnings, line 25)
=== objc Summary ===
# of expected passes 203
# of unexpected failures 3
/disk2/cvs/gcc31/build/build.lnx/gcc/xgcc version 3.1 20011027 (experimental)
=== libstdc++-v3 tests ===
Running target unix
FAIL: 22_locale/codecvt.cc (test for excess errors)
XPASS: 22_locale/collate_members_wchar_t.cc execution test
XPASS: 22_locale/time_put_members_char.cc execution test
=== libstdc++-v3 Summary ===
# of expected passes 316
# of unexpected failures 1
# of unexpected successes 2
# of expected failures 27
Compiler version: 3.1 20011027 (experimental)
Platform: i686-pc-linux-gnu
configure flags: --host=i686-pc-linux-gnu --prefix=/disk2/gcc31 --enable-shared --enable-languages=c,c++,f77,objc --verbose --enable-threads=posix
Counting all warnings,
there are 59 warnings in stage3 of this bootstrap.
Number of warnings per file:
23 gcc/combine.c
6 gcc/cp/pt.c
5 gcc/emit-rtl.c
5 gcc/cse.c
3 gcc/gcc.c
3 gcc/function.c
2 gcc/tlink.c
2 gcc/fold-const.c
2 gcc/cfgcleanup.c
1 insn-emit.c
1 gcc/regmove.c
1 gcc/profile.c
1 gcc/objc/lang-specs.h
1 gcc/f/lang-specs.h
1 gcc/dwarf2out.c
1 gcc/cp/lex.c
1 gcc/cp/lang-specs.h
Number of warning types:
41 comparison between signed and unsigned
6 string length `???' is greater than the length `???' ISO C89 compilers are required to support
5 signed and unsigned type in conditional expression
2 passing arg ??? of `???' discards qualifiers from pointer target type
1 right shift count >= width of type
1 pointer targets in passing arg ??? of `???' differ in signedness
1 passing arg ??? of `???' from incompatible pointer type
1 function declaration isn't a prototype
1 assignment from incompatible pointer type
More information about the Gcc-testresults
mailing list