Results for 3.1 20011026 (experimental) testsuite on i686-pc-linux-gnu
Andris Pavenis
andris@hal.astr.lu.lv
Fri Oct 26 20:35:00 GMT 2001
Source: gcc MAIN branch (last updated 2001 Oct 27 04:05 +0300)
System: Linux kernel 2.4.12-ac6
glibc-2.2.3
binutils-2.11.90.0.31
LAST_UPDATED: Sat Oct 27 01:05:14 UTC 2001
Native configuration is i686-pc-linux-gnu
=== g++ tests ===
Running target unix
FAIL: g++.other/enum5.C (test for excess errors)
XPASS: g++.pt/decl2.C ICE - (test for errors, line 8)
XPASS: g++.robertl/eb17.C Execution test
=== g++ Summary ===
# of expected passes 6684
# of unexpected failures 1
# of unexpected successes 2
# of expected failures 95
# of untested testcases 9
/disk2/cvs/gcc31/build/build.lnx/gcc/testsuite/../g++ version 3.1 20011026 (experimental)
=== g77 tests ===
Running target unix
FAIL: g77.f-torture/compile/20010519-1.f, -O1
=== g77 Summary ===
# of expected passes 1359
# of unexpected failures 1
=== gcc tests ===
Running target unix
FAIL: gcc.dg/20000724-1.c (test for excess errors)
FAIL: gcc.dg/format/c99-scanf-1.c %hhu sign (test for warnings, line 144)
FAIL: gcc.dg/format/c99-scanf-1.c (test for excess errors)
=== gcc Summary ===
# of expected passes 16108
# of unexpected failures 3
# of expected failures 71
# of unsupported tests 24
/disk2/cvs/gcc31/build/build.lnx/gcc/xgcc version 3.1 20011026 (experimental)
=== objc tests ===
Running target unix
FAIL: objc/execute/formal_protocol-6.m execution, -O
FAIL: objc.dg/method-2.m (test for warnings, line 25)
FAIL: objc.dg/method-2.m (test for warnings, line 25)
=== objc Summary ===
# of expected passes 203
# of unexpected failures 3
/disk2/cvs/gcc31/build/build.lnx/gcc/xgcc version 3.1 20011026 (experimental)
=== libstdc++-v3 tests ===
Running target unix
FAIL: 22_locale/codecvt.cc (test for excess errors)
XPASS: 22_locale/collate_members_wchar_t.cc execution test
XPASS: 22_locale/time_put_members_char.cc execution test
=== libstdc++-v3 Summary ===
# of expected passes 316
# of unexpected failures 1
# of unexpected successes 2
# of expected failures 27
Compiler version: 3.1 20011026 (experimental)
Platform: i686-pc-linux-gnu
configure flags: --host=i686-pc-linux-gnu --prefix=/disk2/gcc31 --enable-shared --enable-languages=c,c++,f77,objc --verbose --enable-threads=posix
Counting all warnings,
there are 57 warnings in stage3 of this bootstrap.
Number of warnings per file:
23 gcc/combine.c
6 gcc/cp/pt.c
5 gcc/emit-rtl.c
5 gcc/cse.c
3 gcc/gcc.c
3 gcc/function.c
2 gcc/tlink.c
2 gcc/fold-const.c
1 insn-emit.c
1 gcc/regmove.c
1 gcc/profile.c
1 gcc/objc/lang-specs.h
1 gcc/f/lang-specs.h
1 gcc/dwarf2out.c
1 gcc/cp/lex.c
1 gcc/cp/lang-specs.h
Number of warning types:
41 comparison between signed and unsigned
6 string length `???' is greater than the length `???' ISO C89 compilers are required to support
5 signed and unsigned type in conditional expression
2 passing arg ??? of `???' discards qualifiers from pointer target type
1 right shift count >= width of type
1 pointer targets in passing arg ??? of `???' differ in signedness
1 function declaration isn't a prototype
More information about the Gcc-testresults
mailing list