Results for 3.0.2 20011014 (prerelease) testsuite on alphaev56-dec-osf4.0f
prescott@phys.ufl.edu
prescott@phys.ufl.edu
Sat Oct 20 08:52:00 GMT 2001
gcc 3.0.2 prerelease from http://gcc.gnu.org/ml/gcc/2001-10/msg00825.html
LAST_UPDATED: Mon Oct 15 02:46:18 UTC 2001
Native configuration is alphaev56-dec-osf4.0f
=== libstdc++-v3 tests ===
Running target unix
FAIL: 22_locale/ctype_char_members.cc execution test
XPASS: 26_numerics/c99_classification_macros_c.cc (test for excess errors)
=== libstdc++-v3 Summary ===
# of expected passes 246
# of unexpected failures 1
# of unexpected successes 1
# of expected failures 7
=== g++ tests ===
Running target unix
FAIL: g++.dg/special/conpr-1.C execution test
FAIL: g++.dg/special/conpr-2.C execution test
FAIL: g++.dg/special/conpr-3.C (test for excess errors)
FAIL: g++.dg/special/conpr-3.C execution test
FAIL: g++.dg/special/conpr-3.C (test for excess errors)
FAIL: g++.dg/special/conpr-3.C execution test
FAIL: g++.dg/special/conpr-1.C execution test
FAIL: g++.ext/instantiate1.C not instantiated (test for errors, line 20)
FAIL: g++.ext/instantiate1.C not instantiated (test for errors, line 22)
FAIL: g++.ext/instantiate2.C not instantiated (test for errors, line 19)
FAIL: g++.ext/instantiate3.C not instantiated (test for errors, line 13)
FAIL: g++.pt/instantiate5.C (test for excess errors)
=== g++ Summary ===
# of expected passes 6483
# of unexpected failures 12
# of expected failures 105
# of untested testcases 20
/cleo/tmp1/prescott/gcc/3.0.2/build/gcc/testsuite/../g++ version 3.0.2 20011014 (prerelease)
=== g77 tests ===
Running target unix
=== g77 Summary ===
# of expected passes 933
# of unsupported tests 8
=== gcc tests ===
Running target unix
FAIL: gcc.c-torture/compile/20001226-1.c, -O2
FAIL: gcc.c-torture/compile/20001226-1.c, -O3 -fomit-frame-pointer
FAIL: gcc.c-torture/compile/20001226-1.c, -O3 -g
FAIL: gcc.c-torture/compile/20001226-1.c, -Os
FAIL: gcc.dg/asm-fs-1.c (test for excess errors)
=== gcc Summary ===
# of expected passes 15249
# of unexpected failures 5
# of expected failures 81
# of unsupported tests 56
/cleo/tmp1/prescott/gcc/3.0.2/build/gcc/xgcc version 3.0.2 20011014 (prerelease)
=== objc tests ===
Running target unix
=== objc Summary ===
# of expected passes 153
# of expected failures 1
/cleo/tmp1/prescott/gcc/3.0.2/build/gcc/xgcc version 3.0.2 20011014 (prerelease)
Compiler version: 3.0.2 20011014 (prerelease)
Platform: alphaev56-dec-osf4.0f
configure flags: --host=alphaev56-dec-osf4.0f --prefix=/cleo/tmp1/prescott/gcc/3.0.2
More information about the Gcc-testresults
mailing list