Results for 3.1 20011013 (experimental) testsuite on hppa2.0-hp-hpux10.20
rbrown64@csc.com.au
rbrown64@csc.com.au
Tue Oct 16 00:45:00 GMT 2001
LAST_UPDATED: Sun Oct 14 03:17:01 UTC 2001
Native configuration is hppa2.0-hp-hpux10.20
=== g77 tests ===
Running target unix
FAIL: g77.dg/bprob/bprob-1.f execution, -O3 -fbranch-probabilities
FAIL: g77.dg/bprob/bprob-1.f execution, -O3 -g -fbranch-probabilities
FAIL: g77.f-torture/execute/20010430.f execution, -O2
FAIL: g77.f-torture/execute/20010430.f execution, -O3 -fomit-frame-pointer
FAIL: g77.f-torture/execute/20010430.f execution, -O3 -fomit-frame-pointer -funroll-loops
FAIL: g77.f-torture/execute/20010430.f execution, -O3 -fomit-frame-pointer -funroll-all-loops -finline-functions
FAIL: g77.f-torture/execute/20010430.f execution, -O3 -g
FAIL: g77.f-torture/execute/f90-intrinsic-bit.f execution, -O1
FAIL: g77.f-torture/execute/f90-intrinsic-numeric.f execution, -O1
FAIL: g77.f-torture/execute/f90-intrinsic-numeric.f execution, -O2
FAIL: g77.f-torture/execute/f90-intrinsic-numeric.f execution, -O3 -fomit-frame-pointer
FAIL: g77.f-torture/execute/f90-intrinsic-numeric.f execution, -O3 -g
FAIL: g77.f-torture/execute/f90-intrinsic-numeric.f execution, -Os
FAIL: g77.f-torture/execute/io0.f execution, -O0
FAIL: g77.f-torture/execute/io0.f execution, -O1
FAIL: g77.f-torture/execute/io0.f execution, -O2
FAIL: g77.f-torture/execute/io0.f execution, -O3 -fomit-frame-pointer
FAIL: g77.f-torture/execute/io0.f execution, -O3 -g
FAIL: g77.f-torture/execute/io0.f execution, -Os
FAIL: g77.f-torture/execute/u77-test.f execution, -O0
FAIL: g77.f-torture/execute/u77-test.f execution, -O1
FAIL: g77.f-torture/execute/u77-test.f execution, -O2
FAIL: g77.f-torture/execute/u77-test.f execution, -O3 -fomit-frame-pointer
FAIL: g77.f-torture/execute/u77-test.f execution, -O3 -fomit-frame-pointer -funroll-loops
FAIL: g77.f-torture/execute/u77-test.f execution, -O3 -fomit-frame-pointer -funroll-all-loops -finline-functions
FAIL: g77.f-torture/execute/u77-test.f execution, -O3 -g
FAIL: g77.f-torture/execute/u77-test.f execution, -Os
=== g77 Summary ===
# of expected passes 1317
# of unexpected failures 27
# of unsupported tests 8
=== gcc tests ===
Running target unix
FAIL: gcc.c-torture/compile/920501-4.c, -O3 -fomit-frame-pointer -funroll-all-loops -finline-functions
FAIL: gcc.c-torture/compile/920710-2.c, -O3 -fomit-frame-pointer -funroll-all-loops -finline-functions
FAIL: gcc.c-torture/compile/930513-2.c, -O3 -fomit-frame-pointer -funroll-all-loops -finline-functions
FAIL: gcc.c-torture/execute/20000731-1.c compilation, -O3 -fomit-frame-pointer -funroll-all-loops -finline-functions
FAIL: gcc.c-torture/execute/20001024-1.c compilation, -O2
FAIL: gcc.c-torture/execute/20001024-1.c compilation, -O3 -fomit-frame-pointer
FAIL: gcc.c-torture/execute/20001024-1.c compilation, -O3 -g
FAIL: gcc.c-torture/execute/20001024-1.c compilation, -Os
FAIL: gcc.c-torture/execute/950704-1.c execution, -O3 -fomit-frame-pointer
FAIL: gcc.c-torture/execute/950704-1.c execution, -O3 -g
FAIL: gcc.c-torture/execute/conversion.c execution, -O0
FAIL: gcc.c-torture/execute/conversion.c execution, -O1
FAIL: gcc.c-torture/execute/conversion.c execution, -O2
FAIL: gcc.c-torture/execute/conversion.c execution, -O3 -fomit-frame-pointer
FAIL: gcc.c-torture/execute/conversion.c execution, -O3 -g
FAIL: gcc.c-torture/execute/conversion.c execution, -Os
FAIL: gcc.c-torture/execute/strct-stdarg-1.c execution, -O0
FAIL: gcc.c-torture/execute/strct-stdarg-1.c execution, -O1
FAIL: gcc.c-torture/execute/strct-stdarg-1.c execution, -O2
FAIL: gcc.c-torture/execute/strct-stdarg-1.c execution, -O3 -fomit-frame-pointer
FAIL: gcc.c-torture/execute/strct-stdarg-1.c execution, -O3 -fomit-frame-pointer -funroll-loops
FAIL: gcc.c-torture/execute/strct-stdarg-1.c execution, -O3 -fomit-frame-pointer -funroll-all-loops -finline-functions
FAIL: gcc.c-torture/execute/strct-stdarg-1.c execution, -O3 -g
FAIL: gcc.c-torture/execute/strct-stdarg-1.c execution, -Os
FAIL: gcc.c-torture/execute/ieee/20001122-1.c compilation, -O3 -fomit-frame-pointer -funroll-all-loops -finline-functions
FAIL: gcc.c-torture/execute/ieee/mzero2.c execution, -O1
FAIL: gcc.c-torture/execute/ieee/mzero2.c execution, -O2
FAIL: gcc.c-torture/execute/ieee/mzero2.c execution, -O3 -fomit-frame-pointer
FAIL: gcc.c-torture/execute/ieee/mzero2.c execution, -O3 -g
FAIL: gcc.c-torture/execute/ieee/mzero2.c execution, -Os
FAIL: gcc.c-torture/execute/ieee/rbug.c execution, -O0
FAIL: gcc.c-torture/unsorted/xdi.c, -O1
FAIL: gcc.c-torture/unsorted/xdi.c, -O2
FAIL: gcc.c-torture/unsorted/xdi.c, -O3 -fomit-frame-pointer
FAIL: gcc.c-torture/unsorted/xdi.c, -O3 -g
FAIL: gcc.c-torture/unsorted/xdi.c, -Os
FAIL: gcc.dg/asm-fs-1.c (test for excess errors)
FAIL: gcc.dg/asm-names.c (test for excess errors)
FAIL: gcc.dg/noncompile/930622-1.c (test for excess errors)
=== gcc Summary ===
# of expected passes 15898
# of unexpected failures 39
# of expected failures 73
# of unresolved testcases 9
# of unsupported tests 62
/devel/span/rdb/src/gcc-3.1-experimental/gcc/xgcc version 3.1 20011013 (experimental)
=== objc tests ===
Running target unix
FAIL: objc/execute/formal_protocol-6.m execution, -O
FAIL: objc.dg/method-2.m (test for warnings, line 25)
FAIL: objc.dg/method-2.m (test for warnings, line 25)
=== objc Summary ===
# of expected passes 203
# of unexpected failures 3
/devel/span/rdb/src/gcc-3.1-experimental/gcc/xgcc version 3.1 20011013 (experimental)
Compiler version: 3.1 20011013 (experimental)
Platform: hppa2.0-hp-hpux10.20
configure flags: --host=hppa2.0-hp-hpux10.20 --with-gnu-as --with-as=/usr/local/bin/as --enable-languages=c,f77,objc
Counting all warnings,
there are 772 warnings in stage3 of this bootstrap.
Number of warnings per file:
186 gcc/gcc.c
144 gcc/toplev.c
48 gcc/diagnostic.c
46 gcc/c-format.c
28 gcc/intl/gettextP.h
28 gcc/collect2.c
27 gcc/cppinit.c
26 gcc/c-typeck.c
22 gcc/cpperror.c
21 gcc/combine.c
18 gcc/intl/loadmsgcat.c
18 gcc/emit-rtl.c
14 gcc/varasm.c
10 gcc/dbxout.c
9 gcc/libgcc2.c
9 gcc/gcov.c
8 gcc/tlink.c
7 gcc/regclass.c
6 gcc/expr.c
6 gcc/cse.c
6 gcc/cp/pt.c
5 gcc/timevar.c
4 objc-parse.y
4 gcc/reload1.c
4 gcc/predict.c
4 gcc/objc/objc-act.c
4 gcc/fold-const.c
4 gcc/f/com.c
4 gcc/cppfiles.c
4 gcc/c-decl.c
4 configure
4 c-parse.y
3 gcc/line-map.c
2 gcc/regmove.c
2 gcc/profile.c
2 gcc/java/lang.c
2 gcc/intl/localcharset.c
2 gcc/flow.c
2 gcc/final.c
2 gcc/dwarf2asm.c
2 gcc/cppmain.c
2 gcc/cp/spew.c
2 gcc/config/pa/pa.c
2 gcc/cfg.c
2 gcc/calls.c
2 fastjar/jartool.c
1 plural.y
1 insn-output.c
1 gcc/rtl-error.c
1 gcc/reload.c
1 gcc/recog.c
1 gcc/intl/localealias.c
1 gcc/intl/dcigettext.c
1 gcc/cpplex.c
1 gcc/cp/lex.c
1 gcc/cfgrtl.c
1 gcc/bitmap.c
Number of warning types:
296 passing arg ??? of \`???' makes pointer from integer without a cast
102 function \`???' was previously declared within a block
76 function declaration isn't a prototype
59 comparison between signed and unsigned
51 implicit declaration of function \`???'
47 format argument is not a pointer (arg ???)
32 integer constant is unsigned in ANSI C, signed with -traditional
15 assignment makes pointer from integer without a cast
15 ANSI C forbids zero-size array \`???'
14 ANSI C does not support the \`???' length modifier
10 ANSI C forbids specifying structure member to initialize
9 initialization makes pointer from integer without a cast
8 ??? format, ??? arg (arg ???)
6 missing initializer
6 (near initialization for \`???')
5 pointer targets in passing arg ??? of \`???' differ in signedness
5 \`???' defined but not used
3 unused parameter \`???'
3
2 pointer/integer type mismatch in conditional expression
2 passing arg ??? of pointer to function makes pointer from integer without a cast
2 \`???' might be used uninitialized in this function
2 ANSI C forbids specifying element to initialize
1 wchar_t support disabled.
1 unused variable \`???'
More information about the Gcc-testresults
mailing list