Results for gcc testsuite on powerpc-unknown-linux-gnu
Malcolm Purvis
malcolmpurvis@optushome.com.au
Mon Oct 15 09:42:00 GMT 2001
LAST_UPDATED: Mon Oct 15 13:20:04 UTC 2001
Native configuration is powerpc-unknown-linux-gnu
=== libjava tests ===
Running target unix
XPASS: N19990310_4 output from source compiled test
XPASS: N19990310_4 -O output from source compiled test
FAIL: Primes output from source compiled test
FAIL: Primes output from bytecode->native test
FAIL: Primes -O output from source compiled test
FAIL: Primes -O output from bytecode->native test
FAIL: anon3 compilation from source
FAIL: anon3 compilation from bytecode
FAIL: anon3 -O compilation from source
FAIL: anon3 -O compilation from bytecode
FAIL: anon4 compilation from source
FAIL: anon4 byte compilation
FAIL: anon4 -O compilation from source
FAIL: anon4 byte compilation
FAIL: anonarray compilation from source
FAIL: anonarray byte compilation
FAIL: anonarray -O compilation from source
FAIL: anonarray byte compilation
FAIL: anonarray2 compilation from source
FAIL: anonarray2 byte compilation
FAIL: anonarray2 -O compilation from source
FAIL: anonarray2 byte compilation
FAIL: anonarray3 compilation from source
FAIL: anonarray3 byte compilation
FAIL: anonarray3 -O compilation from source
FAIL: anonarray3 byte compilation
FAIL: direct_read compilation from source
FAIL: direct_read byte compilation
FAIL: direct_read -O compilation from source
FAIL: direct_read byte compilation
FAIL: direct_write compilation from source
FAIL: direct_write byte compilation
FAIL: direct_write -O compilation from source
FAIL: direct_write byte compilation
FAIL: err1 compilation from source
FAIL: err1 byte compilation
FAIL: err1 -O compilation from source
FAIL: err1 byte compilation
FAIL: err10 compilation from source
FAIL: err10 byte compilation
FAIL: err10 -O compilation from source
FAIL: err10 byte compilation
FAIL: err11 compilation from source
FAIL: err11 byte compilation
FAIL: err11 -O compilation from source
FAIL: err11 byte compilation
FAIL: err12 compilation from source
FAIL: err12 byte compilation
FAIL: err12 -O compilation from source
FAIL: err12 byte compilation
FAIL: err13 compilation from source
FAIL: err13 byte compilation
FAIL: err13 -O compilation from source
=== libstdc++-v3 tests ===
Running target unix
=== libstdc++-v3 Summary ===
Compiler version: gcc
Platform: powerpc-unknown-linux-gnu
configure flags: --host=powerpc-unknown-linux-gnu --prefix=/usr/local/gcc3-world --with-local-prefix=/usr/local/gcc3-world
More information about the Gcc-testresults
mailing list