Results for 3.1 20011125 (experimental) testsuite on mips-sgi-irix6.5
Billinghurst, David (CRTS)
David.Billinghurst@riotinto.com
Tue Nov 27 19:27:00 GMT 2001
With changes to testsuite:
* set LD_LIBRARYN32_PATH externally
* set LD_LIBRARY64_PATH externally
* don't set LD_LIBRARYN32_PATH in g++.exp or objc.exp
* don't set LD_LIBRARY64_PATH in g++.exp or objc.exp
These changes enable the testsuite to run, but are not
the permanent solution. One possible solution is
http://gcc.gnu.org/ml/gcc-patches/2000-11/msg01537.html
LAST_UPDATED: Mon Nov 26 00:08:50 2001
Native configuration is mips-sgi-irix6.5
=== g77 tests ===
Running target unix
FAIL: g77.f-torture/compile/20000511-2.f, -O3 -g
FAIL: g77.f-torture/compile/20000629-1.f, -O3 -g
FAIL: g77.f-torture/execute/19981119-0.f compilation, -O3 -g
FAIL: g77.f-torture/execute/20010430.f execution, -O2
FAIL: g77.f-torture/execute/20010430.f execution, -O3 -fomit-frame-pointer
FAIL: g77.f-torture/execute/20010430.f execution, -O3 -fomit-frame-pointer
-funroll-loops
FAIL: g77.f-torture/execute/20010430.f execution, -O3 -fomit-frame-pointer
-funroll-all-loops -finline-functions
FAIL: g77.f-torture/execute/20010430.f execution, -O3 -g
=== g77 Summary for unix ===
# of expected passes 1313
# of unexpected failures 8
# of expected failures 14
# of untested testcases 9
# of unsupported tests 8
Running target unix/-mabi=64
FAIL: g77.dg/bprob/bprob-1.f execution, -g -fprofile-arcs
FAIL: g77.dg/bprob/bprob-1.f execution, -O0 -fprofile-arcs
FAIL: g77.dg/bprob/bprob-1.f execution, -O1 -fprofile-arcs
FAIL: g77.dg/bprob/bprob-1.f execution, -O2 -fprofile-arcs
FAIL: g77.dg/bprob/bprob-1.f execution, -O3 -fprofile-arcs
FAIL: g77.dg/bprob/bprob-1.f execution, -O3 -g -fprofile-arcs
FAIL: g77.dg/bprob/bprob-1.f execution, -Os -fprofile-arcs
FAIL: g77.dg/fbackslash.f execution test
FAIL: g77.dg/fbackslash.f execution test
FAIL: g77.dg/fbackslash.f execution test
FAIL: g77.dg/fbackslash.f execution test
FAIL: g77.dg/fbackslash.f execution test
FAIL: g77.dg/fbackslash.f execution test
FAIL: g77.dg/fcase-preserve.f execution test
FAIL: g77.dg/fcase-preserve.f execution test
FAIL: g77.dg/fcase-preserve.f execution test
FAIL: g77.dg/fcase-preserve.f execution test
FAIL: g77.dg/fcase-preserve.f execution test
FAIL: g77.dg/fcase-preserve.f execution test
FAIL: g77.dg/ff90-1.f execution test
FAIL: g77.dg/ff90-1.f execution test
FAIL: g77.dg/ff90-1.f execution test
FAIL: g77.dg/ff90-1.f execution test
FAIL: g77.dg/ff90-1.f execution test
FAIL: g77.dg/ff90-1.f execution test
FAIL: g77.dg/fno-backslash.f execution test
FAIL: g77.dg/fno-backslash.f execution test
FAIL: g77.dg/fno-backslash.f execution test
FAIL: g77.dg/fno-backslash.f execution test
FAIL: g77.dg/fno-backslash.f execution test
FAIL: g77.dg/fno-backslash.f execution test
FAIL: g77.dg/fno-f90-1.f execution test
FAIL: g77.dg/fno-f90-1.f execution test
FAIL: g77.dg/fno-f90-1.f execution test
FAIL: g77.dg/fno-f90-1.f execution test
FAIL: g77.dg/fno-f90-1.f execution test
FAIL: g77.dg/fno-f90-1.f execution test
FAIL: g77.dg/fno-onetrip.f execution test
FAIL: g77.dg/fno-onetrip.f execution test
FAIL: g77.dg/fno-onetrip.f execution test
FAIL: g77.dg/fno-onetrip.f execution test
FAIL: g77.dg/fno-onetrip.f execution test
FAIL: g77.dg/fno-onetrip.f execution test
FAIL: g77.dg/fno-onetrip.f execution test
FAIL: g77.dg/fno-onetrip.f execution test
FAIL: g77.dg/fno-typeless-boz.f execution test
FAIL: g77.dg/fno-typeless-boz.f execution test
FAIL: g77.dg/fno-typeless-boz.f execution test
FAIL: g77.dg/fno-typeless-boz.f execution test
FAIL: g77.dg/fno-typeless-boz.f execution test
FAIL: g77.dg/fno-typeless-boz.f execution test
FAIL: g77.dg/fno-vxt-1.f execution test
FAIL: g77.dg/fno-vxt-1.f execution test
FAIL: g77.dg/fno-vxt-1.f execution test
FAIL: g77.dg/fno-vxt-1.f execution test
FAIL: g77.dg/fno-vxt-1.f execution test
FAIL: g77.dg/fno-vxt-1.f execution test
FAIL: g77.dg/fonetrip.f execution test
FAIL: g77.dg/fonetrip.f execution test
FAIL: g77.dg/fonetrip.f execution test
FAIL: g77.dg/fonetrip.f execution test
FAIL: g77.dg/fonetrip.f execution test
FAIL: g77.dg/fonetrip.f execution test
FAIL: g77.dg/fonetrip.f execution test
FAIL: g77.dg/fonetrip.f execution test
FAIL: g77.dg/ftypeless-boz.f execution test
FAIL: g77.dg/ftypeless-boz.f execution test
FAIL: g77.dg/ftypeless-boz.f execution test
FAIL: g77.dg/ftypeless-boz.f execution test
FAIL: g77.dg/ftypeless-boz.f execution test
FAIL: g77.dg/ftypeless-boz.f execution test
FAIL: g77.dg/fvxt-1.f execution test
FAIL: g77.dg/fvxt-1.f execution test
FAIL: g77.dg/fvxt-1.f execution test
FAIL: g77.dg/fvxt-1.f execution test
FAIL: g77.dg/fvxt-1.f execution test
FAIL: g77.dg/fvxt-1.f execution test
FAIL: g77.dg/strlen0.f execution test
FAIL: g77.dg/strlen0.f execution test
FAIL: g77.dg/strlen0.f execution test
FAIL: g77.dg/strlen0.f execution test
FAIL: g77.dg/strlen0.f execution test
FAIL: g77.dg/strlen0.f execution test
FAIL: g77.dg/gcov/gcov-1.f execution test
FAIL: g77.dg/gcov/gcov-1.f gcov: 118 failures in line counts, 32 in branch
percentages, 24 in return percentages
FAIL: g77.f-torture/compile/20000511-2.f, -O0
FAIL: g77.f-torture/compile/20000511-2.f, -O1
FAIL: g77.f-torture/compile/20000511-2.f, -O2
FAIL: g77.f-torture/compile/20000511-2.f, -O3 -fomit-frame-pointer
FAIL: g77.f-torture/compile/20000511-2.f, -O3 -fomit-frame-pointer
-funroll-loops
FAIL: g77.f-torture/compile/20000511-2.f, -O3 -fomit-frame-pointer
-funroll-all-loops -finline-functions
FAIL: g77.f-torture/compile/20000511-2.f, -O3 -g
FAIL: g77.f-torture/compile/20000511-2.f, -Os
FAIL: g77.f-torture/compile/20000629-1.f, -O3 -g
FAIL: g77.f-torture/compile/980310-3.f, -O0
FAIL: g77.f-torture/compile/980310-3.f, -O1
FAIL: g77.f-torture/compile/980310-3.f, -O2
FAIL: g77.f-torture/compile/980310-3.f, -O3 -fomit-frame-pointer
FAIL: g77.f-torture/compile/980310-3.f, -O3 -fomit-frame-pointer
-funroll-loops
FAIL: g77.f-torture/compile/980310-3.f, -O3 -fomit-frame-pointer
-funroll-all-loops -finline-functions
FAIL: g77.f-torture/compile/980310-3.f, -O3 -g
FAIL: g77.f-torture/compile/980310-3.f, -Os
FAIL: g77.f-torture/compile/19990905-2.f, -O0
FAIL: g77.f-torture/compile/19990905-2.f, -O1
FAIL: g77.f-torture/compile/19990905-2.f, -O2
FAIL: g77.f-torture/compile/19990905-2.f, -O3 -fomit-frame-pointer
FAIL: g77.f-torture/compile/19990905-2.f, -O3 -g
FAIL: g77.f-torture/compile/19990905-2.f, -Os
FAIL: g77.f-torture/compile/19990905-0.f, -O0
FAIL: g77.f-torture/compile/19990905-0.f, -O1
FAIL: g77.f-torture/compile/19990905-0.f, -O2
FAIL: g77.f-torture/compile/19990905-0.f, -O3 -fomit-frame-pointer
FAIL: g77.f-torture/compile/19990905-0.f, -O3 -g
FAIL: g77.f-torture/compile/19990905-0.f, -Os
FAIL: g77.f-torture/execute/19981119-0.f compilation, -O0
FAIL: g77.f-torture/execute/19981119-0.f compilation, -O1
FAIL: g77.f-torture/execute/19981119-0.f compilation, -O2
FAIL: g77.f-torture/execute/19981119-0.f compilation, -O3
-fomit-frame-pointer
FAIL: g77.f-torture/execute/19981119-0.f compilation, -O3 -g
FAIL: g77.f-torture/execute/19981119-0.f compilation, -Os
FAIL: g77.f-torture/execute/19990313-0.f execution, -O0
FAIL: g77.f-torture/execute/19990313-0.f execution, -O1
FAIL: g77.f-torture/execute/19990313-0.f execution, -O2
FAIL: g77.f-torture/execute/19990313-0.f execution, -O3
-fomit-frame-pointer
FAIL: g77.f-torture/execute/19990313-0.f execution, -O3 -g
FAIL: g77.f-torture/execute/19990313-0.f execution, -Os
FAIL: g77.f-torture/execute/19990313-1.f execution, -O0
FAIL: g77.f-torture/execute/19990313-1.f execution, -O1
FAIL: g77.f-torture/execute/19990313-1.f execution, -O2
FAIL: g77.f-torture/execute/19990313-1.f execution, -O3
-fomit-frame-pointer
FAIL: g77.f-torture/execute/19990313-1.f execution, -O3 -g
FAIL: g77.f-torture/execute/19990313-1.f execution, -Os
FAIL: g77.f-torture/execute/19990313-2.f execution, -O0
FAIL: g77.f-torture/execute/19990313-2.f execution, -O1
FAIL: g77.f-torture/execute/19990313-2.f execution, -O2
FAIL: g77.f-torture/execute/19990313-2.f execution, -O3
-fomit-frame-pointer
FAIL: g77.f-torture/execute/19990313-2.f execution, -O3 -g
FAIL: g77.f-torture/execute/19990313-2.f execution, -Os
FAIL: g77.f-torture/execute/19990313-3.f execution, -O0
FAIL: g77.f-torture/execute/19990313-3.f execution, -O1
FAIL: g77.f-torture/execute/19990313-3.f execution, -O2
FAIL: g77.f-torture/execute/19990313-3.f execution, -O3
-fomit-frame-pointer
FAIL: g77.f-torture/execute/19990313-3.f execution, -O3 -g
FAIL: g77.f-torture/execute/19990313-3.f execution, -Os
FAIL: g77.f-torture/execute/19990325-0.f execution, -O0
FAIL: g77.f-torture/execute/19990325-0.f execution, -O1
FAIL: g77.f-torture/execute/19990325-0.f execution, -O2
FAIL: g77.f-torture/execute/19990325-0.f execution, -O3
-fomit-frame-pointer
FAIL: g77.f-torture/execute/19990325-0.f execution, -O3 -g
FAIL: g77.f-torture/execute/19990325-0.f execution, -Os
FAIL: g77.f-torture/execute/19990325-1.f execution, -O0
FAIL: g77.f-torture/execute/19990325-1.f execution, -O1
FAIL: g77.f-torture/execute/19990325-1.f execution, -O2
FAIL: g77.f-torture/execute/19990325-1.f execution, -O3
-fomit-frame-pointer
FAIL: g77.f-torture/execute/19990325-1.f execution, -O3 -g
FAIL: g77.f-torture/execute/19990325-1.f execution, -Os
FAIL: g77.f-torture/execute/19990419-1.f execution, -O0
FAIL: g77.f-torture/execute/19990419-1.f execution, -O1
FAIL: g77.f-torture/execute/19990419-1.f execution, -O2
FAIL: g77.f-torture/execute/19990419-1.f execution, -O3
-fomit-frame-pointer
FAIL: g77.f-torture/execute/19990419-1.f execution, -O3
-fomit-frame-pointer -funroll-loops
FAIL: g77.f-torture/execute/19990419-1.f execution, -O3
-fomit-frame-pointer -funroll-all-loops -finline-functions
FAIL: g77.f-torture/execute/19990419-1.f execution, -O3 -g
FAIL: g77.f-torture/execute/19990419-1.f execution, -Os
FAIL: g77.f-torture/execute/19990826-0.f execution, -O0
FAIL: g77.f-torture/execute/19990826-0.f execution, -O1
FAIL: g77.f-torture/execute/19990826-0.f execution, -O2
FAIL: g77.f-torture/execute/19990826-0.f execution, -O3
-fomit-frame-pointer
FAIL: g77.f-torture/execute/19990826-0.f execution, -O3 -g
FAIL: g77.f-torture/execute/19990826-0.f execution, -Os
FAIL: g77.f-torture/execute/19990826-2.f execution, -O0
FAIL: g77.f-torture/execute/19990826-2.f execution, -O1
FAIL: g77.f-torture/execute/19990826-2.f execution, -O2
FAIL: g77.f-torture/execute/19990826-2.f execution, -O3
-fomit-frame-pointer
FAIL: g77.f-torture/execute/19990826-2.f execution, -O3 -g
FAIL: g77.f-torture/execute/19990826-2.f execution, -Os
FAIL: g77.f-torture/execute/20000503-1.f execution, -O0
FAIL: g77.f-torture/execute/20000503-1.f execution, -O1
FAIL: g77.f-torture/execute/20000503-1.f execution, -O2
FAIL: g77.f-torture/execute/20000503-1.f execution, -O3
-fomit-frame-pointer
FAIL: g77.f-torture/execute/20000503-1.f execution, -O3
-fomit-frame-pointer -funroll-loops
FAIL: g77.f-torture/execute/20000503-1.f execution, -O3
-fomit-frame-pointer -funroll-all-loops -finline-functions
FAIL: g77.f-torture/execute/20000503-1.f execution, -O3 -g
FAIL: g77.f-torture/execute/20000503-1.f execution, -Os
FAIL: g77.f-torture/execute/20001111.f execution, -O0
FAIL: g77.f-torture/execute/20001111.f execution, -O1
FAIL: g77.f-torture/execute/20001111.f execution, -O2
FAIL: g77.f-torture/execute/20001111.f execution, -O3 -fomit-frame-pointer
FAIL: g77.f-torture/execute/20001111.f execution, -O3 -fomit-frame-pointer
-funroll-loops
FAIL: g77.f-torture/execute/20001111.f execution, -O3 -fomit-frame-pointer
-funroll-all-loops -finline-functions
FAIL: g77.f-torture/execute/20001111.f execution, -O3 -g
FAIL: g77.f-torture/execute/20001111.f execution, -Os
FAIL: g77.f-torture/execute/20001201.f execution, -O0
FAIL: g77.f-torture/execute/20001201.f execution, -O1
FAIL: g77.f-torture/execute/20001201.f execution, -O2
FAIL: g77.f-torture/execute/20001201.f execution, -O3 -fomit-frame-pointer
FAIL: g77.f-torture/execute/20001201.f execution, -O3 -g
FAIL: g77.f-torture/execute/20001201.f execution, -Os
FAIL: g77.f-torture/execute/20010116.f compilation, -O0
FAIL: g77.f-torture/execute/20010116.f compilation, -O1
FAIL: g77.f-torture/execute/20010116.f compilation, -O2
FAIL: g77.f-torture/execute/20010116.f compilation, -O3
-fomit-frame-pointer
FAIL: g77.f-torture/execute/20010116.f compilation, -O3
-fomit-frame-pointer -funroll-loops
FAIL: g77.f-torture/execute/20010116.f compilation, -O3
-fomit-frame-pointer -funroll-all-loops -finline-functions
FAIL: g77.f-torture/execute/20010116.f compilation, -O3 -g
FAIL: g77.f-torture/execute/20010116.f compilation, -Os
FAIL: g77.f-torture/execute/20010426.f execution, -O0
FAIL: g77.f-torture/execute/20010426.f execution, -O1
FAIL: g77.f-torture/execute/20010426.f execution, -O2
FAIL: g77.f-torture/execute/20010426.f execution, -O3 -fomit-frame-pointer
FAIL: g77.f-torture/execute/20010426.f execution, -O3 -g
FAIL: g77.f-torture/execute/20010426.f execution, -Os
FAIL: g77.f-torture/execute/20010430.f execution, -O0
FAIL: g77.f-torture/execute/20010430.f execution, -O1
FAIL: g77.f-torture/execute/20010430.f execution, -O2
FAIL: g77.f-torture/execute/20010430.f execution, -O3 -fomit-frame-pointer
FAIL: g77.f-torture/execute/20010430.f execution, -O3 -fomit-frame-pointer
-funroll-loops
FAIL: g77.f-torture/execute/20010430.f execution, -O3 -fomit-frame-pointer
-funroll-all-loops -finline-functions
FAIL: g77.f-torture/execute/20010430.f execution, -O3 -g
FAIL: g77.f-torture/execute/20010430.f execution, -Os
FAIL: g77.f-torture/execute/20010610.f execution, -O0
FAIL: g77.f-torture/execute/20010610.f execution, -O1
FAIL: g77.f-torture/execute/20010610.f execution, -O2
FAIL: g77.f-torture/execute/20010610.f execution, -O3 -fomit-frame-pointer
FAIL: g77.f-torture/execute/20010610.f execution, -O3 -fomit-frame-pointer
-funroll-loops
FAIL: g77.f-torture/execute/20010610.f execution, -O3 -fomit-frame-pointer
-funroll-all-loops -finline-functions
FAIL: g77.f-torture/execute/20010610.f execution, -O3 -g
FAIL: g77.f-torture/execute/20010610.f execution, -Os
FAIL: g77.f-torture/execute/970625-2.f execution, -O0
FAIL: g77.f-torture/execute/970625-2.f execution, -O1
FAIL: g77.f-torture/execute/970625-2.f execution, -O2
FAIL: g77.f-torture/execute/970625-2.f execution, -O3 -fomit-frame-pointer
FAIL: g77.f-torture/execute/970625-2.f execution, -O3 -fomit-frame-pointer
-funroll-loops
FAIL: g77.f-torture/execute/970625-2.f execution, -O3 -fomit-frame-pointer
-funroll-all-loops -finline-functions
FAIL: g77.f-torture/execute/970625-2.f execution, -O3 -g
FAIL: g77.f-torture/execute/970625-2.f execution, -Os
FAIL: g77.f-torture/execute/970816-3.f execution, -O0
FAIL: g77.f-torture/execute/970816-3.f execution, -O1
FAIL: g77.f-torture/execute/970816-3.f execution, -O2
FAIL: g77.f-torture/execute/970816-3.f execution, -O3 -fomit-frame-pointer
FAIL: g77.f-torture/execute/970816-3.f execution, -O3 -g
FAIL: g77.f-torture/execute/970816-3.f execution, -Os
FAIL: g77.f-torture/execute/971102-1.f execution, -O0
FAIL: g77.f-torture/execute/971102-1.f execution, -O1
FAIL: g77.f-torture/execute/971102-1.f execution, -O2
FAIL: g77.f-torture/execute/971102-1.f execution, -O3 -fomit-frame-pointer
FAIL: g77.f-torture/execute/971102-1.f execution, -O3 -fomit-frame-pointer
-funroll-loops
FAIL: g77.f-torture/execute/971102-1.f execution, -O3 -fomit-frame-pointer
-funroll-all-loops -finline-functions
FAIL: g77.f-torture/execute/971102-1.f execution, -O3 -g
FAIL: g77.f-torture/execute/971102-1.f execution, -Os
FAIL: g77.f-torture/execute/980520-1.f execution, -O0
FAIL: g77.f-torture/execute/980520-1.f execution, -O1
FAIL: g77.f-torture/execute/980520-1.f execution, -O2
FAIL: g77.f-torture/execute/980520-1.f execution, -O3 -fomit-frame-pointer
FAIL: g77.f-torture/execute/980520-1.f execution, -O3 -g
FAIL: g77.f-torture/execute/980520-1.f execution, -Os
FAIL: g77.f-torture/execute/980628-0.f execution, -O0
FAIL: g77.f-torture/execute/980628-0.f execution, -O1
FAIL: g77.f-torture/execute/980628-0.f execution, -O2
FAIL: g77.f-torture/execute/980628-0.f execution, -O3 -fomit-frame-pointer
FAIL: g77.f-torture/execute/980628-0.f execution, -O3 -g
FAIL: g77.f-torture/execute/980628-0.f execution, -Os
FAIL: g77.f-torture/execute/980628-1.f execution, -O0
FAIL: g77.f-torture/execute/980628-1.f execution, -O1
FAIL: g77.f-torture/execute/980628-1.f execution, -O2
FAIL: g77.f-torture/execute/980628-1.f execution, -O3 -fomit-frame-pointer
FAIL: g77.f-torture/execute/980628-1.f execution, -O3 -g
FAIL: g77.f-torture/execute/980628-1.f execution, -Os
FAIL: g77.f-torture/execute/980628-10.f execution, -O0
FAIL: g77.f-torture/execute/980628-10.f execution, -O1
FAIL: g77.f-torture/execute/980628-10.f execution, -O2
FAIL: g77.f-torture/execute/980628-10.f execution, -O3 -fomit-frame-pointer
FAIL: g77.f-torture/execute/980628-10.f execution, -O3 -g
FAIL: g77.f-torture/execute/980628-10.f execution, -Os
FAIL: g77.f-torture/execute/980628-2.f execution, -O0
FAIL: g77.f-torture/execute/980628-2.f execution, -O1
FAIL: g77.f-torture/execute/980628-2.f execution, -O2
FAIL: g77.f-torture/execute/980628-2.f execution, -O3 -fomit-frame-pointer
FAIL: g77.f-torture/execute/980628-2.f execution, -O3 -g
FAIL: g77.f-torture/execute/980628-2.f execution, -Os
FAIL: g77.f-torture/execute/980628-3.f execution, -O0
FAIL: g77.f-torture/execute/980628-3.f execution, -O1
FAIL: g77.f-torture/execute/980628-3.f execution, -O2
FAIL: g77.f-torture/execute/980628-3.f execution, -O3 -fomit-frame-pointer
FAIL: g77.f-torture/execute/980628-3.f execution, -O3 -g
FAIL: g77.f-torture/execute/980628-3.f execution, -Os
FAIL: g77.f-torture/execute/980628-4.f execution, -O0
FAIL: g77.f-torture/execute/980628-4.f execution, -O1
FAIL: g77.f-torture/execute/980628-4.f execution, -O2
FAIL: g77.f-torture/execute/980628-4.f execution, -O3 -fomit-frame-pointer
FAIL: g77.f-torture/execute/980628-4.f execution, -O3 -g
FAIL: g77.f-torture/execute/980628-4.f execution, -Os
FAIL: g77.f-torture/execute/980628-5.f execution, -O0
FAIL: g77.f-torture/execute/980628-5.f execution, -O1
FAIL: g77.f-torture/execute/980628-5.f execution, -O2
FAIL: g77.f-torture/execute/980628-5.f execution, -O3 -fomit-frame-pointer
FAIL: g77.f-torture/execute/980628-5.f execution, -O3 -g
FAIL: g77.f-torture/execute/980628-5.f execution, -Os
FAIL: g77.f-torture/execute/980628-6.f execution, -O0
FAIL: g77.f-torture/execute/980628-6.f execution, -O1
FAIL: g77.f-torture/execute/980628-6.f execution, -O2
FAIL: g77.f-torture/execute/980628-6.f execution, -O3 -fomit-frame-pointer
FAIL: g77.f-torture/execute/980628-6.f execution, -O3 -g
FAIL: g77.f-torture/execute/980628-6.f execution, -Os
FAIL: g77.f-torture/execute/980628-7.f execution, -O0
FAIL: g77.f-torture/execute/980628-7.f execution, -O1
FAIL: g77.f-torture/execute/980628-7.f execution, -O2
FAIL: g77.f-torture/execute/980628-7.f execution, -O3 -fomit-frame-pointer
FAIL: g77.f-torture/execute/980628-7.f execution, -O3 -g
FAIL: g77.f-torture/execute/980628-7.f execution, -Os
FAIL: g77.f-torture/execute/980628-8.f execution, -O0
FAIL: g77.f-torture/execute/980628-8.f execution, -O1
FAIL: g77.f-torture/execute/980628-8.f execution, -O2
FAIL: g77.f-torture/execute/980628-8.f execution, -O3 -fomit-frame-pointer
FAIL: g77.f-torture/execute/980628-8.f execution, -O3 -g
FAIL: g77.f-torture/execute/980628-8.f execution, -Os
FAIL: g77.f-torture/execute/980628-9.f execution, -O0
FAIL: g77.f-torture/execute/980628-9.f execution, -O1
FAIL: g77.f-torture/execute/980628-9.f execution, -O2
FAIL: g77.f-torture/execute/980628-9.f execution, -O3 -fomit-frame-pointer
FAIL: g77.f-torture/execute/980628-9.f execution, -O3 -g
FAIL: g77.f-torture/execute/980628-9.f execution, -Os
FAIL: g77.f-torture/execute/980701-0.f execution, -O0
FAIL: g77.f-torture/execute/980701-0.f execution, -O1
FAIL: g77.f-torture/execute/980701-0.f execution, -O2
FAIL: g77.f-torture/execute/980701-0.f execution, -O3 -fomit-frame-pointer
FAIL: g77.f-torture/execute/980701-0.f execution, -O3 -g
FAIL: g77.f-torture/execute/980701-0.f execution, -Os
FAIL: g77.f-torture/execute/980701-1.f execution, -O0
FAIL: g77.f-torture/execute/980701-1.f execution, -O1
FAIL: g77.f-torture/execute/980701-1.f execution, -O2
FAIL: g77.f-torture/execute/980701-1.f execution, -O3 -fomit-frame-pointer
FAIL: g77.f-torture/execute/980701-1.f execution, -O3 -g
FAIL: g77.f-torture/execute/980701-1.f execution, -Os
FAIL: g77.f-torture/execute/alpha2.f execution, -O0
FAIL: g77.f-torture/execute/alpha2.f execution, -O1
FAIL: g77.f-torture/execute/alpha2.f execution, -O2
FAIL: g77.f-torture/execute/alpha2.f execution, -O3 -fomit-frame-pointer
FAIL: g77.f-torture/execute/alpha2.f execution, -O3 -g
FAIL: g77.f-torture/execute/alpha2.f execution, -Os
FAIL: g77.f-torture/execute/auto0.f execution, -O0
FAIL: g77.f-torture/execute/auto0.f execution, -O1
FAIL: g77.f-torture/execute/auto0.f execution, -O2
FAIL: g77.f-torture/execute/auto0.f execution, -O3 -fomit-frame-pointer
FAIL: g77.f-torture/execute/auto0.f execution, -O3 -fomit-frame-pointer
-funroll-loops
FAIL: g77.f-torture/execute/auto0.f execution, -O3 -fomit-frame-pointer
-funroll-all-loops -finline-functions
FAIL: g77.f-torture/execute/auto0.f execution, -O3 -g
FAIL: g77.f-torture/execute/auto0.f execution, -Os
FAIL: g77.f-torture/execute/auto1.f execution, -O0
FAIL: g77.f-torture/execute/auto1.f execution, -O1
FAIL: g77.f-torture/execute/auto1.f execution, -O2
FAIL: g77.f-torture/execute/auto1.f execution, -O3 -fomit-frame-pointer
FAIL: g77.f-torture/execute/auto1.f execution, -O3 -fomit-frame-pointer
-funroll-loops
FAIL: g77.f-torture/execute/auto1.f execution, -O3 -fomit-frame-pointer
-funroll-all-loops -finline-functions
FAIL: g77.f-torture/execute/auto1.f execution, -O3 -g
FAIL: g77.f-torture/execute/auto1.f execution, -Os
FAIL: g77.f-torture/execute/cabs.f execution, -O0
FAIL: g77.f-torture/execute/cabs.f execution, -O1
FAIL: g77.f-torture/execute/cabs.f execution, -O2
FAIL: g77.f-torture/execute/cabs.f execution, -O3 -fomit-frame-pointer
FAIL: g77.f-torture/execute/cabs.f execution, -O3 -g
FAIL: g77.f-torture/execute/cabs.f execution, -Os
FAIL: g77.f-torture/execute/claus.f execution, -O0
FAIL: g77.f-torture/execute/claus.f execution, -O1
FAIL: g77.f-torture/execute/claus.f execution, -O2
FAIL: g77.f-torture/execute/claus.f execution, -O3 -fomit-frame-pointer
FAIL: g77.f-torture/execute/claus.f execution, -O3 -fomit-frame-pointer
-funroll-loops
FAIL: g77.f-torture/execute/claus.f execution, -O3 -fomit-frame-pointer
-funroll-all-loops -finline-functions
FAIL: g77.f-torture/execute/claus.f execution, -O3 -g
FAIL: g77.f-torture/execute/claus.f execution, -Os
FAIL: g77.f-torture/execute/complex_1.f execution, -O0
FAIL: g77.f-torture/execute/complex_1.f execution, -O1
FAIL: g77.f-torture/execute/complex_1.f execution, -O2
FAIL: g77.f-torture/execute/complex_1.f execution, -O3 -fomit-frame-pointer
FAIL: g77.f-torture/execute/complex_1.f execution, -O3 -g
FAIL: g77.f-torture/execute/complex_1.f execution, -Os
FAIL: g77.f-torture/execute/dcomplex.f execution, -O0
FAIL: g77.f-torture/execute/dcomplex.f execution, -O1
FAIL: g77.f-torture/execute/dcomplex.f execution, -O2
FAIL: g77.f-torture/execute/dcomplex.f execution, -O3 -fomit-frame-pointer
FAIL: g77.f-torture/execute/dcomplex.f execution, -O3 -g
FAIL: g77.f-torture/execute/dcomplex.f execution, -Os
FAIL: g77.f-torture/execute/dnrm2.f execution, -O0
FAIL: g77.f-torture/execute/dnrm2.f execution, -O1
FAIL: g77.f-torture/execute/dnrm2.f execution, -O2
FAIL: g77.f-torture/execute/dnrm2.f execution, -O3 -fomit-frame-pointer
FAIL: g77.f-torture/execute/dnrm2.f execution, -O3 -fomit-frame-pointer
-funroll-loops
FAIL: g77.f-torture/execute/dnrm2.f execution, -O3 -fomit-frame-pointer
-funroll-all-loops -finline-functions
FAIL: g77.f-torture/execute/dnrm2.f execution, -O3 -g
FAIL: g77.f-torture/execute/dnrm2.f execution, -Os
FAIL: g77.f-torture/execute/erfc.f execution, -O0
FAIL: g77.f-torture/execute/erfc.f execution, -O1
FAIL: g77.f-torture/execute/erfc.f execution, -O2
FAIL: g77.f-torture/execute/erfc.f execution, -O3 -fomit-frame-pointer
FAIL: g77.f-torture/execute/erfc.f execution, -O3 -g
FAIL: g77.f-torture/execute/erfc.f execution, -Os
FAIL: g77.f-torture/execute/exp.f execution, -O0
FAIL: g77.f-torture/execute/exp.f execution, -O1
FAIL: g77.f-torture/execute/exp.f execution, -O2
FAIL: g77.f-torture/execute/exp.f execution, -O3 -fomit-frame-pointer
FAIL: g77.f-torture/execute/exp.f execution, -O3 -g
FAIL: g77.f-torture/execute/exp.f execution, -Os
FAIL: g77.f-torture/execute/f90-intrinsic-mathematical.f execution, -O0
FAIL: g77.f-torture/execute/f90-intrinsic-mathematical.f execution, -O1
FAIL: g77.f-torture/execute/f90-intrinsic-mathematical.f execution, -O2
FAIL: g77.f-torture/execute/f90-intrinsic-mathematical.f execution, -O3
-fomit-frame-pointer
FAIL: g77.f-torture/execute/f90-intrinsic-mathematical.f execution, -O3 -g
FAIL: g77.f-torture/execute/f90-intrinsic-mathematical.f execution, -Os
FAIL: g77.f-torture/execute/f90-intrinsic-numeric.f execution, -O0
FAIL: g77.f-torture/execute/f90-intrinsic-numeric.f execution, -O1
FAIL: g77.f-torture/execute/f90-intrinsic-numeric.f execution, -O2
FAIL: g77.f-torture/execute/f90-intrinsic-numeric.f execution, -O3
-fomit-frame-pointer
FAIL: g77.f-torture/execute/f90-intrinsic-numeric.f execution, -O3 -g
FAIL: g77.f-torture/execute/f90-intrinsic-numeric.f execution, -Os
FAIL: g77.f-torture/execute/intrinsic-f2c-z.f execution, -O0
FAIL: g77.f-torture/execute/intrinsic-f2c-z.f execution, -O1
FAIL: g77.f-torture/execute/intrinsic-f2c-z.f execution, -O2
FAIL: g77.f-torture/execute/intrinsic-f2c-z.f execution, -O3
-fomit-frame-pointer
FAIL: g77.f-torture/execute/intrinsic-f2c-z.f execution, -O3 -g
FAIL: g77.f-torture/execute/intrinsic-f2c-z.f execution, -Os
FAIL: g77.f-torture/execute/intrinsic-unix-bessel.f execution, -O0
FAIL: g77.f-torture/execute/intrinsic-unix-bessel.f execution, -O1
FAIL: g77.f-torture/execute/intrinsic-unix-bessel.f execution, -O2
FAIL: g77.f-torture/execute/intrinsic-unix-bessel.f execution, -O3
-fomit-frame-pointer
FAIL: g77.f-torture/execute/intrinsic-unix-bessel.f execution, -O3 -g
FAIL: g77.f-torture/execute/intrinsic-unix-bessel.f execution, -Os
FAIL: g77.f-torture/execute/intrinsic-unix-erf.f execution, -O0
FAIL: g77.f-torture/execute/intrinsic-unix-erf.f execution, -O1
FAIL: g77.f-torture/execute/intrinsic-unix-erf.f execution, -O2
FAIL: g77.f-torture/execute/intrinsic-unix-erf.f execution, -O3
-fomit-frame-pointer
FAIL: g77.f-torture/execute/intrinsic-unix-erf.f execution, -O3 -g
FAIL: g77.f-torture/execute/intrinsic-unix-erf.f execution, -Os
FAIL: g77.f-torture/execute/intrinsic-vax-cd.f execution, -O0
FAIL: g77.f-torture/execute/intrinsic-vax-cd.f execution, -O1
FAIL: g77.f-torture/execute/intrinsic-vax-cd.f execution, -O2
FAIL: g77.f-torture/execute/intrinsic-vax-cd.f execution, -O3
-fomit-frame-pointer
FAIL: g77.f-torture/execute/intrinsic-vax-cd.f execution, -O3 -g
FAIL: g77.f-torture/execute/intrinsic-vax-cd.f execution, -Os
FAIL: g77.f-torture/execute/intrinsic77.f execution, -O0
FAIL: g77.f-torture/execute/intrinsic77.f execution, -O1
FAIL: g77.f-torture/execute/intrinsic77.f execution, -O2
FAIL: g77.f-torture/execute/intrinsic77.f execution, -O3
-fomit-frame-pointer
FAIL: g77.f-torture/execute/intrinsic77.f execution, -O3 -g
FAIL: g77.f-torture/execute/intrinsic77.f execution, -Os
FAIL: g77.f-torture/execute/io0.f execution, -O0
FAIL: g77.f-torture/execute/io0.f execution, -O1
FAIL: g77.f-torture/execute/io0.f execution, -O2
FAIL: g77.f-torture/execute/io0.f execution, -O3 -fomit-frame-pointer
FAIL: g77.f-torture/execute/io0.f execution, -O3 -g
FAIL: g77.f-torture/execute/io0.f execution, -Os
FAIL: g77.f-torture/execute/io1.f execution, -O0
FAIL: g77.f-torture/execute/io1.f execution, -O1
FAIL: g77.f-torture/execute/io1.f execution, -O2
FAIL: g77.f-torture/execute/io1.f execution, -O3 -fomit-frame-pointer
FAIL: g77.f-torture/execute/io1.f execution, -O3 -g
FAIL: g77.f-torture/execute/io1.f execution, -Os
FAIL: g77.f-torture/execute/labug1.f execution, -O0
FAIL: g77.f-torture/execute/labug1.f execution, -O1
FAIL: g77.f-torture/execute/labug1.f compilation, -O2
FAIL: g77.f-torture/execute/labug1.f compilation, -O3 -fomit-frame-pointer
FAIL: g77.f-torture/execute/labug1.f compilation, -O3 -fomit-frame-pointer
-funroll-loops
FAIL: g77.f-torture/execute/labug1.f compilation, -O3 -fomit-frame-pointer
-funroll-all-loops -finline-functions
FAIL: g77.f-torture/execute/labug1.f compilation, -O3 -g
FAIL: g77.f-torture/execute/labug1.f execution, -Os
FAIL: g77.f-torture/execute/large_vec.f execution, -O0
FAIL: g77.f-torture/execute/large_vec.f execution, -O1
FAIL: g77.f-torture/execute/large_vec.f execution, -O2
FAIL: g77.f-torture/execute/large_vec.f execution, -O3 -fomit-frame-pointer
FAIL: g77.f-torture/execute/large_vec.f execution, -O3 -g
FAIL: g77.f-torture/execute/large_vec.f execution, -Os
FAIL: g77.f-torture/execute/le.f execution, -O0
FAIL: g77.f-torture/execute/le.f execution, -O1
FAIL: g77.f-torture/execute/le.f execution, -O2
FAIL: g77.f-torture/execute/le.f execution, -O3 -fomit-frame-pointer
FAIL: g77.f-torture/execute/le.f execution, -O3 -g
FAIL: g77.f-torture/execute/le.f execution, -Os
FAIL: g77.f-torture/execute/short.f execution, -O0
FAIL: g77.f-torture/execute/short.f execution, -O1
FAIL: g77.f-torture/execute/short.f execution, -O2
FAIL: g77.f-torture/execute/short.f execution, -O3 -fomit-frame-pointer
FAIL: g77.f-torture/execute/short.f execution, -O3 -fomit-frame-pointer
-funroll-loops
FAIL: g77.f-torture/execute/short.f execution, -O3 -fomit-frame-pointer
-funroll-all-loops -finline-functions
FAIL: g77.f-torture/execute/short.f execution, -O3 -g
FAIL: g77.f-torture/execute/short.f execution, -Os
FAIL: g77.f-torture/execute/u77-test.f execution, -O0
FAIL: g77.f-torture/execute/u77-test.f execution, -O1
FAIL: g77.f-torture/execute/u77-test.f execution, -O2
FAIL: g77.f-torture/execute/u77-test.f execution, -O3 -fomit-frame-pointer
FAIL: g77.f-torture/execute/u77-test.f execution, -O3 -fomit-frame-pointer
-funroll-loops
FAIL: g77.f-torture/execute/u77-test.f execution, -O3 -fomit-frame-pointer
-funroll-all-loops -finline-functions
FAIL: g77.f-torture/execute/u77-test.f execution, -O3 -g
FAIL: g77.f-torture/execute/u77-test.f execution, -Os
FAIL: g77.f-torture/execute/cpp.F execution, -O0
FAIL: g77.f-torture/execute/cpp.F execution, -O1
FAIL: g77.f-torture/execute/cpp.F execution, -O2
FAIL: g77.f-torture/execute/cpp.F execution, -O3 -fomit-frame-pointer
FAIL: g77.f-torture/execute/cpp.F execution, -O3 -g
FAIL: g77.f-torture/execute/cpp.F execution, -Os
FAIL: g77.f-torture/execute/cpp2.F execution, -O0
FAIL: g77.f-torture/execute/cpp2.F execution, -O1
FAIL: g77.f-torture/execute/cpp2.F execution, -O2
FAIL: g77.f-torture/execute/cpp2.F execution, -O3 -fomit-frame-pointer
FAIL: g77.f-torture/execute/cpp2.F execution, -O3 -g
FAIL: g77.f-torture/execute/cpp2.F execution, -Os
=== g77 Summary for unix/-mabi=64 ===
# of expected passes 785
# of unexpected failures 504
# of expected failures 14
# of unresolved testcases 14
# of untested testcases 27
# of unsupported tests 8
=== g77 Summary ===
# of expected passes 2098
# of unexpected failures 512
# of expected failures 28
# of unresolved testcases 14
# of untested testcases 36
# of unsupported tests 16
/exd4/billingd/obj/gcc-mainline/gcc/testsuite/../g77 version 3.1 20011125
(experimental)
=== gcc tests ===
Running target unix
FAIL: gcc.c-torture/compile/packed-1.c, -O0
FAIL: gcc.c-torture/compile/packed-1.c, -O1
FAIL: gcc.c-torture/compile/packed-1.c, -O2
FAIL: gcc.c-torture/compile/packed-1.c, -O3 -fomit-frame-pointer
FAIL: gcc.c-torture/compile/packed-1.c, -O3 -g
FAIL: gcc.c-torture/compile/packed-1.c, -Os
FAIL: gcc.c-torture/compile/20001226-1.c, -O2
FAIL: gcc.c-torture/compile/20001226-1.c, -O3 -fomit-frame-pointer
FAIL: gcc.c-torture/compile/20001226-1.c, -O3 -g
FAIL: gcc.c-torture/compile/20001226-1.c, -Os
FAIL: gcc.c-torture/compile/20011114-1.c, -O0
FAIL: gcc.c-torture/compile/20011114-1.c, -O1
FAIL: gcc.c-torture/compile/20011114-1.c, -O2
FAIL: gcc.c-torture/compile/20011114-1.c, -O3 -fomit-frame-pointer
FAIL: gcc.c-torture/compile/20011114-1.c, -O3 -g
FAIL: gcc.c-torture/compile/20011114-1.c, -Os
FAIL: gcc.c-torture/compile/20011119-2.c, -O0
FAIL: gcc.c-torture/compile/20011119-2.c, -O1
FAIL: gcc.c-torture/compile/20011119-2.c, -O2
FAIL: gcc.c-torture/compile/20011119-2.c, -O3 -fomit-frame-pointer
FAIL: gcc.c-torture/compile/20011119-2.c, -O3 -g
FAIL: gcc.c-torture/compile/20011119-2.c, -Os
FAIL: gcc.c-torture/compile/20011119-1.c, -O0
FAIL: gcc.c-torture/compile/20011119-1.c, -O1
FAIL: gcc.c-torture/compile/20011119-1.c, -O2
FAIL: gcc.c-torture/compile/20011119-1.c, -O3 -fomit-frame-pointer
FAIL: gcc.c-torture/compile/20011119-1.c, -O3 -g
FAIL: gcc.c-torture/compile/20011119-1.c, -Os
FAIL: gcc.c-torture/execute/20010122-1.c execution, -O0
FAIL: gcc.c-torture/execute/20010122-1.c execution, -O1
FAIL: gcc.c-torture/execute/20010122-1.c execution, -O2
FAIL: gcc.c-torture/execute/20010122-1.c execution, -O3
-fomit-frame-pointer
FAIL: gcc.c-torture/execute/20010122-1.c execution, -O3
-fomit-frame-pointer -funroll-loops
FAIL: gcc.c-torture/execute/20010122-1.c execution, -O3
-fomit-frame-pointer -funroll-all-loops -finline-functions
FAIL: gcc.c-torture/execute/20010122-1.c execution, -O3 -g
FAIL: gcc.c-torture/execute/20010122-1.c execution, -Os
FAIL: gcc.c-torture/execute/20011114-1.c execution, -O3
-fomit-frame-pointer
FAIL: gcc.c-torture/execute/20011114-1.c execution, -O3 -g
FAIL: gcc.c-torture/execute/931004-13.c execution, -O2
FAIL: gcc.c-torture/execute/931004-13.c execution, -Os
FAIL: gcc.c-torture/execute/931004-14.c execution, -O2
FAIL: gcc.c-torture/execute/931004-14.c execution, -O3 -fomit-frame-pointer
FAIL: gcc.c-torture/execute/931004-14.c execution, -O3 -fomit-frame-pointer
-funroll-loops
FAIL: gcc.c-torture/execute/931004-14.c execution, -O3 -fomit-frame-pointer
-funroll-all-loops -finline-functions
FAIL: gcc.c-torture/execute/931004-14.c execution, -O3 -g
FAIL: gcc.c-torture/execute/931004-14.c execution, -Os
FAIL: gcc.c-torture/execute/931004-5.c execution, -O2
FAIL: gcc.c-torture/execute/931004-5.c execution, -Os
FAIL: gcc.c-torture/execute/931004-6.c execution, -O2
FAIL: gcc.c-torture/execute/931004-6.c execution, -O3 -fomit-frame-pointer
FAIL: gcc.c-torture/execute/931004-6.c execution, -O3 -fomit-frame-pointer
-funroll-loops
FAIL: gcc.c-torture/execute/931004-6.c execution, -O3 -fomit-frame-pointer
-funroll-all-loops -finline-functions
FAIL: gcc.c-torture/execute/931004-6.c execution, -O3 -g
FAIL: gcc.c-torture/execute/931004-6.c execution, -Os
FAIL: gcc.c-torture/execute/950628-1.c compilation, -O1
FAIL: gcc.dg/cpp/charconst-2.c (test for excess errors)
FAIL: gcc.dg/c99-intconst-1.c (test for excess errors)
FAIL: gcc.dg/noncompile/930622-1.c (test for excess errors)
=== gcc Summary for unix ===
# of expected passes 16251
# of unexpected failures 58
# of expected failures 78
# of unresolved testcases 1
# of unsupported tests 66
Running target unix/-mabi=64
FAIL: gcc.c-torture/compile/20001226-1.c, -O2
FAIL: gcc.c-torture/compile/20001226-1.c, -O3 -fomit-frame-pointer
FAIL: gcc.c-torture/compile/20001226-1.c, -O3 -g
FAIL: gcc.c-torture/compile/20001226-1.c, -Os
FAIL: gcc.c-torture/compile/20011119-2.c, -O0
FAIL: gcc.c-torture/compile/20011119-2.c, -O1
FAIL: gcc.c-torture/compile/20011119-2.c, -O2
FAIL: gcc.c-torture/compile/20011119-2.c, -O3 -fomit-frame-pointer
FAIL: gcc.c-torture/compile/20011119-2.c, -O3 -g
FAIL: gcc.c-torture/compile/20011119-2.c, -Os
FAIL: gcc.c-torture/compile/20011119-1.c, -O0
FAIL: gcc.c-torture/compile/20011119-1.c, -O1
FAIL: gcc.c-torture/compile/20011119-1.c, -O2
FAIL: gcc.c-torture/compile/20011119-1.c, -O3 -fomit-frame-pointer
FAIL: gcc.c-torture/compile/20011119-1.c, -O3 -g
FAIL: gcc.c-torture/compile/20011119-1.c, -Os
FAIL: gcc.c-torture/execute/20010122-1.c execution, -O0
FAIL: gcc.c-torture/execute/20010122-1.c execution, -O1
FAIL: gcc.c-torture/execute/20010122-1.c execution, -O2
FAIL: gcc.c-torture/execute/20010122-1.c execution, -O3
-fomit-frame-pointer
FAIL: gcc.c-torture/execute/20010122-1.c execution, -O3
-fomit-frame-pointer -funroll-loops
FAIL: gcc.c-torture/execute/20010122-1.c execution, -O3
-fomit-frame-pointer -funroll-all-loops -finline-functions
FAIL: gcc.c-torture/execute/20010122-1.c execution, -O3 -g
FAIL: gcc.c-torture/execute/20010122-1.c execution, -Os
FAIL: gcc.c-torture/execute/20011114-1.c execution, -O3
-fomit-frame-pointer
FAIL: gcc.c-torture/execute/20011114-1.c execution, -O3 -g
FAIL: gcc.c-torture/execute/931004-13.c execution, -O2
FAIL: gcc.c-torture/execute/931004-13.c execution, -Os
FAIL: gcc.c-torture/execute/931004-14.c execution, -O2
FAIL: gcc.c-torture/execute/931004-14.c execution, -O3 -fomit-frame-pointer
FAIL: gcc.c-torture/execute/931004-14.c execution, -O3 -fomit-frame-pointer
-funroll-loops
FAIL: gcc.c-torture/execute/931004-14.c execution, -O3 -fomit-frame-pointer
-funroll-all-loops -finline-functions
FAIL: gcc.c-torture/execute/931004-14.c execution, -O3 -g
FAIL: gcc.c-torture/execute/931004-14.c execution, -Os
FAIL: gcc.c-torture/execute/931004-5.c execution, -O2
FAIL: gcc.c-torture/execute/931004-5.c execution, -Os
FAIL: gcc.c-torture/execute/931004-6.c execution, -O2
FAIL: gcc.c-torture/execute/931004-6.c execution, -O3 -fomit-frame-pointer
FAIL: gcc.c-torture/execute/931004-6.c execution, -O3 -fomit-frame-pointer
-funroll-loops
FAIL: gcc.c-torture/execute/931004-6.c execution, -O3 -fomit-frame-pointer
-funroll-all-loops -finline-functions
FAIL: gcc.c-torture/execute/931004-6.c execution, -O3 -g
FAIL: gcc.c-torture/execute/931004-6.c execution, -Os
FAIL: gcc.c-torture/execute/950628-1.c compilation, -O1
FAIL: gcc.dg/cpp/charconst-2.c (test for excess errors)
FAIL: gcc.dg/noncompile/930622-1.c (test for excess errors)
=== gcc Summary for unix/-mabi=64 ===
# of expected passes 16264
# of unexpected failures 45
# of expected failures 78
# of unresolved testcases 1
# of unsupported tests 66
=== gcc Summary ===
# of expected passes 32515
# of unexpected failures 103
# of expected failures 156
# of unresolved testcases 2
# of unsupported tests 132
/exd4/billingd/obj/gcc-mainline/gcc/xgcc version 3.1 20011125 (experimental)
=== g++ tests ===
Running target unix
FAIL: g++.dg/ext/instantiate1.C (test for excess errors)
FAIL: g++.other/enum5.C (test for excess errors)
XPASS: g++.pt/decl2.C ICE - (test for errors, line 8)
FAIL: g++.pt/memtemp100.C (test for excess errors)
XPASS: g++.robertl/eb17.C Execution test
=== g++ Summary for unix ===
# of expected passes 6693
# of unexpected failures 3
# of unexpected successes 2
# of expected failures 104
# of untested testcases 21
# of unsupported tests 1
Running target unix/-mabi=64
FAIL: g++.dg/eh/filter1.C execution test
FAIL: g++.dg/eh/omit-frame-pointer.C execution test
FAIL: g++.dg/eh/registers1.C execution test
FAIL: g++.dg/eh/template1.C execution test
FAIL: g++.dg/ext/instantiate1.C (test for excess errors)
FAIL: g++.abi/cxa_vec.C Execution test
FAIL: g++.brendan/eh1.C Execution test
FAIL: g++.eh/catch11.C Execution test
FAIL: g++.eh/catch12.C Execution test
FAIL: g++.eh/catch3.C Execution test
FAIL: g++.eh/catch3p.C Execution test
FAIL: g++.eh/catch4.C Execution test
FAIL: g++.eh/catch4p.C Execution test
FAIL: g++.eh/catch5.C Execution test
FAIL: g++.eh/catch5p.C Execution test
FAIL: g++.eh/catch6.C Execution test
FAIL: g++.eh/catch6p.C Execution test
FAIL: g++.eh/catch7.C Execution test
FAIL: g++.eh/catch7p.C Execution test
FAIL: g++.eh/catch8.C Execution test
FAIL: g++.eh/catch8p.C Execution test
FAIL: g++.eh/catch9.C Execution test
FAIL: g++.eh/catch9p.C Execution test
FAIL: g++.eh/catchptr1.C Execution test
FAIL: g++.eh/cleanup1.C Execution test
FAIL: g++.eh/cleanup2.C Execution test
FAIL: g++.eh/flow1.C Execution test
FAIL: g++.eh/fntry1.C Execution test
FAIL: g++.eh/inline2.C Execution test
FAIL: g++.eh/new1.C Execution test
FAIL: g++.eh/new2.C Execution test
FAIL: g++.eh/pdel1.C Execution test
FAIL: g++.eh/pdel2.C Execution test
FAIL: g++.eh/ptr1.C Execution test
FAIL: g++.eh/ptrmem1.C Execution test
FAIL: g++.eh/rethrow1.C Execution test
FAIL: g++.eh/rethrow2.C Execution test
FAIL: g++.eh/rethrow3.C Execution test
FAIL: g++.eh/rethrow4.C Execution test
FAIL: g++.eh/rethrow5.C Execution test
FAIL: g++.eh/rethrow6.C Execution test
FAIL: g++.eh/spec1.C Execution test
FAIL: g++.eh/spec2.C Execution test
FAIL: g++.eh/spec3.C Execution test
FAIL: g++.eh/tmpl1.C Execution test
FAIL: g++.eh/unwind1.C Execution test
FAIL: g++.eh/vbase1.C Execution test
FAIL: g++.eh/vbase2.C Execution test
FAIL: g++.eh/vbase4.C Execution test
FAIL: g++.martin/new1.C Execution test
FAIL: g++.mike/dyncast1.C Execution test
FAIL: g++.mike/dyncast2.C Execution test
FAIL: g++.mike/eh10.C Execution test
FAIL: g++.mike/eh12.C Execution test
FAIL: g++.mike/eh14.C Execution test
FAIL: g++.mike/eh16.C Execution test
FAIL: g++.mike/eh17.C Execution test
FAIL: g++.mike/eh18.C Execution test
FAIL: g++.mike/eh2.C Execution test
FAIL: g++.mike/eh21.C Execution test
FAIL: g++.mike/eh24.C Execution test
FAIL: g++.mike/eh25.C Execution test
FAIL: g++.mike/eh26.C Execution test
FAIL: g++.mike/eh27.C Execution test
FAIL: g++.mike/eh28.C Execution test
FAIL: g++.mike/eh29.C Execution test
FAIL: g++.mike/eh3.C Execution test
FAIL: g++.mike/eh31.C Execution test
FAIL: g++.mike/eh33.C Execution test
FAIL: g++.mike/eh34.C Execution test
FAIL: g++.mike/eh35.C Execution test
FAIL: g++.mike/eh36.C Execution test
FAIL: g++.mike/eh37.C Execution test
FAIL: g++.mike/eh38.C Execution test
FAIL: g++.mike/eh39.C Execution test
FAIL: g++.mike/eh40.C Execution test
FAIL: g++.mike/eh41.C Execution test
FAIL: g++.mike/eh42.C Execution test
FAIL: g++.mike/eh44.C Execution test
FAIL: g++.mike/eh47.C Execution test
FAIL: g++.mike/eh48.C Execution test
FAIL: g++.mike/eh49.C Execution test
FAIL: g++.mike/eh5.C Execution test
FAIL: g++.mike/eh50.C Execution test
FAIL: g++.mike/eh51.C Execution test
FAIL: g++.mike/eh6.C Execution test
FAIL: g++.mike/eh8.C Execution test
FAIL: g++.mike/p7912.C Execution test
FAIL: g++.mike/p9706.C Execution test
FAIL: g++.oliva/delete3.C Execution test
FAIL: g++.oliva/new1.C Execution test
FAIL: g++.other/array1.C Execution test
FAIL: g++.other/eh3.C Execution test
FAIL: g++.other/enum5.C (test for excess errors)
FAIL: g++.other/init7.C Execution test
FAIL: g++.other/new7.C Execution test
FAIL: g++.other/singleton.C Execution test
FAIL: g++.other/vbase2.C Execution test
XPASS: g++.pt/decl2.C ICE - (test for errors, line 8)
FAIL: g++.pt/fntry1.C Execution test
FAIL: g++.pt/memtemp100.C (test for excess errors)
XPASS: g++.robertl/eb17.C Execution test
FAIL: g++.robertl/eb31.C Execution test
FAIL: g++.robertl/eb50.C Execution test
FAIL: g++.robertl/eb66.C Execution test
FAIL: g++.robertl/eb88.C Execution test
FAIL: g++.robertl/eh990323-1.C Execution test
FAIL: g++.robertl/eh990323-2.C Execution test
FAIL: g++.robertl/eh990323-3.C Execution test
FAIL: g++.robertl/eh990323-4.C Execution test
FAIL: g++.robertl/eh990323-5.C Execution test
FAIL: g++.robertl/ice990323-2.C Execution test
=== g++ Summary for unix/-mabi=64 ===
# of expected passes 6586
# of unexpected failures 110
# of unexpected successes 2
# of expected failures 104
# of untested testcases 21
# of unsupported tests 1
=== g++ Summary ===
# of expected passes 13279
# of unexpected failures 113
# of unexpected successes 4
# of expected failures 208
# of untested testcases 42
# of unsupported tests 2
/exd4/billingd/obj/gcc-mainline/gcc/testsuite/../g++ version 3.1 20011125
(experimental)
=== objc tests ===
Running target unix
FAIL: objc/execute/formal_protocol-6.m execution, -O
=== objc Summary for unix ===
# of expected passes 209
# of unexpected failures 1
Running target unix/-mabi=64
FAIL: objc/execute/bycopy-3.m execution, -O
FAIL: objc/execute/formal_protocol-5.m execution, -O
FAIL: objc/execute/formal_protocol-6.m execution, -O
=== objc Summary for unix/-mabi=64 ===
# of expected passes 207
# of unexpected failures 3
=== objc Summary ===
# of expected passes 416
# of unexpected failures 4
/exd4/billingd/obj/gcc-mainline/gcc/xgcc version 3.1 20011125 (experimental)
=== libstdc++-v3 tests ===
Running target unix
XPASS: 22_locale/collate_members_wchar_t.cc execution test
XPASS: 22_locale/money_get_members_wchar_t.cc execution test
XPASS: 22_locale/money_put_members_wchar_t.cc execution test
XPASS: 22_locale/moneypunct_members_wchar_t.cc execution test
XPASS: 22_locale/time_get_members_wchar_t.cc execution test
XPASS: 22_locale/time_put_members_wchar_t.cc execution test
XPASS: 26_numerics/c99_classification_macros_c.cc (test for excess errors)
FAIL: 27_io/ostream_inserter_arith.cc execution test
=== libstdc++-v3 Summary ===
# of expected passes 326
# of unexpected failures 1
# of unexpected successes 7
# of expected failures 22
=== libstdc++-v3 tests ===
Running target unix
XPASS: 22_locale/collate_members_wchar_t.cc execution test
XPASS: 22_locale/money_get_members_wchar_t.cc execution test
XPASS: 22_locale/money_put_members_wchar_t.cc execution test
XPASS: 22_locale/moneypunct_members_wchar_t.cc execution test
XPASS: 22_locale/time_get_members_wchar_t.cc execution test
XPASS: 22_locale/time_put_members_wchar_t.cc execution test
XPASS: 26_numerics/c99_classification_macros_c.cc (test for excess errors)
FAIL: 27_io/ostream_inserter_arith.cc execution test
=== libstdc++-v3 Summary ===
# of expected passes 326
# of unexpected failures 1
# of unexpected successes 7
# of expected failures 22
Compiler version: 3.1 20011125 (experimental)
Platform: mips-sgi-irix6.5
configure flags: --host=mips-sgi-irix6.5 --enable-shared --enable-haifa
--enable-threads=single --disable-nls
--prefix=/exd4/billingd/tmp/gcc-mainline
Counting all warnings,
there are 37 warnings in stage3 of this bootstrap.
Number of warnings per file:
11 gcc/config/mips/mips.md
6 gcc/gcc.c
6 gcc/cp/pt.c
2 gcc/fold-const.c
1 gcc/reload1.c
1 gcc/regmove.c
1 gcc/objc/objc-act.c
1 gcc/objc/lang-specs.h
1 gcc/local-alloc.c
1 gcc/java/parse.y
1 gcc/java/jvspec.c
1 gcc/cp/lang-specs.h
1 gcc/cp/class.c
1 gcc/cppmacro.c
1 gcc/combine.c
1 gcc/cfgrtl.c
Number of warning types:
9 string length \`???' is greater than the length \`???' ISO C89
compilers are required to support
9 comparison between signed and unsigned
6 operand 1 missing mode?
5 operand 0 missing mode?
2 \`???' might be used uninitialized in this function
1 ??? format, ??? arg (arg ???)
1 unused parameter \`???'
1 signed and unsigned type in conditional expression
1 pointer targets in passing arg ??? of \`???' differ in signedness
1 passing arg ??? of \`???' from incompatible pointer type
1 comparison of unsigned expression >= 0 is always true
More information about the Gcc-testresults
mailing list