Results for 3.1 20011119 (experimental) testsuite on sparc-sun-solaris2.7

Jack Cummings cummings@pmc-sierra.com
Tue Nov 20 06:01:00 GMT 2001


Native configuration is sparc-sun-solaris2.7

		=== g++ tests ===


Running target unix
		=== g77 tests ===


Running target unix
		=== gcc tests ===


Running target unix
FAIL: gcc.c-torture/compile/20001226-1.c,  -O2  
FAIL: gcc.c-torture/compile/20001226-1.c,  -O3 -fomit-frame-pointer  
FAIL: gcc.c-torture/compile/20001226-1.c,  -O3 -g  
FAIL: gcc.c-torture/compile/20001226-1.c,  -Os  
FAIL: gcc.c-torture/execute/20001229-1.c execution,  -O0 
FAIL: gcc.c-torture/execute/20001229-1.c execution,  -O1 
FAIL: gcc.c-torture/execute/20001229-1.c execution,  -O2 
FAIL: gcc.c-torture/execute/20001229-1.c execution,  -O3 -fomit-frame-pointer 
FAIL: gcc.c-torture/execute/20001229-1.c execution,  -O3 -g 
FAIL: gcc.c-torture/execute/20010122-1.c execution,  -O0 
FAIL: gcc.c-torture/execute/20010122-1.c execution,  -O1 
FAIL: gcc.c-torture/execute/20010122-1.c execution,  -O2 
FAIL: gcc.c-torture/execute/20010122-1.c execution,  -O3 -fomit-frame-pointer 
FAIL: gcc.c-torture/execute/20010122-1.c execution,  -O3 -fomit-frame-pointer -funroll-loops 
FAIL: gcc.c-torture/execute/20010122-1.c execution,  -O3 -fomit-frame-pointer -funroll-all-loops -finline-functions 
FAIL: gcc.c-torture/execute/20010122-1.c execution,  -O3 -g 
FAIL: gcc.c-torture/execute/20010122-1.c execution,  -Os 
FAIL: gcc.c-torture/execute/20011114-1.c execution,  -O3 -fomit-frame-pointer 
FAIL: gcc.c-torture/execute/20011114-1.c execution,  -O3 -g 
FAIL: gcc.c-torture/execute/built-in-setjmp.c execution,  -O1 
FAIL: gcc.c-torture/execute/built-in-setjmp.c execution,  -O2 
FAIL: gcc.c-torture/execute/built-in-setjmp.c execution,  -O3 -fomit-frame-pointer 
FAIL: gcc.c-torture/execute/built-in-setjmp.c execution,  -O3 -fomit-frame-pointer -funroll-loops 
FAIL: gcc.c-torture/execute/built-in-setjmp.c execution,  -O3 -fomit-frame-pointer -funroll-all-loops -finline-functions 
FAIL: gcc.c-torture/execute/built-in-setjmp.c execution,  -O3 -g 
FAIL: gcc.c-torture/execute/regstack-1.c execution,  -O0 
FAIL: gcc.dg/cpp/ucs.c bad U1234abcd evaluation (test for bogus messages, line 14)
FAIL: gcc.dg/cpp/ucs.c  (test for warnings, line 24)
FAIL: gcc.dg/cpp/ucs.c (test for excess errors)
FAIL: gcc.dg/20001013-1.c (test for excess errors)
FAIL: gcc.dg/c99-float-1.c (test for excess errors)
FAIL: gcc.dg/noncompile/930622-1.c (test for excess errors)

		=== gcc Summary ===

# of expected passes		16232
# of unexpected failures	32
# of expected failures		57
# of unresolved testcases	4
# of unsupported tests		55
gcc version 3.1 20011119 (experimental)


Compiler version: 3.1 20011119 (experimental) 
Platform: sparc-sun-solaris2.7



More information about the Gcc-testresults mailing list