Results for 3.1 20011124 (experimental) testsuite on ia64-unknown-linux-gnu
H . J . Lu
hjl@lucon.org
Mon Nov 19 01:30:00 GMT 2001
Native configuration is ia64-unknown-linux-gnu
=== binutils tests ===
Running target unix
=== binutils Summary ===
# of expected passes 31
# of expected failures 1
=== gas tests ===
Running target unix
=== gas Summary ===
# of expected passes 82
=== g77 tests ===
Running target unix
FAIL: g77.dg/ff90-1.f execution test
FAIL: g77.f-torture/compile/20000511-2.f, -O3 -g
FAIL: g77.f-torture/compile/20000629-1.f, -O3 -g
FAIL: g77.f-torture/execute/20010430.f execution, -O2
FAIL: g77.f-torture/execute/20010430.f execution, -O3 -fomit-frame-pointer
FAIL: g77.f-torture/execute/20010430.f execution, -O3 -fomit-frame-pointer -funroll-loops
FAIL: g77.f-torture/execute/20010430.f execution, -O3 -fomit-frame-pointer -funroll-all-loops -finline-functions
FAIL: g77.f-torture/execute/20010430.f execution, -O3 -g
=== g77 Summary ===
# of expected passes 1336
# of unexpected failures 8
# of unsupported tests 8
/home/hjl/build/tools/build-ia64-linux/gcc/testsuite/../g77 version 3.1 20011124 (experimental)
=== gcc tests ===
Running target unix
FAIL: gcc.c-torture/compile/20000420-2.c, -O1
FAIL: gcc.c-torture/compile/920625-1.c, -O2
FAIL: gcc.c-torture/compile/920625-1.c, -O3 -fomit-frame-pointer
FAIL: gcc.c-torture/compile/920625-1.c, -O3 -fomit-frame-pointer -funroll-loops
FAIL: gcc.c-torture/compile/920625-1.c, -O3 -fomit-frame-pointer -funroll-all-loops -finline-functions
FAIL: gcc.c-torture/compile/920625-1.c, -O3 -g
FAIL: gcc.c-torture/compile/920625-1.c, -Os
FAIL: gcc.c-torture/compile/981223-1.c, -O2
FAIL: gcc.c-torture/compile/981223-1.c, -O3 -fomit-frame-pointer
FAIL: gcc.c-torture/compile/981223-1.c, -O3 -g
FAIL: gcc.c-torture/compile/981223-1.c, -Os
FAIL: gcc.c-torture/execute/20000917-1.c compilation, -O1
FAIL: gcc.c-torture/execute/20011114-1.c execution, -O3 -fomit-frame-pointer
FAIL: gcc.c-torture/execute/20011114-1.c execution, -O3 -g
FAIL: gcc.c-torture/execute/950628-1.c compilation, -O1
FAIL: gcc.c-torture/execute/990525-2.c compilation, -O1
FAIL: gcc.c-torture/execute/ieee/fp-cmp-5.c compilation, -O1
FAIL: gcc.c-torture/execute/ieee/fp-cmp-5.c compilation, -O2
FAIL: gcc.c-torture/execute/ieee/fp-cmp-5.c compilation, -O3 -fomit-frame-pointer
FAIL: gcc.c-torture/execute/ieee/fp-cmp-5.c compilation, -O3 -fomit-frame-pointer -funroll-loops
FAIL: gcc.c-torture/execute/ieee/fp-cmp-5.c compilation, -O3 -fomit-frame-pointer -funroll-all-loops -finline-functions
FAIL: gcc.c-torture/execute/ieee/fp-cmp-5.c compilation, -O3 -g
FAIL: gcc.c-torture/execute/ieee/fp-cmp-5.c compilation, -Os
FAIL: gcc.c-torture/unsorted/dm.c, -O1
FAIL: gcc.dg/cpp/ucs.c (test for warnings, line 24)
FAIL: gcc.dg/cpp/ucs.c (test for excess errors)
FAIL: gcc.misc-tests/gcov-7.c execution test
FAIL: gcc.misc-tests/gcov-7.c gcov: 9 failures in line counts, 3 in branch percentages, 4 in return percentages
=== gcc Summary ===
# of expected passes 16264
# of unexpected failures 28
# of expected failures 59
# of unresolved testcases 10
# of unsupported tests 57
/home/hjl/build/tools/build-ia64-linux/gcc/xgcc version 3.1 20011124 (experimental)
=== g++ tests ===
Running target unix
FAIL: g++.dg/eh/registers1.C execution test
FAIL: g++.dg/opt/vtgc1.C scan-assembler .vtable_inherit[ ]*vtable for Multivv3, 0
FAIL: g++.dg/opt/vtgc1.C scan-assembler .vtable_inherit[ ]*VTT for Multivv3, 0
FAIL: g++.dg/opt/vtgc1.C scan-assembler .vtable_inherit[ ]*vtable for Multiss2, vtable for Base2
FAIL: g++.dg/opt/vtgc1.C scan-assembler .vtable_inherit[ ]*vtable for Multivs1, vtable for Base2
FAIL: g++.dg/opt/vtgc1.C scan-assembler .vtable_inherit[ ]*VTT for Multivs1, vtable for Base2
FAIL: g++.dg/opt/vtgc1.C scan-assembler .vtable_inherit[ ]*vtable for Multisv0, vtable for Side0
FAIL: g++.dg/opt/vtgc1.C scan-assembler .vtable_inherit[ ]*VTT for Multisv0, vtable for Side0
FAIL: g++.dg/opt/vtgc1.C scan-assembler .vtable_inherit[ ]*vtable for Side0, 0
FAIL: g++.dg/opt/vtgc1.C scan-assembler .vtable_inherit[ ]*vtable for VbasedA, 0
FAIL: g++.dg/opt/vtgc1.C scan-assembler .vtable_inherit[ ]*VTT for VbasedA, 0
FAIL: g++.dg/opt/vtgc1.C scan-assembler .vtable_inherit[ ]*vtable for Base2, vtable for Base1
FAIL: g++.dg/opt/vtgc1.C scan-assembler .vtable_inherit[ ]*vtable for Base1, vtable for Base0
FAIL: g++.dg/opt/vtgc1.C scan-assembler .vtable_inherit[ ]*vtable for Base0, 0
FAIL: g++.abi/cxa_vec.C Execution test
FAIL: g++.eh/badalloc1.C Execution test
FAIL: g++.eh/terminate2.C Execution test
FAIL: g++.law/profile1.C Execution test
FAIL: g++.other/enum5.C (test for excess errors)
XPASS: g++.pt/decl2.C ICE - (test for errors, line 8)
XPASS: g++.robertl/eb17.C Execution test
=== g++ Summary ===
# of expected passes 6689
# of unexpected failures 19
# of unexpected successes 2
# of expected failures 94
# of untested testcases 21
# of unsupported tests 1
/home/hjl/build/tools/build-ia64-linux/gcc/testsuite/../g++ version 3.1 20011124 (experimental)
=== objc tests ===
Running target unix
FAIL: objc/execute/formal_protocol-6.m execution, -O
=== objc Summary ===
# of expected passes 209
# of unexpected failures 1
/home/hjl/build/tools/build-ia64-linux/gcc/xgcc version 3.1 20011124 (experimental)
=== libjava tests ===
Running target unix
FAIL: G19990210_1 compilation from source
FAIL: G19990217_01 compilation from source
FAIL: PR375 compilation from source
FAIL: PR375 -O compilation from source
FAIL: register run
FAIL: Invoke_1 execution from source compiled test
FAIL: Invoke_1 execution from bytecode->native test
FAIL: Invoke_1 -O execution from source compiled test
FAIL: Invoke_1 -O execution from bytecode->native test
FAIL: PR218 execution from source compiled test
FAIL: PR218 execution from bytecode->native test
FAIL: PR218 -O execution from source compiled test
FAIL: PR218 -O execution from bytecode->native test
FAIL: PR3096 output from source compiled test
FAIL: PR3096 -O output from source compiled test
FAIL: SyncTest execution from bytecode->native test
FAIL: SyncTest -O execution from bytecode->native test
FAIL: Thread_Interrupt -O execution from source compiled test
FAIL: Thread_Interrupt -O execution from bytecode->native test
FAIL: Thread_Wait_2 -O execution from source compiled test
FAIL: Thread_Wait_2 -O execution from bytecode->native test
FAIL: Thread_Wait_Interrupt -O execution from source compiled test
FAIL: Thread_Wait_Interrupt -O execution from bytecode->native test
XPASS: stringconst output from bytecode->native test
XPASS: stringconst -O output from bytecode->native test
=== libjava Summary ===
# of expected passes 1865
# of unexpected failures 23
# of unexpected successes 2
# of expected failures 16
# of untested testcases 33
=== libstdc++-v3 tests ===
Running target unix
FAIL: 18_support/numeric_limits.cc execution test
FAIL: 21_strings/append.cc execution test
FAIL: 21_strings/ctor_copy_dtor.cc execution test
FAIL: 21_strings/element_access.cc execution test
FAIL: 21_strings/insert.cc execution test
FAIL: 21_strings/substr.cc execution test
FAIL: 22_locale/ctor_copy_dtor.cc execution test
XPASS: 22_locale/members.cc execution test
XPASS: 22_locale/messages_byname.cc execution test
XPASS: 22_locale/messages_members_char.cc execution test
XPASS: 22_locale/money_get_members_char.cc execution test
XPASS: 22_locale/money_get_members_wchar_t.cc execution test
XPASS: 22_locale/money_put_members_char.cc execution test
XPASS: 22_locale/money_put_members_wchar_t.cc execution test
XPASS: 22_locale/moneypunct_byname.cc execution test
XPASS: 22_locale/moneypunct_members_char.cc execution test
XPASS: 22_locale/moneypunct_members_wchar_t.cc execution test
XPASS: 22_locale/numpunct_byname.cc execution test
XPASS: 22_locale/numpunct_members_char.cc execution test
XPASS: 22_locale/time_get_members_char.cc execution test
XPASS: 22_locale/time_get_members_wchar_t.cc execution test
XPASS: 22_locale/time_put_members_char.cc execution test
FAIL: 23_containers/bitset_ctor.cc execution test
FAIL: 23_containers/bitset_members.cc execution test
FAIL: 23_containers/vector_element_access.cc execution test
=== libstdc++-v3 Summary ===
# of expected passes 317
# of unexpected failures 10
# of unexpected successes 15
# of expected failures 14
=== ld tests ===
Running target unix
FAIL: bootstrap with strip
FAIL: selective1
FAIL: selective2
FAIL: selective3
FAIL: S-records
FAIL: S-records with constructors
=== ld Summary ===
# of expected passes 88
# of unexpected failures 6
# of expected failures 39
# of unresolved testcases 3
Compiler version: 3.1 20011124 (experimental)
Platform: ia64-unknown-linux-gnu
configure flags: --host=ia64-unknown-linux --enable-shared --enable-threads=posix --enable-haifa --disable-checking --with-system-zlib --prefix=/home/hjl/tools --with-local-prefix=/usr/local --enable-clocale=gnu
More information about the Gcc-testresults
mailing list