Results for 3.1 20011124 (experimental) testsuite on mips-sgi-irix6.5
H . J . Lu
hjl@lucon.org
Sun Nov 18 17:37:00 GMT 2001
LAST_UPDATED: Tue Nov 20 19:56:46 UTC 2001
Native configuration is mips-sgi-irix6.5
=== g++ tests ===
Running target unix
FAIL: g++.dg/ext/instantiate1.C (test for excess errors)
XPASS: g++.dg/template/friend.C (test for bogus messages, line 19)
XPASS: g++.dg/template/friend.C (test for bogus messages, line 21)
XPASS: g++.dg/template/friend.C (test for bogus messages, line 28)
FAIL: g++.other/enum5.C (test for excess errors)
FAIL: g++.other/headers1.C (test for excess errors)
XPASS: g++.pt/decl2.C ICE - (test for errors, line 8)
FAIL: g++.pt/memtemp100.C (test for excess errors)
FAIL: g++.robertl/eb130.C (test for excess errors)
FAIL: g++.robertl/eb132.C (test for excess errors)
XPASS: g++.robertl/eb17.C Execution test
FAIL: g++.robertl/eb73.C (test for excess errors)
=== g++ Summary ===
# of expected passes 6687
# of unexpected failures 7
# of unexpected successes 5
# of expected failures 102
# of untested testcases 21
# of unsupported tests 1
/export/build/gcc/build-mips-irix/gcc/testsuite/../g++ version 3.1 20011124 (experimental)
=== g77 tests ===
Running target unix
FAIL: g77.f-torture/compile/20000511-2.f, -O3 -g
FAIL: g77.f-torture/compile/20000629-1.f, -O3 -g
FAIL: g77.f-torture/execute/19981119-0.f compilation, -O3 -g
FAIL: g77.f-torture/execute/20010430.f execution, -O2
FAIL: g77.f-torture/execute/20010430.f execution, -O3 -fomit-frame-pointer
FAIL: g77.f-torture/execute/20010430.f execution, -O3 -fomit-frame-pointer -funroll-loops
FAIL: g77.f-torture/execute/20010430.f execution, -O3 -fomit-frame-pointer -funroll-all-loops -finline-functions
FAIL: g77.f-torture/execute/20010430.f execution, -O3 -g
=== g77 Summary ===
# of expected passes 1313
# of unexpected failures 8
# of expected failures 14
# of untested testcases 9
# of unsupported tests 8
/export/build/gcc/build-mips-irix/gcc/testsuite/../g77 version 3.1 20011124 (experimental)
=== gcc tests ===
Running target unix
FAIL: gcc.c-torture/compile/20001226-1.c, -O1
FAIL: gcc.c-torture/compile/20001226-1.c, -O2
FAIL: gcc.c-torture/compile/20001226-1.c, -O3 -fomit-frame-pointer
FAIL: gcc.c-torture/compile/20001226-1.c, -O3 -g
FAIL: gcc.c-torture/compile/20001226-1.c, -Os
FAIL: gcc.c-torture/compile/packed-1.c, -O0
FAIL: gcc.c-torture/compile/packed-1.c, -O1
FAIL: gcc.c-torture/compile/packed-1.c, -O2
FAIL: gcc.c-torture/compile/packed-1.c, -O3 -fomit-frame-pointer
FAIL: gcc.c-torture/compile/packed-1.c, -O3 -g
FAIL: gcc.c-torture/compile/packed-1.c, -Os
FAIL: gcc.c-torture/compile/20011114-1.c, -O0
FAIL: gcc.c-torture/compile/20011114-1.c, -O1
FAIL: gcc.c-torture/compile/20011114-1.c, -O2
FAIL: gcc.c-torture/compile/20011114-1.c, -O3 -fomit-frame-pointer
FAIL: gcc.c-torture/compile/20011114-1.c, -O3 -g
FAIL: gcc.c-torture/compile/20011114-1.c, -Os
FAIL: gcc.c-torture/compile/20011119-1.c, -O0
FAIL: gcc.c-torture/compile/20011119-1.c, -O1
FAIL: gcc.c-torture/compile/20011119-1.c, -O2
FAIL: gcc.c-torture/compile/20011119-1.c, -O3 -fomit-frame-pointer
FAIL: gcc.c-torture/compile/20011119-1.c, -O3 -g
FAIL: gcc.c-torture/compile/20011119-1.c, -Os
FAIL: gcc.c-torture/compile/20011119-2.c, -O0
FAIL: gcc.c-torture/compile/20011119-2.c, -O1
FAIL: gcc.c-torture/compile/20011119-2.c, -O2
FAIL: gcc.c-torture/compile/20011119-2.c, -O3 -fomit-frame-pointer
FAIL: gcc.c-torture/compile/20011119-2.c, -O3 -g
FAIL: gcc.c-torture/compile/20011119-2.c, -Os
FAIL: gcc.c-torture/execute/20010122-1.c execution, -O0
FAIL: gcc.c-torture/execute/20010122-1.c execution, -O1
FAIL: gcc.c-torture/execute/20010122-1.c execution, -O2
FAIL: gcc.c-torture/execute/20010122-1.c execution, -O3 -fomit-frame-pointer
FAIL: gcc.c-torture/execute/20010122-1.c execution, -O3 -fomit-frame-pointer -funroll-loops
FAIL: gcc.c-torture/execute/20010122-1.c execution, -O3 -fomit-frame-pointer -funroll-all-loops -finline-functions
FAIL: gcc.c-torture/execute/20010122-1.c execution, -O3 -g
FAIL: gcc.c-torture/execute/20010122-1.c execution, -Os
FAIL: gcc.c-torture/execute/20011114-1.c execution, -O3 -fomit-frame-pointer
FAIL: gcc.c-torture/execute/20011114-1.c execution, -O3 -g
FAIL: gcc.c-torture/execute/931004-13.c execution, -O2
FAIL: gcc.c-torture/execute/931004-13.c execution, -Os
FAIL: gcc.c-torture/execute/931004-14.c execution, -O2
FAIL: gcc.c-torture/execute/931004-14.c execution, -O3 -fomit-frame-pointer
FAIL: gcc.c-torture/execute/931004-14.c execution, -O3 -fomit-frame-pointer -funroll-loops
FAIL: gcc.c-torture/execute/931004-14.c execution, -O3 -fomit-frame-pointer -funroll-all-loops -finline-functions
FAIL: gcc.c-torture/execute/931004-14.c execution, -O3 -g
FAIL: gcc.c-torture/execute/931004-14.c execution, -Os
FAIL: gcc.c-torture/execute/931004-5.c execution, -O2
FAIL: gcc.c-torture/execute/931004-5.c execution, -Os
FAIL: gcc.c-torture/execute/931004-6.c execution, -O2
FAIL: gcc.c-torture/execute/931004-6.c execution, -O3 -fomit-frame-pointer
FAIL: gcc.c-torture/execute/931004-6.c execution, -O3 -fomit-frame-pointer -funroll-loops
FAIL: gcc.c-torture/execute/931004-6.c execution, -O3 -fomit-frame-pointer -funroll-all-loops -finline-functions
FAIL: gcc.c-torture/execute/931004-6.c execution, -O3 -g
FAIL: gcc.c-torture/execute/931004-6.c execution, -Os
FAIL: gcc.c-torture/execute/950628-1.c compilation, -O1
FAIL: gcc.dg/cpp/charconst-2.c (test for excess errors)
FAIL: gcc.dg/c99-intconst-1.c (test for excess errors)
FAIL: gcc.dg/noncompile/930622-1.c (test for excess errors)
=== gcc Summary ===
# of expected passes 16214
# of unexpected failures 59
# of expected failures 78
# of unresolved testcases 1
# of unsupported tests 66
/export/build/gcc/build-mips-irix/gcc/xgcc version 3.1 20011124 (experimental)
=== objc tests ===
Running target unix
FAIL: objc/execute/formal_protocol-6.m execution, -O
=== objc Summary ===
# of expected passes 209
# of unexpected failures 1
/export/build/gcc/build-mips-irix/gcc/xgcc version 3.1 20011124 (experimental)
=== libstdc++-v3 tests ===
Running target unix
XPASS: 22_locale/collate_members_wchar_t.cc execution test
XPASS: 22_locale/money_get_members_wchar_t.cc execution test
XPASS: 22_locale/money_put_members_wchar_t.cc execution test
XPASS: 22_locale/moneypunct_members_wchar_t.cc execution test
XPASS: 22_locale/time_get_members_wchar_t.cc execution test
XPASS: 22_locale/time_put_members_wchar_t.cc execution test
XPASS: 26_numerics/c99_classification_macros_c.cc (test for excess errors)
FAIL: 27_io/ostream_inserter_arith.cc execution test
=== libstdc++-v3 Summary ===
# of expected passes 326
# of unexpected failures 1
# of unexpected successes 7
# of expected failures 22
Compiler version: 3.1 20011124 (experimental)
Platform: mips-sgi-irix6.5
configure flags: --host=mips-sgi-irix6.5 --disable-multilib --disable-nls --enable-shared --enable-threads=posix --enable-haifa --disable-checking --prefix=/export/tools --with-local-prefix=/usr/local
More information about the Gcc-testresults
mailing list