Results for 3.1 20011123 (experimental) testsuite on i386-unknown-netbsdelf1.5Y
cato@df.lth.se
cato@df.lth.se
Thu Nov 15 11:49:00 GMT 2001
LAST_UPDATED: Fri Nov 23 16:55:08 UTC 2001
Native configuration is i386-unknown-netbsdelf1.5Y
=== g++ tests ===
Running target unix
FAIL: g++.dg/eh/omit-frame-pointer.C execution test
FAIL: g++.law/profile1.C (test for excess errors)
FAIL: g++.other/enum5.C (test for excess errors)
XPASS: g++.pt/decl2.C ICE - (test for errors, line 8)
FAIL: g++.pt/memtemp100.C (test for excess errors)
XPASS: g++.robertl/eb17.C Execution test
=== g++ Summary ===
# of expected passes 6712
# of unexpected failures 4
# of unexpected successes 2
# of expected failures 95
# of untested testcases 15
# of unsupported tests 1
/ndsk/gcctmp/i386/gcc011123/build/gcc/testsuite/../g++ version 3.1 20011123 (experimental)
=== g77 tests ===
Running target unix
=== g77 Summary ===
# of expected passes 1344
# of unsupported tests 8
/ndsk/gcctmp/i386/gcc011123/build/gcc/testsuite/../g77 version 3.1 20011123 (experimental)
=== gcc tests ===
Running target unix
FAIL: gcc.c-torture/compile/20011114-1.c, -O0
FAIL: gcc.c-torture/compile/20011114-1.c, -O1
FAIL: gcc.c-torture/compile/20011114-1.c, -O2
FAIL: gcc.c-torture/compile/20011114-1.c, -O3 -fomit-frame-pointer
FAIL: gcc.c-torture/compile/20011114-1.c, -O3 -g
FAIL: gcc.c-torture/compile/20011114-1.c, -Os
FAIL: gcc.c-torture/execute/20011114-1.c execution, -O3 -fomit-frame-pointer
FAIL: gcc.c-torture/execute/20011114-1.c execution, -O3 -g
FAIL: gcc.c-torture/execute/960218-1.c compilation, -O0
FAIL: gcc.c-torture/execute/960218-1.c compilation, -O1
FAIL: gcc.c-torture/execute/960218-1.c compilation, -O2
FAIL: gcc.c-torture/execute/960218-1.c compilation, -O3 -fomit-frame-pointer
FAIL: gcc.c-torture/execute/960218-1.c compilation, -O3 -fomit-frame-pointer -funroll-loops
FAIL: gcc.c-torture/execute/960218-1.c compilation, -O3 -fomit-frame-pointer -funroll-all-loops -finline-functions
FAIL: gcc.c-torture/execute/960218-1.c compilation, -O3 -g
FAIL: gcc.c-torture/execute/960218-1.c compilation, -Os
FAIL: gcc.c-torture/execute/loop-2c.c execution, -Os
FAIL: gcc.c-torture/execute/loop-2d.c execution, -Os
FAIL: gcc.c-torture/execute/loop-3c.c execution, -Os
FAIL: gcc.c-torture/execute/ieee/rbug.c execution, -O0
FAIL: gcc.c-torture/execute/ieee/rbug.c execution, -O1
FAIL: gcc.c-torture/execute/ieee/rbug.c execution, -O2
FAIL: gcc.c-torture/execute/ieee/rbug.c execution, -Os
FAIL: gcc.dg/c99-intconst-1.c (test for excess errors)
FAIL: gcc.dg/format/c99-scanf-3.c vfscanf (test for warnings, line 21)
FAIL: gcc.dg/format/c99-scanf-3.c vfscanf (test for warnings, line 21)
FAIL: gcc.dg/format/ext-6.c vfscanf (test for warnings, line 38)
FAIL: gcc.dg/format/ext-6.c vfscanf (test for warnings, line 38)
=== gcc Summary ===
# of expected passes 16301
# of unexpected failures 28
# of expected failures 57
# of unresolved testcases 8
# of unsupported tests 29
/ndsk/gcctmp/i386/gcc011123/build/gcc/xgcc version 3.1 20011123 (experimental)
=== objc tests ===
Running target unix
FAIL: objc/execute/formal_protocol-6.m execution, -O
=== objc Summary ===
# of expected passes 209
# of unexpected failures 1
/ndsk/gcctmp/i386/gcc011123/build/gcc/xgcc version 3.1 20011123 (experimental)
=== libstdc++-v3 tests ===
Running target unix
XPASS: 22_locale/collate_members_wchar_t.cc execution test
XPASS: 22_locale/money_get_members_wchar_t.cc execution test
XPASS: 22_locale/money_put_members_wchar_t.cc execution test
XPASS: 22_locale/moneypunct_members_wchar_t.cc execution test
XPASS: 22_locale/time_get_members_wchar_t.cc execution test
XPASS: 22_locale/time_put_members_wchar_t.cc execution test
XPASS: 26_numerics/c99_classification_macros_c.cc (test for excess errors)
=== libstdc++-v3 Summary ===
# of expected passes 327
# of unexpected successes 7
# of expected failures 22
Compiler version: 3.1 20011123 (experimental)
Platform: i386-unknown-netbsdelf1.5Y
configure flags: --host=i386-unknown-netbsdelf1.5Y --disable-nls
More information about the Gcc-testresults
mailing list