Results for 3.1 20011112 (experimental) testsuite on i686-pc-linux-gnu
Andreas Jaeger
aj@suse.de
Tue Nov 13 07:21:00 GMT 2001
LAST_UPDATED: Tue Nov 20 19:52:44 UTC 2001
Native configuration is i686-pc-linux-gnu
=== g++ tests ===
Running target unix
FAIL: g++.other/enum5.C (test for excess errors)
XPASS: g++.pt/decl2.C ICE - (test for errors, line 8)
XPASS: g++.robertl/eb17.C Execution test
=== g++ Summary ===
# of expected passes 6703
# of unexpected failures 1
# of unexpected successes 2
# of expected failures 95
# of untested testcases 9
/builds/gcc/misc/gcc/testsuite/../g++ version 3.1 20011112 (experimental)
=== g77 tests ===
Running target unix
FAIL: g77.dg/bprob/bprob-1.f compilation, -O2 -fbranch-probabilities
FAIL: g77.dg/bprob/bprob-1.f compilation, -O3 -fbranch-probabilities
FAIL: g77.dg/bprob/bprob-1.f compilation, -O3 -g -fbranch-probabilities
FAIL: g77.dg/bprob/bprob-1.f compilation, -Os -fbranch-probabilities
FAIL: g77.f-torture/execute/970625-2.f compilation, -O2
FAIL: g77.f-torture/execute/970625-2.f compilation, -O3 -fomit-frame-pointer
FAIL: g77.f-torture/execute/970625-2.f compilation, -O3 -fomit-frame-pointer -funroll-loops
FAIL: g77.f-torture/execute/970625-2.f compilation, -O3 -fomit-frame-pointer -funroll-all-loops -finline-functions
FAIL: g77.f-torture/execute/970625-2.f compilation, -O3 -g
FAIL: g77.f-torture/execute/970625-2.f compilation, -Os
=== g77 Summary ===
# of expected passes 1340
# of unexpected failures 10
# of unresolved testcases 4
# of untested testcases 6
/builds/gcc/misc/gcc/testsuite/../g77 version 3.1 20011112 (experimental)
=== gcc tests ===
Running target unix
FAIL: gcc.c-torture/compile/20010327-1.c, -O0
FAIL: gcc.c-torture/compile/20010327-1.c, -O1
FAIL: gcc.c-torture/compile/20010327-1.c, -O2
FAIL: gcc.c-torture/compile/20010327-1.c, -O3 -fomit-frame-pointer
FAIL: gcc.c-torture/compile/20010327-1.c, -O3 -g
FAIL: gcc.c-torture/compile/20010327-1.c, -Os
FAIL: gcc.c-torture/execute/20010122-1.c execution, -O3 -fomit-frame-pointer
FAIL: gcc.c-torture/execute/20010122-1.c execution, -O3 -fomit-frame-pointer -funroll-loops
FAIL: gcc.c-torture/execute/20010122-1.c execution, -O3 -fomit-frame-pointer -funroll-all-loops -finline-functions
FAIL: gcc.c-torture/execute/20010122-1.c execution, -O3 -g
XPASS: gcc.dg/uninit-A.c uninitialized variable warning (test for bogus messages, line 50)
XPASS: gcc.dg/uninit-A.c uninitialized variable warning (test for bogus messages, line 51)
FAIL: gcc.dg/format/c99-printf-1.c %hhn plain char (test for warnings, line 195)
FAIL: gcc.dg/format/c99-printf-1.c %hhn unsigned char (test for warnings, line 196)
FAIL: gcc.dg/format/ext-3.c bad %^# (test for warnings, line 215)
FAIL: gcc.dg/format/ext-3.c (test for excess errors)
FAIL: gcc.misc-tests/bprob-1.c compilation, -O2 -DPERFTIME -fbranch-probabilities
FAIL: gcc.misc-tests/bprob-1.c compilation, -Os -fbranch-probabilities
=== gcc Summary ===
# of expected passes 16220
# of unexpected failures 16
# of unexpected successes 2
# of expected failures 59
# of unresolved testcases 2
# of unsupported tests 24
/builds/gcc/misc/gcc/xgcc version 3.1 20011112 (experimental)
=== objc tests ===
Running target unix
FAIL: objc/execute/formal_protocol-6.m execution, -O
=== objc Summary ===
# of expected passes 209
# of unexpected failures 1
/builds/gcc/misc/gcc/xgcc version 3.1 20011112 (experimental)
=== libstdc++-v3 tests ===
Running target unix
XPASS: 22_locale/collate_members_wchar_t.cc execution test
XPASS: 22_locale/time_put_members_char.cc execution test
=== libstdc++-v3 Summary ===
# of expected passes 319
# of unexpected successes 2
# of expected failures 27
Compiler version: 3.1 20011112 (experimental)
Platform: i686-pc-linux-gnu
configure flags: --host=i686-pc-linux-gnu --prefix=/opt/gcc/cfg --enable-shared --enable-threads=posix --with-gnu-as --with-gnu-ld --disable-nls --with-system-zlib --enable-languages=c,objc,c++,f77
More information about the Gcc-testresults
mailing list