Results for 3.1 20011119 (experimental) testsuite on i686-rearden-linux-gnu
H . J . Lu
hjl@lucon.org
Mon Nov 12 12:40:00 GMT 2001
LAST_UPDATED: Tue Nov 20 07:21:00 UTC 2001
Native configuration is i686-rearden-linux-gnu
=== g77 tests ===
Running target unix
=== g77 Summary ===
# of expected passes 1360
/mnt/sbp2a/build/gnu/gcc/build-i686-rearden-linux/gcc/testsuite/../g77 version 3.1 20011119 (experimental)
=== gcc tests ===
Running target unix
FAIL: gcc.c-torture/compile/20011114-1.c, -O0
FAIL: gcc.c-torture/compile/20011114-1.c, -O1
FAIL: gcc.c-torture/compile/20011114-1.c, -O2
FAIL: gcc.c-torture/compile/20011114-1.c, -O3 -fomit-frame-pointer
FAIL: gcc.c-torture/compile/20011114-1.c, -O3 -g
FAIL: gcc.c-torture/compile/20011114-1.c, -Os
FAIL: gcc.c-torture/execute/20011114-1.c execution, -O3 -fomit-frame-pointer
FAIL: gcc.c-torture/execute/20011114-1.c execution, -O3 -g
=== gcc Summary ===
# of expected passes 16318
# of unexpected failures 8
# of expected failures 61
# of unresolved testcases 1
# of unsupported tests 24
/mnt/sbp2a/build/gnu/gcc/build-i686-rearden-linux/gcc/xgcc version 3.1 20011119 (experimental)
=== g++ tests ===
Running target unix
XPASS: g++.dg/template/friend.C (test for bogus messages, line 19)
XPASS: g++.dg/template/friend.C (test for bogus messages, line 21)
XPASS: g++.dg/template/friend.C (test for bogus messages, line 28)
FAIL: g++.other/enum5.C (test for excess errors)
XPASS: g++.pt/decl2.C ICE - (test for errors, line 8)
XPASS: g++.robertl/eb17.C Execution test
=== g++ Summary ===
# of expected passes 6727
# of unexpected failures 1
# of unexpected successes 5
# of expected failures 91
# of untested testcases 9
/mnt/sbp2a/build/gnu/gcc/build-i686-rearden-linux/gcc/testsuite/../g++ version 3.1 20011119 (experimental)
=== objc tests ===
Running target unix
FAIL: objc/execute/formal_protocol-6.m execution, -O
=== objc Summary ===
# of expected passes 209
# of unexpected failures 1
/mnt/sbp2a/build/gnu/gcc/build-i686-rearden-linux/gcc/xgcc version 3.1 20011119 (experimental)
=== libjava tests ===
Running target unix
FAIL: register run
FAIL: Primes output from source compiled test
FAIL: Primes output from bytecode->native test
FAIL: Primes -O output from source compiled test
FAIL: Primes -O output from bytecode->native test
XPASS: stringconst output from bytecode->native test
XPASS: stringconst -O output from bytecode->native test
FAIL: PR3096 output from source compiled test
FAIL: PR3096 -O output from source compiled test
=== libjava Summary ===
# of expected passes 1897
# of unexpected failures 7
# of unexpected successes 2
# of expected failures 16
# of untested testcases 17
=== libstdc++-v3 tests ===
Running target unix
XPASS: 22_locale/collate_members_wchar_t.cc execution test
XPASS: 22_locale/time_put_members_char.cc execution test
=== libstdc++-v3 Summary ===
# of expected passes 319
# of unexpected successes 2
# of expected failures 27
Compiler version: 3.1 20011119 (experimental)
Platform: i686-rearden-linux-gnu
configure flags: --host=i686-rearden-linux --enable-shared --enable-threads=posix --enable-haifa --disable-checking --prefix=/usr/gcc-3.1 --with-local-prefix=/usr/local
More information about the Gcc-testresults
mailing list