Results for 3.1 20011115 (experimental) testsuite on mips-sgi-irix6.5

H . J . Lu hjl@lucon.org
Thu Nov 8 00:52:00 GMT 2001


Native configuration is mips-sgi-irix6.5

		=== g++ tests ===


Running target unix
FAIL: g++.dg/ext/instantiate1.C (test for excess errors)
XPASS: g++.dg/template/friend.C  (test for bogus messages, line 19)
XPASS: g++.dg/template/friend.C  (test for bogus messages, line 21)
XPASS: g++.dg/template/friend.C  (test for bogus messages, line 28)
FAIL: g++.other/enum5.C (test for excess errors)
FAIL: g++.other/headers1.C (test for excess errors)
XPASS: g++.pt/decl2.C ICE - (test for errors, line 8)
FAIL: g++.robertl/eb130.C (test for excess errors)
FAIL: g++.robertl/eb132.C (test for excess errors)
XPASS: g++.robertl/eb17.C  Execution test
FAIL: g++.robertl/eb73.C (test for excess errors)

		=== g++ Summary ===

# of expected passes		6677
# of unexpected failures	6
# of unexpected successes	5
# of expected failures		102
# of untested testcases		21
# of unsupported tests		1
/export/build/gcc/build-mips-irix/gcc/testsuite/../g++ version 3.1 20011115 (experimental)

		=== g77 tests ===


Running target unix
FAIL: g77.dg/bprob/bprob-1.f compilation,  -g  -fprofile-arcs
FAIL: g77.dg/bprob/bprob-1.f compilation,  -O0  -fprofile-arcs
FAIL: g77.dg/bprob/bprob-1.f compilation,  -O1  -fprofile-arcs
FAIL: g77.dg/bprob/bprob-1.f compilation,  -O2  -fprofile-arcs
FAIL: g77.dg/bprob/bprob-1.f compilation,  -O3  -fprofile-arcs
FAIL: g77.dg/bprob/bprob-1.f compilation,  -O3 -g  -fprofile-arcs
FAIL: g77.dg/bprob/bprob-1.f compilation,  -Os  -fprofile-arcs
FAIL: g77.dg/fbackslash.f (test for excess errors)
FAIL: g77.dg/fbackslash.f (test for excess errors)
FAIL: g77.dg/fbackslash.f (test for excess errors)
FAIL: g77.dg/fbackslash.f (test for excess errors)
FAIL: g77.dg/fbackslash.f (test for excess errors)
FAIL: g77.dg/fbackslash.f (test for excess errors)
FAIL: g77.dg/fcase-preserve.f (test for excess errors)
FAIL: g77.dg/fcase-preserve.f (test for excess errors)
FAIL: g77.dg/fcase-preserve.f (test for excess errors)
FAIL: g77.dg/fcase-preserve.f (test for excess errors)
FAIL: g77.dg/fcase-preserve.f (test for excess errors)
FAIL: g77.dg/fcase-preserve.f (test for excess errors)
FAIL: g77.dg/ff90-1.f (test for excess errors)
FAIL: g77.dg/ff90-1.f (test for excess errors)
FAIL: g77.dg/ff90-1.f (test for excess errors)
FAIL: g77.dg/ff90-1.f (test for excess errors)
FAIL: g77.dg/ff90-1.f (test for excess errors)
FAIL: g77.dg/ff90-1.f (test for excess errors)
FAIL: g77.dg/fno-backslash.f (test for excess errors)
FAIL: g77.dg/fno-backslash.f (test for excess errors)
FAIL: g77.dg/fno-backslash.f (test for excess errors)
FAIL: g77.dg/fno-backslash.f (test for excess errors)
FAIL: g77.dg/fno-backslash.f (test for excess errors)
FAIL: g77.dg/fno-backslash.f (test for excess errors)
FAIL: g77.dg/fno-f90-1.f (test for excess errors)
FAIL: g77.dg/fno-f90-1.f (test for excess errors)
FAIL: g77.dg/fno-f90-1.f (test for excess errors)
FAIL: g77.dg/fno-f90-1.f (test for excess errors)
FAIL: g77.dg/fno-f90-1.f (test for excess errors)
FAIL: g77.dg/fno-f90-1.f (test for excess errors)
FAIL: g77.dg/fno-onetrip.f (test for excess errors)
FAIL: g77.dg/fno-onetrip.f (test for excess errors)
FAIL: g77.dg/fno-onetrip.f (test for excess errors)
FAIL: g77.dg/fno-onetrip.f (test for excess errors)
FAIL: g77.dg/fno-onetrip.f (test for excess errors)
FAIL: g77.dg/fno-onetrip.f (test for excess errors)
FAIL: g77.dg/fno-onetrip.f (test for excess errors)
FAIL: g77.dg/fno-onetrip.f (test for excess errors)
FAIL: g77.dg/fno-typeless-boz.f (test for excess errors)
FAIL: g77.dg/fno-typeless-boz.f (test for excess errors)
FAIL: g77.dg/fno-typeless-boz.f (test for excess errors)
FAIL: g77.dg/fno-typeless-boz.f (test for excess errors)
FAIL: g77.dg/fno-typeless-boz.f (test for excess errors)
FAIL: g77.dg/fno-typeless-boz.f (test for excess errors)
FAIL: g77.dg/fno-vxt-1.f (test for excess errors)
FAIL: g77.dg/fno-vxt-1.f (test for excess errors)
FAIL: g77.dg/fno-vxt-1.f (test for excess errors)
FAIL: g77.dg/fno-vxt-1.f (test for excess errors)
FAIL: g77.dg/fno-vxt-1.f (test for excess errors)
FAIL: g77.dg/fno-vxt-1.f (test for excess errors)
FAIL: g77.dg/fonetrip.f (test for excess errors)
FAIL: g77.dg/fonetrip.f (test for excess errors)
FAIL: g77.dg/fonetrip.f (test for excess errors)
FAIL: g77.dg/fonetrip.f (test for excess errors)
FAIL: g77.dg/fonetrip.f (test for excess errors)
FAIL: g77.dg/fonetrip.f (test for excess errors)
FAIL: g77.dg/fonetrip.f (test for excess errors)
FAIL: g77.dg/fonetrip.f (test for excess errors)
FAIL: g77.dg/ftypeless-boz.f (test for excess errors)
FAIL: g77.dg/ftypeless-boz.f (test for excess errors)
FAIL: g77.dg/ftypeless-boz.f (test for excess errors)
FAIL: g77.dg/ftypeless-boz.f (test for excess errors)
FAIL: g77.dg/ftypeless-boz.f (test for excess errors)
FAIL: g77.dg/ftypeless-boz.f (test for excess errors)
FAIL: g77.dg/fvxt-1.f (test for excess errors)
FAIL: g77.dg/fvxt-1.f (test for excess errors)
FAIL: g77.dg/fvxt-1.f (test for excess errors)
FAIL: g77.dg/fvxt-1.f (test for excess errors)
FAIL: g77.dg/fvxt-1.f (test for excess errors)
FAIL: g77.dg/fvxt-1.f (test for excess errors)
FAIL: g77.dg/strlen0.f (test for excess errors)
FAIL: g77.dg/strlen0.f (test for excess errors)
FAIL: g77.dg/strlen0.f (test for excess errors)
FAIL: g77.dg/strlen0.f (test for excess errors)
FAIL: g77.dg/strlen0.f (test for excess errors)
FAIL: g77.dg/strlen0.f (test for excess errors)
FAIL: g77.dg/gcov/gcov-1.f (test for excess errors)
FAIL: g77.dg/gcov/gcov-1.f gcov: 118 failures in line counts, 32 in branch percentages, 24 in return percentages
FAIL: g77.f-torture/compile/20000511-2.f,  -O3 -g  
FAIL: g77.f-torture/compile/20000629-1.f,  -O3 -g  
FAIL: g77.f-torture/execute/19981119-0.f compilation,  -O0 
FAIL: g77.f-torture/execute/19981119-0.f compilation,  -O1 
FAIL: g77.f-torture/execute/19981119-0.f compilation,  -O2 
FAIL: g77.f-torture/execute/19981119-0.f compilation,  -O3 -fomit-frame-pointer 
FAIL: g77.f-torture/execute/19981119-0.f compilation,  -O3 -g 
FAIL: g77.f-torture/execute/19981119-0.f compilation,  -Os 
FAIL: g77.f-torture/execute/19990313-0.f compilation,  -O0 
FAIL: g77.f-torture/execute/19990313-0.f compilation,  -O1 
FAIL: g77.f-torture/execute/19990313-0.f compilation,  -O2 
FAIL: g77.f-torture/execute/19990313-0.f compilation,  -O3 -fomit-frame-pointer 
FAIL: g77.f-torture/execute/19990313-0.f compilation,  -O3 -g 
FAIL: g77.f-torture/execute/19990313-0.f compilation,  -Os 
FAIL: g77.f-torture/execute/19990313-1.f compilation,  -O0 
FAIL: g77.f-torture/execute/19990313-1.f compilation,  -O1 
FAIL: g77.f-torture/execute/19990313-1.f compilation,  -O2 
FAIL: g77.f-torture/execute/19990313-1.f compilation,  -O3 -fomit-frame-pointer 
FAIL: g77.f-torture/execute/19990313-1.f compilation,  -O3 -g 
FAIL: g77.f-torture/execute/19990313-1.f compilation,  -Os 
FAIL: g77.f-torture/execute/19990313-2.f compilation,  -O0 
FAIL: g77.f-torture/execute/19990313-2.f compilation,  -O1 
FAIL: g77.f-torture/execute/19990313-2.f compilation,  -O2 
FAIL: g77.f-torture/execute/19990313-2.f compilation,  -O3 -fomit-frame-pointer 
FAIL: g77.f-torture/execute/19990313-2.f compilation,  -O3 -g 
FAIL: g77.f-torture/execute/19990313-2.f compilation,  -Os 
FAIL: g77.f-torture/execute/19990313-3.f compilation,  -O0 
FAIL: g77.f-torture/execute/19990313-3.f compilation,  -O1 
FAIL: g77.f-torture/execute/19990313-3.f compilation,  -O2 
FAIL: g77.f-torture/execute/19990313-3.f compilation,  -O3 -fomit-frame-pointer 
FAIL: g77.f-torture/execute/19990313-3.f compilation,  -O3 -g 
FAIL: g77.f-torture/execute/19990313-3.f compilation,  -Os 
FAIL: g77.f-torture/execute/19990325-0.f compilation,  -O0 
FAIL: g77.f-torture/execute/19990325-0.f compilation,  -O1 
FAIL: g77.f-torture/execute/19990325-0.f compilation,  -O2 
FAIL: g77.f-torture/execute/19990325-0.f compilation,  -O3 -fomit-frame-pointer 
FAIL: g77.f-torture/execute/19990325-0.f compilation,  -O3 -g 
FAIL: g77.f-torture/execute/19990325-0.f compilation,  -Os 
FAIL: g77.f-torture/execute/19990325-1.f compilation,  -O0 
FAIL: g77.f-torture/execute/19990325-1.f compilation,  -O1 
FAIL: g77.f-torture/execute/19990325-1.f compilation,  -O2 
FAIL: g77.f-torture/execute/19990325-1.f compilation,  -O3 -fomit-frame-pointer 
FAIL: g77.f-torture/execute/19990325-1.f compilation,  -O3 -g 
FAIL: g77.f-torture/execute/19990325-1.f compilation,  -Os 
FAIL: g77.f-torture/execute/19990419-1.f compilation,  -O0 
FAIL: g77.f-torture/execute/19990419-1.f compilation,  -O1 
FAIL: g77.f-torture/execute/19990419-1.f compilation,  -O2 
FAIL: g77.f-torture/execute/19990419-1.f compilation,  -O3 -fomit-frame-pointer 
FAIL: g77.f-torture/execute/19990419-1.f compilation,  -O3 -fomit-frame-pointer -funroll-loops 
FAIL: g77.f-torture/execute/19990419-1.f compilation,  -O3 -fomit-frame-pointer -funroll-all-loops -finline-functions 
FAIL: g77.f-torture/execute/19990419-1.f compilation,  -O3 -g 
FAIL: g77.f-torture/execute/19990419-1.f compilation,  -Os 
FAIL: g77.f-torture/execute/19990826-0.f compilation,  -O0 
FAIL: g77.f-torture/execute/19990826-0.f compilation,  -O1 
FAIL: g77.f-torture/execute/19990826-0.f compilation,  -O2 
FAIL: g77.f-torture/execute/19990826-0.f compilation,  -O3 -fomit-frame-pointer 
FAIL: g77.f-torture/execute/19990826-0.f compilation,  -O3 -g 
FAIL: g77.f-torture/execute/19990826-0.f compilation,  -Os 
FAIL: g77.f-torture/execute/19990826-2.f compilation,  -O0 
FAIL: g77.f-torture/execute/19990826-2.f compilation,  -O1 
FAIL: g77.f-torture/execute/19990826-2.f compilation,  -O2 
FAIL: g77.f-torture/execute/19990826-2.f compilation,  -O3 -fomit-frame-pointer 
FAIL: g77.f-torture/execute/19990826-2.f compilation,  -O3 -g 
FAIL: g77.f-torture/execute/19990826-2.f compilation,  -Os 
FAIL: g77.f-torture/execute/20000503-1.f compilation,  -O0 
FAIL: g77.f-torture/execute/20000503-1.f compilation,  -O1 
FAIL: g77.f-torture/execute/20000503-1.f compilation,  -O2 
FAIL: g77.f-torture/execute/20000503-1.f compilation,  -O3 -fomit-frame-pointer 
FAIL: g77.f-torture/execute/20000503-1.f compilation,  -O3 -fomit-frame-pointer -funroll-loops 
FAIL: g77.f-torture/execute/20000503-1.f compilation,  -O3 -fomit-frame-pointer -funroll-all-loops -finline-functions 
FAIL: g77.f-torture/execute/20000503-1.f compilation,  -O3 -g 
FAIL: g77.f-torture/execute/20000503-1.f compilation,  -Os 
FAIL: g77.f-torture/execute/20001111.f compilation,  -O0 
FAIL: g77.f-torture/execute/20001111.f compilation,  -O1 
FAIL: g77.f-torture/execute/20001111.f compilation,  -O2 
FAIL: g77.f-torture/execute/20001111.f compilation,  -O3 -fomit-frame-pointer 
FAIL: g77.f-torture/execute/20001111.f compilation,  -O3 -fomit-frame-pointer -funroll-loops 
FAIL: g77.f-torture/execute/20001111.f compilation,  -O3 -fomit-frame-pointer -funroll-all-loops -finline-functions 
FAIL: g77.f-torture/execute/20001111.f compilation,  -O3 -g 
FAIL: g77.f-torture/execute/20001111.f compilation,  -Os 
FAIL: g77.f-torture/execute/20001201.f compilation,  -O0 
FAIL: g77.f-torture/execute/20001201.f compilation,  -O1 
FAIL: g77.f-torture/execute/20001201.f compilation,  -O2 
FAIL: g77.f-torture/execute/20001201.f compilation,  -O3 -fomit-frame-pointer 
FAIL: g77.f-torture/execute/20001201.f compilation,  -O3 -g 
FAIL: g77.f-torture/execute/20001201.f compilation,  -Os 
FAIL: g77.f-torture/execute/20010116.f compilation,  -O0 
FAIL: g77.f-torture/execute/20010116.f compilation,  -O1 
FAIL: g77.f-torture/execute/20010116.f compilation,  -O2 
FAIL: g77.f-torture/execute/20010116.f compilation,  -O3 -fomit-frame-pointer 
FAIL: g77.f-torture/execute/20010116.f compilation,  -O3 -fomit-frame-pointer -funroll-loops 
FAIL: g77.f-torture/execute/20010116.f compilation,  -O3 -fomit-frame-pointer -funroll-all-loops -finline-functions 
FAIL: g77.f-torture/execute/20010116.f compilation,  -O3 -g 
FAIL: g77.f-torture/execute/20010116.f compilation,  -Os 
FAIL: g77.f-torture/execute/20010426.f compilation,  -O0 
FAIL: g77.f-torture/execute/20010426.f compilation,  -O1 
FAIL: g77.f-torture/execute/20010426.f compilation,  -O2 
FAIL: g77.f-torture/execute/20010426.f compilation,  -O3 -fomit-frame-pointer 
FAIL: g77.f-torture/execute/20010426.f compilation,  -O3 -g 
FAIL: g77.f-torture/execute/20010426.f compilation,  -Os 
FAIL: g77.f-torture/execute/20010430.f compilation,  -O0 
FAIL: g77.f-torture/execute/20010430.f compilation,  -O1 
FAIL: g77.f-torture/execute/20010430.f compilation,  -O2 
FAIL: g77.f-torture/execute/20010430.f compilation,  -O3 -fomit-frame-pointer 
FAIL: g77.f-torture/execute/20010430.f compilation,  -O3 -fomit-frame-pointer -funroll-loops 
FAIL: g77.f-torture/execute/20010430.f compilation,  -O3 -fomit-frame-pointer -funroll-all-loops -finline-functions 
FAIL: g77.f-torture/execute/20010430.f compilation,  -O3 -g 
FAIL: g77.f-torture/execute/20010430.f compilation,  -Os 
FAIL: g77.f-torture/execute/20010610.f compilation,  -O0 
FAIL: g77.f-torture/execute/20010610.f compilation,  -O1 
FAIL: g77.f-torture/execute/20010610.f compilation,  -O2 
FAIL: g77.f-torture/execute/20010610.f compilation,  -O3 -fomit-frame-pointer 
FAIL: g77.f-torture/execute/20010610.f compilation,  -O3 -fomit-frame-pointer -funroll-loops 
FAIL: g77.f-torture/execute/20010610.f compilation,  -O3 -fomit-frame-pointer -funroll-all-loops -finline-functions 
FAIL: g77.f-torture/execute/20010610.f compilation,  -O3 -g 
FAIL: g77.f-torture/execute/20010610.f compilation,  -Os 
FAIL: g77.f-torture/execute/970625-2.f compilation,  -O0 
FAIL: g77.f-torture/execute/970625-2.f compilation,  -O1 
FAIL: g77.f-torture/execute/970625-2.f compilation,  -O2 
FAIL: g77.f-torture/execute/970625-2.f compilation,  -O3 -fomit-frame-pointer 
FAIL: g77.f-torture/execute/970625-2.f compilation,  -O3 -fomit-frame-pointer -funroll-loops 
FAIL: g77.f-torture/execute/970625-2.f compilation,  -O3 -fomit-frame-pointer -funroll-all-loops -finline-functions 
FAIL: g77.f-torture/execute/970625-2.f compilation,  -O3 -g 
FAIL: g77.f-torture/execute/970625-2.f compilation,  -Os 
FAIL: g77.f-torture/execute/970816-3.f compilation,  -O0 
FAIL: g77.f-torture/execute/970816-3.f compilation,  -O1 
FAIL: g77.f-torture/execute/970816-3.f compilation,  -O2 
FAIL: g77.f-torture/execute/970816-3.f compilation,  -O3 -fomit-frame-pointer 
FAIL: g77.f-torture/execute/970816-3.f compilation,  -O3 -g 
FAIL: g77.f-torture/execute/970816-3.f compilation,  -Os 
FAIL: g77.f-torture/execute/971102-1.f compilation,  -O0 
FAIL: g77.f-torture/execute/971102-1.f compilation,  -O1 
FAIL: g77.f-torture/execute/971102-1.f compilation,  -O2 
FAIL: g77.f-torture/execute/971102-1.f compilation,  -O3 -fomit-frame-pointer 
FAIL: g77.f-torture/execute/971102-1.f compilation,  -O3 -fomit-frame-pointer -funroll-loops 
FAIL: g77.f-torture/execute/971102-1.f compilation,  -O3 -fomit-frame-pointer -funroll-all-loops -finline-functions 
FAIL: g77.f-torture/execute/971102-1.f compilation,  -O3 -g 
FAIL: g77.f-torture/execute/971102-1.f compilation,  -Os 
FAIL: g77.f-torture/execute/980520-1.f compilation,  -O0 
FAIL: g77.f-torture/execute/980520-1.f compilation,  -O1 
FAIL: g77.f-torture/execute/980520-1.f compilation,  -O2 
FAIL: g77.f-torture/execute/980520-1.f compilation,  -O3 -fomit-frame-pointer 
FAIL: g77.f-torture/execute/980520-1.f compilation,  -O3 -g 
FAIL: g77.f-torture/execute/980520-1.f compilation,  -Os 
FAIL: g77.f-torture/execute/980628-0.f compilation,  -O0 
FAIL: g77.f-torture/execute/980628-0.f compilation,  -O1 
FAIL: g77.f-torture/execute/980628-0.f compilation,  -O2 
FAIL: g77.f-torture/execute/980628-0.f compilation,  -O3 -fomit-frame-pointer 
FAIL: g77.f-torture/execute/980628-0.f compilation,  -O3 -g 
FAIL: g77.f-torture/execute/980628-0.f compilation,  -Os 
FAIL: g77.f-torture/execute/980628-1.f compilation,  -O0 
FAIL: g77.f-torture/execute/980628-1.f compilation,  -O1 
FAIL: g77.f-torture/execute/980628-1.f compilation,  -O2 
FAIL: g77.f-torture/execute/980628-1.f compilation,  -O3 -fomit-frame-pointer 
FAIL: g77.f-torture/execute/980628-1.f compilation,  -O3 -g 
FAIL: g77.f-torture/execute/980628-1.f compilation,  -Os 
FAIL: g77.f-torture/execute/980628-10.f compilation,  -O0 
FAIL: g77.f-torture/execute/980628-10.f compilation,  -O1 
FAIL: g77.f-torture/execute/980628-10.f compilation,  -O2 
FAIL: g77.f-torture/execute/980628-10.f compilation,  -O3 -fomit-frame-pointer 
FAIL: g77.f-torture/execute/980628-10.f compilation,  -O3 -g 
FAIL: g77.f-torture/execute/980628-10.f compilation,  -Os 
FAIL: g77.f-torture/execute/980628-2.f compilation,  -O0 
FAIL: g77.f-torture/execute/980628-2.f compilation,  -O1 
FAIL: g77.f-torture/execute/980628-2.f compilation,  -O2 
FAIL: g77.f-torture/execute/980628-2.f compilation,  -O3 -fomit-frame-pointer 
FAIL: g77.f-torture/execute/980628-2.f compilation,  -O3 -g 
FAIL: g77.f-torture/execute/980628-2.f compilation,  -Os 
FAIL: g77.f-torture/execute/980628-3.f compilation,  -O0 
FAIL: g77.f-torture/execute/980628-3.f compilation,  -O1 
FAIL: g77.f-torture/execute/980628-3.f compilation,  -O2 
FAIL: g77.f-torture/execute/980628-3.f compilation,  -O3 -fomit-frame-pointer 
FAIL: g77.f-torture/execute/980628-3.f compilation,  -O3 -g 
FAIL: g77.f-torture/execute/980628-3.f compilation,  -Os 
FAIL: g77.f-torture/execute/980628-4.f compilation,  -O0 
FAIL: g77.f-torture/execute/980628-4.f compilation,  -O1 
FAIL: g77.f-torture/execute/980628-4.f compilation,  -O2 
FAIL: g77.f-torture/execute/980628-4.f compilation,  -O3 -fomit-frame-pointer 
FAIL: g77.f-torture/execute/980628-4.f compilation,  -O3 -g 
FAIL: g77.f-torture/execute/980628-4.f compilation,  -Os 
FAIL: g77.f-torture/execute/980628-5.f compilation,  -O0 
FAIL: g77.f-torture/execute/980628-5.f compilation,  -O1 
FAIL: g77.f-torture/execute/980628-5.f compilation,  -O2 
FAIL: g77.f-torture/execute/980628-5.f compilation,  -O3 -fomit-frame-pointer 
FAIL: g77.f-torture/execute/980628-5.f compilation,  -O3 -g 
FAIL: g77.f-torture/execute/980628-5.f compilation,  -Os 
FAIL: g77.f-torture/execute/980628-6.f compilation,  -O0 
FAIL: g77.f-torture/execute/980628-6.f compilation,  -O1 
FAIL: g77.f-torture/execute/980628-6.f compilation,  -O2 
FAIL: g77.f-torture/execute/980628-6.f compilation,  -O3 -fomit-frame-pointer 
FAIL: g77.f-torture/execute/980628-6.f compilation,  -O3 -g 
FAIL: g77.f-torture/execute/980628-6.f compilation,  -Os 
FAIL: g77.f-torture/execute/980628-7.f compilation,  -O0 
FAIL: g77.f-torture/execute/980628-7.f compilation,  -O1 
FAIL: g77.f-torture/execute/980628-7.f compilation,  -O2 
FAIL: g77.f-torture/execute/980628-7.f compilation,  -O3 -fomit-frame-pointer 
FAIL: g77.f-torture/execute/980628-7.f compilation,  -O3 -g 
FAIL: g77.f-torture/execute/980628-7.f compilation,  -Os 
FAIL: g77.f-torture/execute/980628-8.f compilation,  -O0 
FAIL: g77.f-torture/execute/980628-8.f compilation,  -O1 
FAIL: g77.f-torture/execute/980628-8.f compilation,  -O2 
FAIL: g77.f-torture/execute/980628-8.f compilation,  -O3 -fomit-frame-pointer 
FAIL: g77.f-torture/execute/980628-8.f compilation,  -O3 -g 
FAIL: g77.f-torture/execute/980628-8.f compilation,  -Os 
FAIL: g77.f-torture/execute/980628-9.f compilation,  -O0 
FAIL: g77.f-torture/execute/980628-9.f compilation,  -O1 
FAIL: g77.f-torture/execute/980628-9.f compilation,  -O2 
FAIL: g77.f-torture/execute/980628-9.f compilation,  -O3 -fomit-frame-pointer 
FAIL: g77.f-torture/execute/980628-9.f compilation,  -O3 -g 
FAIL: g77.f-torture/execute/980628-9.f compilation,  -Os 
FAIL: g77.f-torture/execute/980701-0.f compilation,  -O0 
FAIL: g77.f-torture/execute/980701-0.f compilation,  -O1 
FAIL: g77.f-torture/execute/980701-0.f compilation,  -O2 
FAIL: g77.f-torture/execute/980701-0.f compilation,  -O3 -fomit-frame-pointer 
FAIL: g77.f-torture/execute/980701-0.f compilation,  -O3 -g 
FAIL: g77.f-torture/execute/980701-0.f compilation,  -Os 
FAIL: g77.f-torture/execute/980701-1.f compilation,  -O0 
FAIL: g77.f-torture/execute/980701-1.f compilation,  -O1 
FAIL: g77.f-torture/execute/980701-1.f compilation,  -O2 
FAIL: g77.f-torture/execute/980701-1.f compilation,  -O3 -fomit-frame-pointer 
FAIL: g77.f-torture/execute/980701-1.f compilation,  -O3 -g 
FAIL: g77.f-torture/execute/980701-1.f compilation,  -Os 
FAIL: g77.f-torture/execute/alpha2.f compilation,  -O0 
FAIL: g77.f-torture/execute/alpha2.f compilation,  -O1 
FAIL: g77.f-torture/execute/alpha2.f compilation,  -O2 
FAIL: g77.f-torture/execute/alpha2.f compilation,  -O3 -fomit-frame-pointer 
FAIL: g77.f-torture/execute/alpha2.f compilation,  -O3 -g 
FAIL: g77.f-torture/execute/alpha2.f compilation,  -Os 
FAIL: g77.f-torture/execute/auto0.f compilation,  -O0 
FAIL: g77.f-torture/execute/auto0.f compilation,  -O1 
FAIL: g77.f-torture/execute/auto0.f compilation,  -O2 
FAIL: g77.f-torture/execute/auto0.f compilation,  -O3 -fomit-frame-pointer 
FAIL: g77.f-torture/execute/auto0.f compilation,  -O3 -fomit-frame-pointer -funroll-loops 
FAIL: g77.f-torture/execute/auto0.f compilation,  -O3 -fomit-frame-pointer -funroll-all-loops -finline-functions 
FAIL: g77.f-torture/execute/auto0.f compilation,  -O3 -g 
FAIL: g77.f-torture/execute/auto0.f compilation,  -Os 
FAIL: g77.f-torture/execute/auto1.f compilation,  -O0 
FAIL: g77.f-torture/execute/auto1.f compilation,  -O1 
FAIL: g77.f-torture/execute/auto1.f compilation,  -O2 
FAIL: g77.f-torture/execute/auto1.f compilation,  -O3 -fomit-frame-pointer 
FAIL: g77.f-torture/execute/auto1.f compilation,  -O3 -fomit-frame-pointer -funroll-loops 
FAIL: g77.f-torture/execute/auto1.f compilation,  -O3 -fomit-frame-pointer -funroll-all-loops -finline-functions 
FAIL: g77.f-torture/execute/auto1.f compilation,  -O3 -g 
FAIL: g77.f-torture/execute/auto1.f compilation,  -Os 
FAIL: g77.f-torture/execute/cabs.f compilation,  -O0 
FAIL: g77.f-torture/execute/cabs.f compilation,  -O1 
FAIL: g77.f-torture/execute/cabs.f compilation,  -O2 
FAIL: g77.f-torture/execute/cabs.f compilation,  -O3 -fomit-frame-pointer 
FAIL: g77.f-torture/execute/cabs.f compilation,  -O3 -g 
FAIL: g77.f-torture/execute/cabs.f compilation,  -Os 
FAIL: g77.f-torture/execute/claus.f compilation,  -O0 
FAIL: g77.f-torture/execute/claus.f compilation,  -O1 
FAIL: g77.f-torture/execute/claus.f compilation,  -O2 
FAIL: g77.f-torture/execute/claus.f compilation,  -O3 -fomit-frame-pointer 
FAIL: g77.f-torture/execute/claus.f compilation,  -O3 -fomit-frame-pointer -funroll-loops 
FAIL: g77.f-torture/execute/claus.f compilation,  -O3 -fomit-frame-pointer -funroll-all-loops -finline-functions 
FAIL: g77.f-torture/execute/claus.f compilation,  -O3 -g 
FAIL: g77.f-torture/execute/claus.f compilation,  -Os 
FAIL: g77.f-torture/execute/complex_1.f compilation,  -O0 
FAIL: g77.f-torture/execute/complex_1.f compilation,  -O1 
FAIL: g77.f-torture/execute/complex_1.f compilation,  -O2 
FAIL: g77.f-torture/execute/complex_1.f compilation,  -O3 -fomit-frame-pointer 
FAIL: g77.f-torture/execute/complex_1.f compilation,  -O3 -g 
FAIL: g77.f-torture/execute/complex_1.f compilation,  -Os 
FAIL: g77.f-torture/execute/dcomplex.f compilation,  -O0 
FAIL: g77.f-torture/execute/dcomplex.f compilation,  -O1 
FAIL: g77.f-torture/execute/dcomplex.f compilation,  -O2 
FAIL: g77.f-torture/execute/dcomplex.f compilation,  -O3 -fomit-frame-pointer 
FAIL: g77.f-torture/execute/dcomplex.f compilation,  -O3 -g 
FAIL: g77.f-torture/execute/dcomplex.f compilation,  -Os 
FAIL: g77.f-torture/execute/dnrm2.f compilation,  -O0 
FAIL: g77.f-torture/execute/dnrm2.f compilation,  -O1 
FAIL: g77.f-torture/execute/dnrm2.f compilation,  -O2 
FAIL: g77.f-torture/execute/dnrm2.f compilation,  -O3 -fomit-frame-pointer 
FAIL: g77.f-torture/execute/dnrm2.f compilation,  -O3 -fomit-frame-pointer -funroll-loops 
FAIL: g77.f-torture/execute/dnrm2.f compilation,  -O3 -fomit-frame-pointer -funroll-all-loops -finline-functions 
FAIL: g77.f-torture/execute/dnrm2.f compilation,  -O3 -g 
FAIL: g77.f-torture/execute/dnrm2.f compilation,  -Os 
FAIL: g77.f-torture/execute/erfc.f compilation,  -O0 
FAIL: g77.f-torture/execute/erfc.f compilation,  -O1 
FAIL: g77.f-torture/execute/erfc.f compilation,  -O2 
FAIL: g77.f-torture/execute/erfc.f compilation,  -O3 -fomit-frame-pointer 
FAIL: g77.f-torture/execute/erfc.f compilation,  -O3 -g 
FAIL: g77.f-torture/execute/erfc.f compilation,  -Os 
FAIL: g77.f-torture/execute/exp.f compilation,  -O0 
FAIL: g77.f-torture/execute/exp.f compilation,  -O1 
FAIL: g77.f-torture/execute/exp.f compilation,  -O2 
FAIL: g77.f-torture/execute/exp.f compilation,  -O3 -fomit-frame-pointer 
FAIL: g77.f-torture/execute/exp.f compilation,  -O3 -g 
FAIL: g77.f-torture/execute/exp.f compilation,  -Os 
FAIL: g77.f-torture/execute/f90-intrinsic-mathematical.f compilation,  -O0 
FAIL: g77.f-torture/execute/f90-intrinsic-mathematical.f compilation,  -O1 
FAIL: g77.f-torture/execute/f90-intrinsic-mathematical.f compilation,  -O2 
FAIL: g77.f-torture/execute/f90-intrinsic-mathematical.f compilation,  -O3 -fomit-frame-pointer 
FAIL: g77.f-torture/execute/f90-intrinsic-mathematical.f compilation,  -O3 -g 
FAIL: g77.f-torture/execute/f90-intrinsic-mathematical.f compilation,  -Os 
FAIL: g77.f-torture/execute/f90-intrinsic-numeric.f compilation,  -O0 
FAIL: g77.f-torture/execute/f90-intrinsic-numeric.f compilation,  -O1 
FAIL: g77.f-torture/execute/f90-intrinsic-numeric.f compilation,  -O2 
FAIL: g77.f-torture/execute/f90-intrinsic-numeric.f compilation,  -O3 -fomit-frame-pointer 
FAIL: g77.f-torture/execute/f90-intrinsic-numeric.f compilation,  -O3 -g 
FAIL: g77.f-torture/execute/f90-intrinsic-numeric.f compilation,  -Os 
FAIL: g77.f-torture/execute/intrinsic-f2c-z.f compilation,  -O0 
FAIL: g77.f-torture/execute/intrinsic-f2c-z.f compilation,  -O1 
FAIL: g77.f-torture/execute/intrinsic-f2c-z.f compilation,  -O2 
FAIL: g77.f-torture/execute/intrinsic-f2c-z.f compilation,  -O3 -fomit-frame-pointer 
FAIL: g77.f-torture/execute/intrinsic-f2c-z.f compilation,  -O3 -g 
FAIL: g77.f-torture/execute/intrinsic-f2c-z.f compilation,  -Os 
FAIL: g77.f-torture/execute/intrinsic-unix-bessel.f compilation,  -O0 
FAIL: g77.f-torture/execute/intrinsic-unix-bessel.f compilation,  -O1 
FAIL: g77.f-torture/execute/intrinsic-unix-bessel.f compilation,  -O2 
FAIL: g77.f-torture/execute/intrinsic-unix-bessel.f compilation,  -O3 -fomit-frame-pointer 
FAIL: g77.f-torture/execute/intrinsic-unix-bessel.f compilation,  -O3 -g 
FAIL: g77.f-torture/execute/intrinsic-unix-bessel.f compilation,  -Os 
FAIL: g77.f-torture/execute/intrinsic-unix-erf.f compilation,  -O0 
FAIL: g77.f-torture/execute/intrinsic-unix-erf.f compilation,  -O1 
FAIL: g77.f-torture/execute/intrinsic-unix-erf.f compilation,  -O2 
FAIL: g77.f-torture/execute/intrinsic-unix-erf.f compilation,  -O3 -fomit-frame-pointer 
FAIL: g77.f-torture/execute/intrinsic-unix-erf.f compilation,  -O3 -g 
FAIL: g77.f-torture/execute/intrinsic-unix-erf.f compilation,  -Os 
FAIL: g77.f-torture/execute/intrinsic-vax-cd.f compilation,  -O0 
FAIL: g77.f-torture/execute/intrinsic-vax-cd.f compilation,  -O1 
FAIL: g77.f-torture/execute/intrinsic-vax-cd.f compilation,  -O2 
FAIL: g77.f-torture/execute/intrinsic-vax-cd.f compilation,  -O3 -fomit-frame-pointer 
FAIL: g77.f-torture/execute/intrinsic-vax-cd.f compilation,  -O3 -g 
FAIL: g77.f-torture/execute/intrinsic-vax-cd.f compilation,  -Os 
FAIL: g77.f-torture/execute/intrinsic77.f compilation,  -O0 
FAIL: g77.f-torture/execute/intrinsic77.f compilation,  -O1 
FAIL: g77.f-torture/execute/intrinsic77.f compilation,  -O2 
FAIL: g77.f-torture/execute/intrinsic77.f compilation,  -O3 -fomit-frame-pointer 
FAIL: g77.f-torture/execute/intrinsic77.f compilation,  -O3 -g 
FAIL: g77.f-torture/execute/intrinsic77.f compilation,  -Os 
FAIL: g77.f-torture/execute/io0.f compilation,  -O0 
FAIL: g77.f-torture/execute/io0.f compilation,  -O1 
FAIL: g77.f-torture/execute/io0.f compilation,  -O2 
FAIL: g77.f-torture/execute/io0.f compilation,  -O3 -fomit-frame-pointer 
FAIL: g77.f-torture/execute/io0.f compilation,  -O3 -g 
FAIL: g77.f-torture/execute/io0.f compilation,  -Os 
FAIL: g77.f-torture/execute/io1.f compilation,  -O0 
FAIL: g77.f-torture/execute/io1.f compilation,  -O1 
FAIL: g77.f-torture/execute/io1.f compilation,  -O2 
FAIL: g77.f-torture/execute/io1.f compilation,  -O3 -fomit-frame-pointer 
FAIL: g77.f-torture/execute/io1.f compilation,  -O3 -g 
FAIL: g77.f-torture/execute/io1.f compilation,  -Os 
FAIL: g77.f-torture/execute/labug1.f compilation,  -O0 
FAIL: g77.f-torture/execute/labug1.f compilation,  -O1 
FAIL: g77.f-torture/execute/labug1.f compilation,  -O2 
FAIL: g77.f-torture/execute/labug1.f compilation,  -O3 -fomit-frame-pointer 
FAIL: g77.f-torture/execute/labug1.f compilation,  -O3 -fomit-frame-pointer -funroll-loops 
FAIL: g77.f-torture/execute/labug1.f compilation,  -O3 -fomit-frame-pointer -funroll-all-loops -finline-functions 
FAIL: g77.f-torture/execute/labug1.f compilation,  -O3 -g 
FAIL: g77.f-torture/execute/labug1.f compilation,  -Os 
FAIL: g77.f-torture/execute/large_vec.f compilation,  -O0 
FAIL: g77.f-torture/execute/large_vec.f compilation,  -O1 
FAIL: g77.f-torture/execute/large_vec.f compilation,  -O2 
FAIL: g77.f-torture/execute/large_vec.f compilation,  -O3 -fomit-frame-pointer 
FAIL: g77.f-torture/execute/large_vec.f compilation,  -O3 -g 
FAIL: g77.f-torture/execute/large_vec.f compilation,  -Os 
FAIL: g77.f-torture/execute/le.f compilation,  -O0 
FAIL: g77.f-torture/execute/le.f compilation,  -O1 
FAIL: g77.f-torture/execute/le.f compilation,  -O2 
FAIL: g77.f-torture/execute/le.f compilation,  -O3 -fomit-frame-pointer 
FAIL: g77.f-torture/execute/le.f compilation,  -O3 -g 
FAIL: g77.f-torture/execute/le.f compilation,  -Os 
FAIL: g77.f-torture/execute/short.f compilation,  -O0 
FAIL: g77.f-torture/execute/short.f compilation,  -O1 
FAIL: g77.f-torture/execute/short.f compilation,  -O2 
FAIL: g77.f-torture/execute/short.f compilation,  -O3 -fomit-frame-pointer 
FAIL: g77.f-torture/execute/short.f compilation,  -O3 -fomit-frame-pointer -funroll-loops 
FAIL: g77.f-torture/execute/short.f compilation,  -O3 -fomit-frame-pointer -funroll-all-loops -finline-functions 
FAIL: g77.f-torture/execute/short.f compilation,  -O3 -g 
FAIL: g77.f-torture/execute/short.f compilation,  -Os 
FAIL: g77.f-torture/execute/u77-test.f compilation,  -O0 
FAIL: g77.f-torture/execute/u77-test.f compilation,  -O1 
FAIL: g77.f-torture/execute/u77-test.f compilation,  -O2 
FAIL: g77.f-torture/execute/u77-test.f compilation,  -O3 -fomit-frame-pointer 
FAIL: g77.f-torture/execute/u77-test.f compilation,  -O3 -fomit-frame-pointer -funroll-loops 
FAIL: g77.f-torture/execute/u77-test.f compilation,  -O3 -fomit-frame-pointer -funroll-all-loops -finline-functions 
FAIL: g77.f-torture/execute/u77-test.f compilation,  -O3 -g 
FAIL: g77.f-torture/execute/u77-test.f compilation,  -Os 
FAIL: g77.f-torture/execute/cpp.F compilation,  -O0 
FAIL: g77.f-torture/execute/cpp.F compilation,  -O1 
FAIL: g77.f-torture/execute/cpp.F compilation,  -O2 
FAIL: g77.f-torture/execute/cpp.F compilation,  -O3 -fomit-frame-pointer 
FAIL: g77.f-torture/execute/cpp.F compilation,  -O3 -g 
FAIL: g77.f-torture/execute/cpp.F compilation,  -Os 
FAIL: g77.f-torture/execute/cpp2.F compilation,  -O0 
FAIL: g77.f-torture/execute/cpp2.F compilation,  -O1 
FAIL: g77.f-torture/execute/cpp2.F compilation,  -O2 
FAIL: g77.f-torture/execute/cpp2.F compilation,  -O3 -fomit-frame-pointer 
FAIL: g77.f-torture/execute/cpp2.F compilation,  -O3 -g 
FAIL: g77.f-torture/execute/cpp2.F compilation,  -Os 

		=== g77 Summary ===

# of expected passes		357
# of unexpected failures	477
# of expected failures		14
# of unresolved testcases	21
# of untested testcases		398
# of unsupported tests		8
/export/build/gcc/build-mips-irix/gcc/testsuite/../g77 version 3.1 20011115 (experimental)

		=== gcc tests ===


Running target unix
FAIL: gcc.c-torture/compile/20001226-1.c,  -O1  
FAIL: gcc.c-torture/compile/20001226-1.c,  -O2  
FAIL: gcc.c-torture/compile/20001226-1.c,  -O3 -fomit-frame-pointer  
FAIL: gcc.c-torture/compile/20001226-1.c,  -O3 -g  
FAIL: gcc.c-torture/compile/20001226-1.c,  -Os  
FAIL: gcc.c-torture/compile/packed-1.c,  -O0  
FAIL: gcc.c-torture/compile/packed-1.c,  -O1  
FAIL: gcc.c-torture/compile/packed-1.c,  -O2  
FAIL: gcc.c-torture/compile/packed-1.c,  -O3 -fomit-frame-pointer  
FAIL: gcc.c-torture/compile/packed-1.c,  -O3 -g  
FAIL: gcc.c-torture/compile/packed-1.c,  -Os  
FAIL: gcc.c-torture/compile/20011114-1.c,  -O0  
FAIL: gcc.c-torture/compile/20011114-1.c,  -O1  
FAIL: gcc.c-torture/compile/20011114-1.c,  -O2  
FAIL: gcc.c-torture/compile/20011114-1.c,  -O3 -fomit-frame-pointer  
FAIL: gcc.c-torture/compile/20011114-1.c,  -O3 -g  
FAIL: gcc.c-torture/compile/20011114-1.c,  -Os  
FAIL: gcc.c-torture/execute/20010122-1.c execution,  -O0 
FAIL: gcc.c-torture/execute/20010122-1.c execution,  -O1 
FAIL: gcc.c-torture/execute/20010122-1.c execution,  -O2 
FAIL: gcc.c-torture/execute/20010122-1.c execution,  -O3 -fomit-frame-pointer 
FAIL: gcc.c-torture/execute/20010122-1.c execution,  -O3 -fomit-frame-pointer -funroll-loops 
FAIL: gcc.c-torture/execute/20010122-1.c execution,  -O3 -fomit-frame-pointer -funroll-all-loops -finline-functions 
FAIL: gcc.c-torture/execute/20010122-1.c execution,  -O3 -g 
FAIL: gcc.c-torture/execute/20010122-1.c execution,  -Os 
FAIL: gcc.c-torture/execute/20011114-1.c execution,  -O3 -fomit-frame-pointer 
FAIL: gcc.c-torture/execute/20011114-1.c execution,  -O3 -g 
FAIL: gcc.c-torture/execute/931004-13.c execution,  -O2 
FAIL: gcc.c-torture/execute/931004-13.c execution,  -Os 
FAIL: gcc.c-torture/execute/931004-14.c execution,  -O2 
FAIL: gcc.c-torture/execute/931004-14.c execution,  -O3 -fomit-frame-pointer 
FAIL: gcc.c-torture/execute/931004-14.c execution,  -O3 -fomit-frame-pointer -funroll-loops 
FAIL: gcc.c-torture/execute/931004-14.c execution,  -O3 -fomit-frame-pointer -funroll-all-loops -finline-functions 
FAIL: gcc.c-torture/execute/931004-14.c execution,  -O3 -g 
FAIL: gcc.c-torture/execute/931004-14.c execution,  -Os 
FAIL: gcc.c-torture/execute/931004-5.c execution,  -O2 
FAIL: gcc.c-torture/execute/931004-5.c execution,  -Os 
FAIL: gcc.c-torture/execute/931004-6.c execution,  -O2 
FAIL: gcc.c-torture/execute/931004-6.c execution,  -O3 -fomit-frame-pointer 
FAIL: gcc.c-torture/execute/931004-6.c execution,  -O3 -fomit-frame-pointer -funroll-loops 
FAIL: gcc.c-torture/execute/931004-6.c execution,  -O3 -fomit-frame-pointer -funroll-all-loops -finline-functions 
FAIL: gcc.c-torture/execute/931004-6.c execution,  -O3 -g 
FAIL: gcc.c-torture/execute/931004-6.c execution,  -Os 
FAIL: gcc.c-torture/execute/950628-1.c compilation,  -O1 
FAIL: gcc.dg/noncompile/930622-1.c (test for excess errors)

		=== gcc Summary ===

# of expected passes		16184
# of unexpected failures	45
# of expected failures		78
# of unresolved testcases	1
# of unsupported tests		64
/export/build/gcc/build-mips-irix/gcc/xgcc version 3.1 20011115 (experimental)

		=== objc tests ===


Running target unix
FAIL: objc/execute/formal_protocol-6.m execution,  -O 

		=== objc Summary ===

# of expected passes		209
# of unexpected failures	1
/export/build/gcc/build-mips-irix/gcc/xgcc version 3.1 20011115 (experimental)

		=== libstdc++-v3 tests ===


Running target unix
XPASS: 22_locale/collate_members_wchar_t.cc execution test
XPASS: 22_locale/money_get_members_wchar_t.cc execution test
XPASS: 22_locale/money_put_members_wchar_t.cc execution test
XPASS: 22_locale/moneypunct_members_wchar_t.cc execution test
XPASS: 22_locale/time_get_members_wchar_t.cc execution test
XPASS: 22_locale/time_put_members_wchar_t.cc execution test
XPASS: 26_numerics/c99_classification_macros_c.cc (test for excess errors)
FAIL: 27_io/ostream_inserter_arith.cc execution test

		=== libstdc++-v3 Summary ===

# of expected passes		318
# of unexpected failures	1
# of unexpected successes	7
# of expected failures		22

Compiler version: 3.1 20011115 (experimental) 
Platform: mips-sgi-irix6.5
configure flags: --host=mips-sgi-irix6.5 --disable-multilib --disable-nls --enable-shared --enable-threads=posix --enable-haifa --disable-checking --prefix=/export/tools --with-local-prefix=/usr/local



More information about the Gcc-testresults mailing list