Results for 3.1 20011114 (experimental) testsuite on i686-unknown-sysv5UnixWare7.1.0

rbrown64@csc.com.au rbrown64@csc.com.au
Wed Nov 7 02:15:00 GMT 2001


LAST_UPDATED: Wed Nov 14 22:10:59 UTC 2001

Native configuration is i686-unknown-sysv5UnixWare7.1.0

          === g++ tests ===


Running target unix
FAIL: g++.ext/instantiate2.C not instantiated (test for errors, line 19)
FAIL: g++.law/profile1.C (test for excess errors)
FAIL: g++.other/enum5.C (test for excess errors)
XPASS: g++.pt/decl2.C ICE - (test for errors, line 8)
XPASS: g++.robertl/eb17.C  Execution test

          === g++ Summary for unix ===

# of expected passes          6694
# of unexpected failures 3
# of unexpected successes     2
# of expected failures        96
# of untested testcases       15
# of unsupported tests        1

Running target unix/-march=i586
FAIL: g++.dg/eh/omit-frame-pointer.C execution test
FAIL: g++.ext/instantiate2.C not instantiated (test for errors, line 19)
FAIL: g++.law/profile1.C (test for excess errors)
FAIL: g++.other/enum5.C (test for excess errors)
XPASS: g++.pt/decl2.C ICE - (test for errors, line 8)
XPASS: g++.robertl/eb17.C  Execution test

          === g++ Summary for unix/-march=i586 ===

# of expected passes          6693
# of unexpected failures 4
# of unexpected successes     2
# of expected failures        96
# of untested testcases       15
# of unsupported tests        1

Running target unix/-march=i486
FAIL: g++.dg/eh/omit-frame-pointer.C execution test
FAIL: g++.ext/instantiate2.C not instantiated (test for errors, line 19)
FAIL: g++.law/profile1.C (test for excess errors)
FAIL: g++.other/enum5.C (test for excess errors)
XPASS: g++.pt/decl2.C ICE - (test for errors, line 8)
XPASS: g++.robertl/eb17.C  Execution test

          === g++ Summary for unix/-march=i486 ===

# of expected passes          6693
# of unexpected failures 4
# of unexpected successes     2
# of expected failures        96
# of untested testcases       15
# of unsupported tests        1

Running target unix/-march=i386
FAIL: g++.dg/eh/omit-frame-pointer.C execution test
FAIL: g++.ext/instantiate2.C not instantiated (test for errors, line 19)
FAIL: g++.law/profile1.C (test for excess errors)
FAIL: g++.other/enum5.C (test for excess errors)
XPASS: g++.pt/decl2.C ICE - (test for errors, line 8)
XPASS: g++.robertl/eb17.C  Execution test

          === g++ Summary for unix/-march=i386 ===

# of expected passes          6693
# of unexpected failures 4
# of unexpected successes     2
# of expected failures        96
# of untested testcases       15
# of unsupported tests        1

          === g++ Summary ===

# of expected passes          26773
# of unexpected failures 15
# of unexpected successes     8
# of expected failures        384
# of untested testcases       60
# of unsupported tests        4
/devel/src/gcc-3.1-experimental/gcc/testsuite/../g++ version 3.1 20011114 (experimental)

          === g77 tests ===


Running target unix
FAIL: g77.f-torture/compile/pr3743.f,  -O0
FAIL: g77.f-torture/compile/pr3743.f,  -O1
FAIL: g77.f-torture/compile/pr3743.f,  -O2
FAIL: g77.f-torture/compile/pr3743.f,  -O3 -fomit-frame-pointer
FAIL: g77.f-torture/compile/pr3743.f,  -O3 -g
FAIL: g77.f-torture/compile/pr3743.f,  -Os
FAIL: g77.f-torture/execute/f90-intrinsic-bit.f compilation,  -O0
FAIL: g77.f-torture/execute/f90-intrinsic-bit.f compilation,  -O1
FAIL: g77.f-torture/execute/f90-intrinsic-bit.f compilation,  -O2
FAIL: g77.f-torture/execute/f90-intrinsic-bit.f compilation,  -O3 -fomit-frame-pointer
FAIL: g77.f-torture/execute/f90-intrinsic-bit.f compilation,  -O3 -fomit-frame-pointer -funroll-loops
FAIL: g77.f-torture/execute/f90-intrinsic-bit.f compilation,  -O3 -fomit-frame-pointer -funroll-all-loops -finline-functions
FAIL: g77.f-torture/execute/f90-intrinsic-bit.f compilation,  -O3 -g
FAIL: g77.f-torture/execute/f90-intrinsic-bit.f compilation,  -Os

          === g77 Summary for unix ===

# of expected passes          1338
# of unexpected failures 14
# of untested testcases       8

Running target unix/-march=i586
FAIL: g77.f-torture/compile/pr3743.f,  -O0
FAIL: g77.f-torture/compile/pr3743.f,  -O1
FAIL: g77.f-torture/compile/pr3743.f,  -O2
FAIL: g77.f-torture/compile/pr3743.f,  -O3 -fomit-frame-pointer
FAIL: g77.f-torture/compile/pr3743.f,  -O3 -g
FAIL: g77.f-torture/compile/pr3743.f,  -Os
FAIL: g77.f-torture/execute/f90-intrinsic-bit.f compilation,  -O0
FAIL: g77.f-torture/execute/f90-intrinsic-bit.f compilation,  -O1
FAIL: g77.f-torture/execute/f90-intrinsic-bit.f compilation,  -O2
FAIL: g77.f-torture/execute/f90-intrinsic-bit.f compilation,  -O3 -fomit-frame-pointer
FAIL: g77.f-torture/execute/f90-intrinsic-bit.f compilation,  -O3 -fomit-frame-pointer -funroll-loops
FAIL: g77.f-torture/execute/f90-intrinsic-bit.f compilation,  -O3 -fomit-frame-pointer -funroll-all-loops -finline-functions
FAIL: g77.f-torture/execute/f90-intrinsic-bit.f compilation,  -O3 -g
FAIL: g77.f-torture/execute/f90-intrinsic-bit.f compilation,  -Os

          === g77 Summary for unix/-march=i586 ===

# of expected passes          1338
# of unexpected failures 14
# of untested testcases       8

Running target unix/-march=i486
FAIL: g77.f-torture/compile/pr3743.f,  -O0
FAIL: g77.f-torture/compile/pr3743.f,  -O1
FAIL: g77.f-torture/compile/pr3743.f,  -O2
FAIL: g77.f-torture/compile/pr3743.f,  -O3 -fomit-frame-pointer
FAIL: g77.f-torture/compile/pr3743.f,  -O3 -g
FAIL: g77.f-torture/compile/pr3743.f,  -Os
FAIL: g77.f-torture/execute/f90-intrinsic-bit.f compilation,  -O0
FAIL: g77.f-torture/execute/f90-intrinsic-bit.f compilation,  -O1
FAIL: g77.f-torture/execute/f90-intrinsic-bit.f compilation,  -O2
FAIL: g77.f-torture/execute/f90-intrinsic-bit.f compilation,  -O3 -fomit-frame-pointer
FAIL: g77.f-torture/execute/f90-intrinsic-bit.f compilation,  -O3 -fomit-frame-pointer -funroll-loops
FAIL: g77.f-torture/execute/f90-intrinsic-bit.f compilation,  -O3 -fomit-frame-pointer -funroll-all-loops -finline-functions
FAIL: g77.f-torture/execute/f90-intrinsic-bit.f compilation,  -O3 -g
FAIL: g77.f-torture/execute/f90-intrinsic-bit.f compilation,  -Os

          === g77 Summary for unix/-march=i486 ===

# of expected passes          1338
# of unexpected failures 14
# of untested testcases       8

Running target unix/-march=i386
FAIL: g77.f-torture/compile/pr3743.f,  -O0
FAIL: g77.f-torture/compile/pr3743.f,  -O1
FAIL: g77.f-torture/compile/pr3743.f,  -O2
FAIL: g77.f-torture/compile/pr3743.f,  -O3 -fomit-frame-pointer
FAIL: g77.f-torture/compile/pr3743.f,  -O3 -g
FAIL: g77.f-torture/compile/pr3743.f,  -Os
FAIL: g77.f-torture/execute/f90-intrinsic-bit.f compilation,  -O0
FAIL: g77.f-torture/execute/f90-intrinsic-bit.f compilation,  -O1
FAIL: g77.f-torture/execute/f90-intrinsic-bit.f compilation,  -O2
FAIL: g77.f-torture/execute/f90-intrinsic-bit.f compilation,  -O3 -fomit-frame-pointer
FAIL: g77.f-torture/execute/f90-intrinsic-bit.f compilation,  -O3 -fomit-frame-pointer -funroll-loops
FAIL: g77.f-torture/execute/f90-intrinsic-bit.f compilation,  -O3 -fomit-frame-pointer -funroll-all-loops -finline-functions
FAIL: g77.f-torture/execute/f90-intrinsic-bit.f compilation,  -O3 -g
FAIL: g77.f-torture/execute/f90-intrinsic-bit.f compilation,  -Os

          === g77 Summary for unix/-march=i386 ===

# of expected passes          1338
# of unexpected failures 14
# of untested testcases       8

          === g77 Summary ===

# of expected passes          5352
# of unexpected failures 56
# of untested testcases       32
/devel/src/gcc-3.1-experimental/gcc/testsuite/../g77 version 3.1 20011114 (experimental)

          === gcc tests ===


Running target unix
FAIL: gcc.c-torture/compile/20010327-1.c,  -O0
FAIL: gcc.c-torture/compile/20010327-1.c,  -O1
FAIL: gcc.c-torture/compile/20010327-1.c,  -O2
FAIL: gcc.c-torture/compile/20010327-1.c,  -O3 -fomit-frame-pointer
FAIL: gcc.c-torture/compile/20010327-1.c,  -O3 -g
FAIL: gcc.c-torture/compile/20010327-1.c,  -Os
XPASS: gcc.c-torture/execute/loop-2e.c execution,  -Os
FAIL: gcc.dg/wint_t-1.c (test for excess errors)

          === gcc Summary for unix ===

# of expected passes          16232
# of unexpected failures 7
# of unexpected successes     1
# of expected failures        60
# of unsupported tests        28

Running target unix/-march=i586
FAIL: gcc.c-torture/compile/20010327-1.c,  -O0
FAIL: gcc.c-torture/compile/20010327-1.c,  -O1
FAIL: gcc.c-torture/compile/20010327-1.c,  -O2
FAIL: gcc.c-torture/compile/20010327-1.c,  -O3 -fomit-frame-pointer
FAIL: gcc.c-torture/compile/20010327-1.c,  -O3 -g
FAIL: gcc.c-torture/compile/20010327-1.c,  -Os
XPASS: gcc.c-torture/execute/loop-2e.c execution,  -Os
FAIL: gcc.dg/wint_t-1.c (test for excess errors)

          === gcc Summary for unix/-march=i586 ===

# of expected passes          16232
# of unexpected failures 7
# of unexpected successes     1
# of expected failures        60
# of unsupported tests        28

Running target unix/-march=i486
FAIL: gcc.c-torture/compile/20010327-1.c,  -O0
FAIL: gcc.c-torture/compile/20010327-1.c,  -O1
FAIL: gcc.c-torture/compile/20010327-1.c,  -O2
FAIL: gcc.c-torture/compile/20010327-1.c,  -O3 -fomit-frame-pointer
FAIL: gcc.c-torture/compile/20010327-1.c,  -O3 -g
FAIL: gcc.c-torture/compile/20010327-1.c,  -Os
XPASS: gcc.c-torture/execute/loop-2e.c execution,  -Os
FAIL: gcc.dg/wint_t-1.c (test for excess errors)

          === gcc Summary for unix/-march=i486 ===

# of expected passes          16232
# of unexpected failures 7
# of unexpected successes     1
# of expected failures        60
# of unsupported tests        28

Running target unix/-march=i386
FAIL: gcc.c-torture/compile/20010327-1.c,  -O0
FAIL: gcc.c-torture/compile/20010327-1.c,  -O1
FAIL: gcc.c-torture/compile/20010327-1.c,  -O2
FAIL: gcc.c-torture/compile/20010327-1.c,  -O3 -fomit-frame-pointer
FAIL: gcc.c-torture/compile/20010327-1.c,  -O3 -g
FAIL: gcc.c-torture/compile/20010327-1.c,  -Os
XPASS: gcc.c-torture/execute/loop-2e.c execution,  -Os
FAIL: gcc.dg/wint_t-1.c (test for excess errors)

          === gcc Summary for unix/-march=i386 ===

# of expected passes          16232
# of unexpected failures 7
# of unexpected successes     1
# of expected failures        60
# of unsupported tests        28

          === gcc Summary ===

# of expected passes          64928
# of unexpected failures 28
# of unexpected successes     4
# of expected failures        240
# of unsupported tests        112
/devel/src/gcc-3.1-experimental/gcc/xgcc version 3.1 20011114 (experimental)

          === objc tests ===


Running target unix
FAIL: objc/execute/formal_protocol-6.m execution,  -O

          === objc Summary for unix ===

# of expected passes          209
# of unexpected failures 1

Running target unix/-march=i586
FAIL: objc/execute/formal_protocol-6.m execution,  -O

          === objc Summary for unix/-march=i586 ===

# of expected passes          209
# of unexpected failures 1

Running target unix/-march=i486
FAIL: objc/execute/formal_protocol-6.m execution,  -O

          === objc Summary for unix/-march=i486 ===

# of expected passes          209
# of unexpected failures 1

Running target unix/-march=i386
FAIL: objc/execute/formal_protocol-6.m execution,  -O

          === objc Summary for unix/-march=i386 ===

# of expected passes          209
# of unexpected failures 1

          === objc Summary ===

# of expected passes          836
# of unexpected failures 4
/devel/src/gcc-3.1-experimental/gcc/xgcc version 3.1 20011114 (experimental)

          === libstdc++-v3 tests ===


Running target unix
FAIL: 18_support/numeric_limits.cc execution test
FAIL: 21_strings/insert.cc execution test
FAIL: 22_locale/codecvt_members_wchar_t_char.cc execution test
FAIL: 22_locale/ctype_members_char.cc execution test
XPASS: 26_numerics/c99_classification_macros_c.cc (test for excess errors)

          === libstdc++-v3 Summary for unix ===

# of expected passes          315
# of unexpected failures 4
# of unexpected successes     1
# of expected failures        28

Running target unix/-march=i586
FAIL: 18_support/numeric_limits.cc execution test
FAIL: 21_strings/insert.cc execution test
FAIL: 22_locale/codecvt_members_wchar_t_char.cc execution test
FAIL: 22_locale/ctype_members_char.cc execution test
XPASS: 26_numerics/c99_classification_macros_c.cc (test for excess errors)

          === libstdc++-v3 Summary for unix/-march=i586 ===

# of expected passes          315
# of unexpected failures 4
# of unexpected successes     1
# of expected failures        28

Running target unix/-march=i486
FAIL: 18_support/numeric_limits.cc execution test
FAIL: 21_strings/insert.cc execution test
FAIL: 22_locale/codecvt_members_wchar_t_char.cc execution test
FAIL: 22_locale/ctype_members_char.cc execution test
XPASS: 26_numerics/c99_classification_macros_c.cc (test for excess errors)

          === libstdc++-v3 Summary for unix/-march=i486 ===

# of expected passes          315
# of unexpected failures 4
# of unexpected successes     1
# of expected failures        28

Running target unix/-march=i386
FAIL: 18_support/numeric_limits.cc execution test
FAIL: 21_strings/insert.cc execution test
FAIL: 22_locale/codecvt_members_wchar_t_char.cc execution test
FAIL: 22_locale/ctype_members_char.cc execution test
XPASS: 26_numerics/c99_classification_macros_c.cc (test for excess errors)

          === libstdc++-v3 Summary for unix/-march=i386 ===

# of expected passes          315
# of unexpected failures 4
# of unexpected successes     1
# of expected failures        28

          === libstdc++-v3 Summary ===

# of expected passes          1260
# of unexpected failures 16
# of unexpected successes     4
# of expected failures        112

Compiler version: 3.1 20011114 (experimental)
Platform: i686-unknown-sysv5UnixWare7.1.0
configure flags: --host=i686-unknown-sysv5UnixWare7.1.0 --enable-checking --with-gnu-as --with-as=/usr/local/bin/as --with-gnu-ld
--with-ld=/usr/local/bin/ld
Counting all warnings,
there are 82 warnings in stage3 of this bootstrap.

Number of warnings per file:
23 gcc/combine.c
18 gcc/dwarfout.c
6 gcc/cp/pt.c
5 gcc/emit-rtl.c
5 gcc/cse.c
3 gcc/gcc.c
3 gcc/fold-const.c
2 gcc/cfgrtl.c
2 gcc/alias.c
1 insn-emit.c
1 gcc/varasm.c
1 gcc/reload1.c
1 gcc/regmove.c
1 gcc/objc/objc-act.c
1 gcc/objc/lang-specs.h
1 gcc/java/jvspec.c
1 gcc/intl/localealias.c
1 gcc/function.c
1 gcc/dwarf2asm.c
1 gcc/cp/tree.c
1 gcc/cp/lang-specs.h
1 gcc/cp/class.c
1 gcc/cfglayout.c
1 gcc/basic-block.h

Number of warning types:
60 comparison between signed and unsigned
7 signed and unsigned type in conditional expression
6 string length \`???' is greater than the length \`???' ISO C89 compilers are required to support
2 implicit declaration of function \`???'
1 prototype declaration
1 promoted argument \`???' doesn't match prototype
1 pointer targets in passing arg ??? of \`???' differ in signedness
1 passing arg ??? of \`???' from incompatible pointer type
1 function declaration isn't a prototype
1 control reaches end of non-void function
1 \`???' might be used uninitialized in this function



More information about the Gcc-testresults mailing list