Results for 3.1 20011115 (experimental) testsuite on i686-pc-linux-gnu
Gordon Sadler
gbsadler1@lcisp.com
Tue Nov 6 14:16:00 GMT 2001
LAST_UPDATED: Thu Nov 15 11:46:58 UTC 2001
Native configuration is i686-pc-linux-gnu
=== g++ tests ===
Running target unix
FAIL: g++.other/enum5.C (test for excess errors)
XPASS: g++.pt/decl2.C ICE - (test for errors, line 8)
XPASS: g++.robertl/eb17.C Execution test
=== g++ Summary ===
# of expected passes 6709
# of unexpected failures 1
# of unexpected successes 2
# of expected failures 95
# of untested testcases 9
/usr/local/src/build/gcc/gcc/testsuite/../g++ version 3.1 20011115 (experimental)
=== g77 tests ===
Running target unix
=== g77 Summary ===
# of expected passes 1360
/usr/local/src/build/gcc/gcc/testsuite/../g77 version 3.1 20011115 (experimental)
=== gcc tests ===
Running target unix
FAIL: gcc.c-torture/compile/20011114-1.c, -O0
FAIL: gcc.c-torture/compile/20011114-1.c, -O1
FAIL: gcc.c-torture/compile/20011114-1.c, -O2
FAIL: gcc.c-torture/compile/20011114-1.c, -O3 -fomit-frame-pointer
FAIL: gcc.c-torture/compile/20011114-1.c, -O3 -g
FAIL: gcc.c-torture/compile/20011114-1.c, -Os
FAIL: gcc.c-torture/execute/20011114-1.c execution, -O3 -fomit-frame-pointer
FAIL: gcc.c-torture/execute/20011114-1.c execution, -O3 -g
FAIL: gcc.dg/format/c90-scanf-1.c writing into NULL (test for warnings, line 118)
FAIL: gcc.dg/format/c90-scanf-1.c (test for excess errors)
=== gcc Summary ===
# of expected passes 16300
# of unexpected failures 10
# of expected failures 61
# of unsupported tests 24
/usr/local/src/build/gcc/gcc/xgcc version 3.1 20011115 (experimental)
=== objc tests ===
Running target unix
FAIL: objc/execute/formal_protocol-6.m execution, -O
=== objc Summary ===
# of expected passes 209
# of unexpected failures 1
/usr/local/src/build/gcc/gcc/xgcc version 3.1 20011115 (experimental)
=== libjava tests ===
Running target unix
FAIL: calls run
FAIL: field run
FAIL: final_method run
FAIL: findclass run
FAIL: martin run
FAIL: register run
FAIL: throwit run
FAIL: Primes output from source compiled test
FAIL: Primes output from bytecode->native test
FAIL: Primes -O output from source compiled test
FAIL: Primes -O output from bytecode->native test
XPASS: stringconst output from bytecode->native test
XPASS: stringconst -O output from bytecode->native test
FAIL: PR3096 output from source compiled test
FAIL: PR3096 -O output from source compiled test
=== libjava Summary ===
# of expected passes 1891
# of unexpected failures 13
# of unexpected successes 2
# of expected failures 16
# of untested testcases 23
=== libstdc++-v3 tests ===
Running target unix
XPASS: 22_locale/collate_members_wchar_t.cc execution test
=== libstdc++-v3 Summary ===
# of expected passes 319
# of unexpected successes 1
# of expected failures 28
Compiler version: 3.1 20011115 (experimental)
Platform: i686-pc-linux-gnu
configure flags: --host=i686-pc-linux-gnu --verbose --enable-threads=posix --with-system-zlib --enable-shared --disable-nls --enable-checking
Counting all warnings,
there are 70 warnings in stage3 of this bootstrap.
Number of warnings per file:
23 gcc/combine.c
6 gcc/cp/pt.c
6 gcc/ada/lang-specs.h
5 gcc/emit-rtl.c
5 gcc/cse.c
3 gcc/gcc.c
3 gcc/fold-const.c
2 gcc/alias.c
1 insn-emit.c
1 gcc/reload1.c
1 gcc/regmove.c
1 gcc/profile.c
1 gcc/objc/objc-act.c
1 gcc/objc/lang-specs.h
1 gcc/local-alloc.c
1 gcc/java/jvspec.c
1 gcc/function.c
1 gcc/cp/tree.c
1 gcc/cp/lang-specs.h
1 gcc/cp/class.c
1 gcc/cfgrtl.c
1 gcc/cfglayout.c
1 gcc/ada/utils.c
1 gcc/ada/tracebak.c
1 gcc/ada/checks.adb
Number of warning types:
40 comparison between signed and unsigned
8 signed and unsigned type in conditional expression
6 string length \`???' is greater than the length \`???' ISO C89 compilers are required to support
3 missing initializer
3 (near initialization for \`???')
2 function declaration isn't a prototype
2 \`???' might be used uninitialized in this function
1 unused variable \`???'
1 pointer targets in passing arg ??? of \`???' differ in signedness
1 passing arg ??? of \`???' from incompatible pointer type
1 implicit declaration of function \`???'
1 control reaches end of non-void function
1 comparison of unsigned expression >= 0 is always true
More information about the Gcc-testresults
mailing list