Results for 3.1 20011113 (experimental) testsuite on i686-pc-linux-gnu

Andreas Jaeger aj@suse.de
Tue Nov 6 05:39:00 GMT 2001


LAST_UPDATED: Wed Nov 14 18:39:17 UTC 2001

Native configuration is i686-pc-linux-gnu

		=== g++ tests ===


Running target unix
FAIL: g++.other/enum5.C (test for excess errors)
XPASS: g++.pt/decl2.C ICE - (test for errors, line 8)
XPASS: g++.robertl/eb17.C  Execution test

		=== g++ Summary ===

# of expected passes		6708
# of unexpected failures	1
# of unexpected successes	2
# of expected failures		95
# of untested testcases		9
/builds/gcc/gcc-3.1-devel/gcc/testsuite/../g++ version 3.1 20011113 (experimental)

		=== g77 tests ===


Running target unix

		=== g77 Summary ===

# of expected passes		1360
/builds/gcc/gcc-3.1-devel/gcc/testsuite/../g77 version 3.1 20011113 (experimental)

		=== gcc tests ===


Running target unix
FAIL: gcc.c-torture/compile/20010327-1.c,  -O0  
FAIL: gcc.c-torture/compile/20010327-1.c,  -O1  
FAIL: gcc.c-torture/compile/20010327-1.c,  -O2  
FAIL: gcc.c-torture/compile/20010327-1.c,  -O3 -fomit-frame-pointer  
FAIL: gcc.c-torture/compile/20010327-1.c,  -O3 -g  
FAIL: gcc.c-torture/compile/20010327-1.c,  -Os  

		=== gcc Summary ===

# of expected passes		16244
# of unexpected failures	6
# of expected failures		61
# of unsupported tests		24
/builds/gcc/gcc-3.1-devel/gcc/xgcc version 3.1 20011113 (experimental)

		=== objc tests ===


Running target unix
FAIL: objc/execute/formal_protocol-6.m execution,  -O 

		=== objc Summary ===

# of expected passes		209
# of unexpected failures	1
/builds/gcc/gcc-3.1-devel/gcc/xgcc version 3.1 20011113 (experimental)

		=== libjava tests ===


Running target unix
FAIL: calls run
FAIL: final_method run
FAIL: findclass run
FAIL: register run
FAIL: throwit run
FAIL: martin run
FAIL: field run
FAIL: Primes output from source compiled test
FAIL: Primes output from bytecode->native test
FAIL: Primes -O output from source compiled test
FAIL: Primes -O output from bytecode->native test
XPASS: stringconst output from bytecode->native test
XPASS: stringconst -O output from bytecode->native test
FAIL: PR3096 output from source compiled test
FAIL: PR3096 -O output from source compiled test

		=== libjava Summary ===

# of expected passes		1891
# of unexpected failures	13
# of unexpected successes	2
# of expected failures		16
# of untested testcases		23
		=== libstdc++-v3 tests ===


Running target unix
XPASS: 22_locale/members.cc execution test
XPASS: 22_locale/messages_byname.cc execution test
XPASS: 22_locale/messages_members_char.cc execution test
XPASS: 22_locale/money_get_members_char.cc execution test
XPASS: 22_locale/money_get_members_wchar_t.cc execution test
XPASS: 22_locale/money_put_members_char.cc execution test
XPASS: 22_locale/money_put_members_wchar_t.cc execution test
XPASS: 22_locale/moneypunct_byname.cc execution test
XPASS: 22_locale/moneypunct_members_char.cc execution test
XPASS: 22_locale/moneypunct_members_wchar_t.cc execution test
XPASS: 22_locale/numpunct_byname.cc execution test
XPASS: 22_locale/numpunct_members_char.cc execution test
XPASS: 22_locale/time_get_members_char.cc execution test
XPASS: 22_locale/time_get_members_wchar_t.cc execution test
XPASS: 22_locale/time_put_members_char.cc execution test
XPASS: 23_containers/map_operators.cc  (test for errors, line 43)
XPASS: 23_containers/map_operators.cc  (test for errors, line 44)

		=== libstdc++-v3 Summary ===

# of expected passes		319
# of unexpected successes	17
# of expected failures		12

Compiler version: 3.1 20011113 (experimental) 
Platform: i686-pc-linux-gnu
configure flags: --host=i686-pc-linux-gnu --prefix=/opt/gcc-3.1-devel --enable-shared --enable-threads=posix --enable-clocale=gnu --with-gnu-as --with-gnu-ld --disable-nls --with-system-zlib



More information about the Gcc-testresults mailing list