Results for 3.1 20010530 (experimental) testsuite on i686-pc-linux-gnu
Michael Ritzert
michael.ritzert@realtech.de
Thu May 31 05:42:00 GMT 2001
Native configuration is i686-pc-linux-gnu
=== g++ tests ===
Running target unix
XPASS: g++.dg/vtgc1.C (test for excess errors)
XPASS: g++.dg/vtgc1.C scan-assembler .vtable_inherit[ ]*vtable for Multivv3, 0
XPASS: g++.dg/vtgc1.C scan-assembler .vtable_inherit[ ]*VTT for Multivv3, 0
XPASS: g++.dg/vtgc1.C scan-assembler .vtable_inherit[ ]*vtable for Multiss2, vtable for Base2
XPASS: g++.dg/vtgc1.C scan-assembler .vtable_inherit[ ]*vtable for Multivs1, vtable for Base2
XPASS: g++.dg/vtgc1.C scan-assembler .vtable_inherit[ ]*VTT for Multivs1, vtable for Base2
XPASS: g++.dg/vtgc1.C scan-assembler .vtable_inherit[ ]*vtable for Multisv0, vtable for Side0
XPASS: g++.dg/vtgc1.C scan-assembler .vtable_inherit[ ]*VTT for Multisv0, vtable for Side0
XPASS: g++.dg/vtgc1.C scan-assembler .vtable_inherit[ ]*vtable for Side0, 0
XPASS: g++.dg/vtgc1.C scan-assembler .vtable_inherit[ ]*vtable for VbasedA, 0
XPASS: g++.dg/vtgc1.C scan-assembler .vtable_inherit[ ]*VTT for VbasedA, 0
XPASS: g++.dg/vtgc1.C scan-assembler .vtable_inherit[ ]*vtable for Base2, vtable for Base1
XPASS: g++.dg/vtgc1.C scan-assembler .vtable_inherit[ ]*vtable for Base1, vtable for Base0
XPASS: g++.dg/vtgc1.C scan-assembler .vtable_inherit[ ]*vtable for Base0, 0
FAIL: g++.ext/instantiate1.C not instantiated (test for errors, line 20)
XPASS: g++.other/crash27.C (test for excess errors)
FAIL: g++.other/optimize3.C caused compiler crash
=== g++ Summary ===
# of expected passes 6503
# of unexpected failures 2
# of unexpected successes 15
# of expected failures 86
# of untested testcases 9
/home/ritzert/compile/gcc/HEAD/apathix.realtech.de-auto/gcc/testsuite/../g++ version 3.1 20010530 (experimental)
=== gcc tests ===
Running target unix
FAIL: gcc.c-torture/execute/20010114-2.c execution, -O1
FAIL: gcc.c-torture/execute/20010114-2.c execution, -O2
FAIL: gcc.c-torture/execute/20010114-2.c execution, -Os
FAIL: gcc.c-torture/execute/loop-2b.c execution, -O2
=== gcc Summary ===
# of expected passes 15469
# of unexpected failures 4
# of expected failures 78
# of unsupported tests 21
/home/ritzert/compile/gcc/HEAD/apathix.realtech.de-auto/gcc/xgcc version 3.1 20010530 (experimental)
=== libstdc++-v3 tests ===
Running target unix
FAIL: 22_locale/codecvt_unicode_char.cc execution test
FAIL: 22_locale/codecvt_unicode_wchar_t.cc execution test
FAIL: 26_numerics/complex_value.cc (test for excess errors)
=== libstdc++-v3 Summary ===
# of expected passes 235
# of unexpected failures 3
# of expected failures 8
Compiler version: 3.1 20010530 (experimental)
Platform: i686-pc-linux-gnu
configure flags: --host=i686-pc-linux-gnu --enable-languages=c++ --enable-threads --prefix=/opt/gcc
More information about the Gcc-testresults
mailing list