Results for 3.1 20010529 (experimental) testsuite on mips-sgi-irix6.5
Billinghurst, David (CRTS)
David.Billinghurst@riotinto.com
Wed May 30 15:19:00 GMT 2001
With some local testsuite hacks to test mulitlibs..
Native configuration is mips-sgi-irix6.5
=== g77 tests ===
Running target unix
FAIL: g77.f-torture/compile/20000511-2.f, -O3 -g
FAIL: g77.f-torture/compile/20000629-1.f, -O3 -g
FAIL: g77.f-torture/execute/19981119-0.f compilation, -O3 -g
FAIL: g77.f-torture/execute/20010430.f execution, -O2
FAIL: g77.f-torture/execute/20010430.f execution, -O3 -fomit-frame-pointer
FAIL: g77.f-torture/execute/20010430.f execution, -O3 -fomit-frame-pointer
-funroll-loops
FAIL: g77.f-torture/execute/20010430.f execution, -O3 -fomit-frame-pointer
-funroll-all-loops -finline-functions
FAIL: g77.f-torture/execute/20010430.f execution, -O3 -g
=== g77 Summary for unix ===
# of expected passes 958
# of unexpected failures 8
# of untested testcases 1
# of unsupported tests 8
Running target unix/-mabi=64
FAIL: g77.f-torture/compile/20000511-2.f, -O0
FAIL: g77.f-torture/compile/20000511-2.f, -O1
FAIL: g77.f-torture/compile/20000511-2.f, -O2
FAIL: g77.f-torture/compile/20000511-2.f, -O3 -fomit-frame-pointer
FAIL: g77.f-torture/compile/20000511-2.f, -O3 -fomit-frame-pointer
-funroll-loops
FAIL: g77.f-torture/compile/20000511-2.f, -O3 -fomit-frame-pointer
-funroll-all-loops -finline-functions
FAIL: g77.f-torture/compile/20000511-2.f, -O3 -g
FAIL: g77.f-torture/compile/20000511-2.f, -Os
FAIL: g77.f-torture/compile/20000629-1.f, -O3 -g
FAIL: g77.f-torture/compile/980310-3.f, -O0
FAIL: g77.f-torture/compile/980310-3.f, -O1
FAIL: g77.f-torture/compile/980310-3.f, -O2
FAIL: g77.f-torture/compile/980310-3.f, -O3 -fomit-frame-pointer
FAIL: g77.f-torture/compile/980310-3.f, -O3 -fomit-frame-pointer
-funroll-loops
FAIL: g77.f-torture/compile/980310-3.f, -O3 -fomit-frame-pointer
-funroll-all-loops -finline-functions
FAIL: g77.f-torture/compile/980310-3.f, -O3 -g
FAIL: g77.f-torture/compile/980310-3.f, -Os
FAIL: g77.f-torture/compile/19990905-2.f, -O0
FAIL: g77.f-torture/compile/19990905-2.f, -O1
FAIL: g77.f-torture/compile/19990905-2.f, -O2
FAIL: g77.f-torture/compile/19990905-2.f, -O3 -fomit-frame-pointer
FAIL: g77.f-torture/compile/19990905-2.f, -O3 -g
FAIL: g77.f-torture/compile/19990905-2.f, -Os
FAIL: g77.f-torture/compile/19990905-0.f, -O0
FAIL: g77.f-torture/compile/19990905-0.f, -O1
FAIL: g77.f-torture/compile/19990905-0.f, -O2
FAIL: g77.f-torture/compile/19990905-0.f, -O3 -fomit-frame-pointer
FAIL: g77.f-torture/compile/19990905-0.f, -O3 -g
FAIL: g77.f-torture/compile/19990905-0.f, -Os
FAIL: g77.f-torture/execute/19981119-0.f compilation, -O0
FAIL: g77.f-torture/execute/19981119-0.f compilation, -O1
FAIL: g77.f-torture/execute/19981119-0.f compilation, -O2
FAIL: g77.f-torture/execute/19981119-0.f compilation, -O3
-fomit-frame-pointer
FAIL: g77.f-torture/execute/19981119-0.f compilation, -O3 -g
FAIL: g77.f-torture/execute/19981119-0.f compilation, -Os
FAIL: g77.f-torture/execute/20010116.f compilation, -O0
FAIL: g77.f-torture/execute/20010116.f compilation, -O1
FAIL: g77.f-torture/execute/20010116.f compilation, -O2
FAIL: g77.f-torture/execute/20010116.f compilation, -O3
-fomit-frame-pointer
FAIL: g77.f-torture/execute/20010116.f compilation, -O3
-fomit-frame-pointer -funroll-loops
FAIL: g77.f-torture/execute/20010116.f compilation, -O3
-fomit-frame-pointer -funroll-all-loops -finline-functions
FAIL: g77.f-torture/execute/20010116.f compilation, -O3 -g
FAIL: g77.f-torture/execute/20010116.f compilation, -Os
FAIL: g77.f-torture/execute/20010430.f execution, -O2
FAIL: g77.f-torture/execute/20010430.f execution, -O3 -fomit-frame-pointer
FAIL: g77.f-torture/execute/20010430.f execution, -O3 -fomit-frame-pointer
-funroll-loops
FAIL: g77.f-torture/execute/20010430.f execution, -O3 -fomit-frame-pointer
-funroll-all-loops -finline-functions
FAIL: g77.f-torture/execute/20010430.f execution, -O3 -g
FAIL: g77.f-torture/execute/labug1.f compilation, -O2
FAIL: g77.f-torture/execute/labug1.f compilation, -O3 -fomit-frame-pointer
FAIL: g77.f-torture/execute/labug1.f compilation, -O3 -fomit-frame-pointer
-funroll-loops
FAIL: g77.f-torture/execute/labug1.f compilation, -O3 -fomit-frame-pointer
-funroll-all-loops -finline-functions
FAIL: g77.f-torture/execute/labug1.f compilation, -O3 -g
=== g77 Summary for unix/-mabi=64 ===
# of expected passes 895
# of unexpected failures 53
# of untested testcases 19
# of unsupported tests 8
=== g77 Summary ===
# of expected passes 1853
# of unexpected failures 61
# of untested testcases 20
# of unsupported tests 16
=== gcc tests ===
Running target unix
FAIL: gcc.c-torture/compile/20001226-1.c, -O2
FAIL: gcc.c-torture/compile/20001226-1.c, -O3 -fomit-frame-pointer
FAIL: gcc.c-torture/compile/20001226-1.c, -O3 -g
FAIL: gcc.c-torture/compile/20001226-1.c, -Os
FAIL: gcc.c-torture/execute/20010122-1.c execution, -O0
FAIL: gcc.c-torture/execute/20010122-1.c execution, -O1
FAIL: gcc.c-torture/execute/20010122-1.c execution, -O2
FAIL: gcc.c-torture/execute/20010122-1.c execution, -O3
-fomit-frame-pointer
FAIL: gcc.c-torture/execute/20010122-1.c execution, -O3
-fomit-frame-pointer -funroll-loops
FAIL: gcc.c-torture/execute/20010122-1.c execution, -O3
-fomit-frame-pointer -funroll-all-loops -finline-functions
FAIL: gcc.c-torture/execute/20010122-1.c execution, -O3 -g
FAIL: gcc.c-torture/execute/20010122-1.c execution, -Os
FAIL: gcc.c-torture/execute/20010518-2.c compilation, -O1
FAIL: gcc.c-torture/execute/20010518-2.c compilation, -O2
FAIL: gcc.c-torture/execute/20010518-2.c compilation, -O3
-fomit-frame-pointer
FAIL: gcc.c-torture/execute/20010518-2.c compilation, -O3 -g
FAIL: gcc.c-torture/execute/20010518-2.c compilation, -Os
FAIL: gcc.c-torture/execute/packed-1.c compilation, -O2
FAIL: gcc.c-torture/execute/packed-1.c compilation, -O3
-fomit-frame-pointer
FAIL: gcc.c-torture/execute/packed-1.c compilation, -O3 -g
FAIL: gcc.c-torture/execute/packed-1.c compilation, -Os
XPASS: gcc.c-torture/execute/memcheck/blkarg.c execution, -O0
XPASS: gcc.c-torture/execute/memcheck/blkarg.c execution, -O1
XPASS: gcc.c-torture/execute/memcheck/blkarg.c execution, -O2
XPASS: gcc.c-torture/execute/memcheck/blkarg.c execution, -Os
=== gcc Summary for unix ===
# of expected passes 15360
# of unexpected failures 21
# of unexpected successes 4
# of expected failures 89
# of unresolved testcases 9
# of unsupported tests 58
Running target unix/-mabi=64
FAIL: gcc.c-torture/compile/20001226-1.c, -O2
FAIL: gcc.c-torture/compile/20001226-1.c, -O3 -fomit-frame-pointer
FAIL: gcc.c-torture/compile/20001226-1.c, -O3 -g
FAIL: gcc.c-torture/compile/20001226-1.c, -Os
FAIL: gcc.c-torture/execute/20010122-1.c execution, -O0
FAIL: gcc.c-torture/execute/20010122-1.c execution, -O1
FAIL: gcc.c-torture/execute/20010122-1.c execution, -O2
FAIL: gcc.c-torture/execute/20010122-1.c execution, -O3
-fomit-frame-pointer
FAIL: gcc.c-torture/execute/20010122-1.c execution, -O3
-fomit-frame-pointer -funroll-loops
FAIL: gcc.c-torture/execute/20010122-1.c execution, -O3
-fomit-frame-pointer -funroll-all-loops -finline-functions
FAIL: gcc.c-torture/execute/20010122-1.c execution, -O3 -g
FAIL: gcc.c-torture/execute/20010122-1.c execution, -Os
FAIL: gcc.c-torture/execute/packed-1.c compilation, -O2
FAIL: gcc.c-torture/execute/packed-1.c compilation, -O3
-fomit-frame-pointer
FAIL: gcc.c-torture/execute/packed-1.c compilation, -O3 -g
FAIL: gcc.c-torture/execute/packed-1.c compilation, -Os
XPASS: gcc.c-torture/execute/memcheck/blkarg.c execution, -O0
XPASS: gcc.c-torture/execute/memcheck/blkarg.c execution, -O1
XPASS: gcc.c-torture/execute/memcheck/blkarg.c execution, -O2
XPASS: gcc.c-torture/execute/memcheck/blkarg.c execution, -Os
=== gcc Summary for unix/-mabi=64 ===
# of expected passes 15370
# of unexpected failures 16
# of unexpected successes 4
# of expected failures 89
# of unresolved testcases 4
# of unsupported tests 58
=== gcc Summary ===
# of expected passes 30730
# of unexpected failures 37
# of unexpected successes 8
# of expected failures 178
# of unresolved testcases 13
# of unsupported tests 116
/exd4/billingd/obj/gcc-mainline/gcc/xgcc version 3.1 20010529 (experimental)
=== g++ tests ===
Running target unix
XPASS: g++.dg/vtgc1.C (test for excess errors)
XPASS: g++.dg/vtgc1.C scan-assembler .vtable_inherit[ ]*vtable for
Multivv3, 0
XPASS: g++.dg/vtgc1.C scan-assembler .vtable_inherit[ ]*VTT for Multivv3,
0
XPASS: g++.dg/vtgc1.C scan-assembler .vtable_inherit[ ]*vtable for
Multiss2, vtable for Base2
XPASS: g++.dg/vtgc1.C scan-assembler .vtable_inherit[ ]*vtable for
Multivs1, vtable for Base2
XPASS: g++.dg/vtgc1.C scan-assembler .vtable_inherit[ ]*VTT for Multivs1,
vtable for Base2
XPASS: g++.dg/vtgc1.C scan-assembler .vtable_inherit[ ]*vtable for
Multisv0, vtable for Side0
XPASS: g++.dg/vtgc1.C scan-assembler .vtable_inherit[ ]*VTT for Multisv0,
vtable for Side0
XPASS: g++.dg/vtgc1.C scan-assembler .vtable_inherit[ ]*vtable for Side0,
0
XPASS: g++.dg/vtgc1.C scan-assembler .vtable_inherit[ ]*vtable for
VbasedA, 0
XPASS: g++.dg/vtgc1.C scan-assembler .vtable_inherit[ ]*VTT for VbasedA, 0
XPASS: g++.dg/vtgc1.C scan-assembler .vtable_inherit[ ]*vtable for Base2,
vtable for Base1
XPASS: g++.dg/vtgc1.C scan-assembler .vtable_inherit[ ]*vtable for Base1,
vtable for Base0
XPASS: g++.dg/vtgc1.C scan-assembler .vtable_inherit[ ]*vtable for Base0,
0
FAIL: g++.ext/instantiate1.C not instantiated (test for errors, line 20)
FAIL: g++.ext/instantiate1.C not instantiated (test for errors, line 22)
XPASS: g++.jason/thunk3.C (test for excess errors)
XPASS: g++.jason/thunk3.C Execution test
FAIL: g++.other/crash18.C (test for excess errors)
XPASS: g++.other/crash27.C (test for excess errors)
FAIL: g++.pt/crash67.C caused compiler crash
=== g++ Summary for unix ===
# of expected passes 6468
# of unexpected failures 4
# of unexpected successes 17
# of expected failures 94
# of untested testcases 20
Running target unix/-mabi=64
FAIL: g++.dg/mangle1.C scan-assembler
XPASS: g++.dg/vtgc1.C (test for excess errors)
XPASS: g++.dg/vtgc1.C scan-assembler .vtable_inherit[ ]*vtable for
Multivv3, 0
XPASS: g++.dg/vtgc1.C scan-assembler .vtable_inherit[ ]*VTT for Multivv3,
0
XPASS: g++.dg/vtgc1.C scan-assembler .vtable_inherit[ ]*vtable for
Multiss2, vtable for Base2
XPASS: g++.dg/vtgc1.C scan-assembler .vtable_inherit[ ]*vtable for
Multivs1, vtable for Base2
XPASS: g++.dg/vtgc1.C scan-assembler .vtable_inherit[ ]*VTT for Multivs1,
vtable for Base2
XPASS: g++.dg/vtgc1.C scan-assembler .vtable_inherit[ ]*vtable for
Multisv0, vtable for Side0
XPASS: g++.dg/vtgc1.C scan-assembler .vtable_inherit[ ]*VTT for Multisv0,
vtable for Side0
XPASS: g++.dg/vtgc1.C scan-assembler .vtable_inherit[ ]*vtable for Side0,
0
XPASS: g++.dg/vtgc1.C scan-assembler .vtable_inherit[ ]*vtable for
VbasedA, 0
XPASS: g++.dg/vtgc1.C scan-assembler .vtable_inherit[ ]*VTT for VbasedA, 0
XPASS: g++.dg/vtgc1.C scan-assembler .vtable_inherit[ ]*vtable for Base2,
vtable for Base1
XPASS: g++.dg/vtgc1.C scan-assembler .vtable_inherit[ ]*vtable for Base1,
vtable for Base0
XPASS: g++.dg/vtgc1.C scan-assembler .vtable_inherit[ ]*vtable for Base0,
0
FAIL: g++.ext/instantiate1.C not instantiated (test for errors, line 20)
FAIL: g++.ext/instantiate1.C not instantiated (test for errors, line 22)
XPASS: g++.jason/thunk3.C (test for excess errors)
XPASS: g++.jason/thunk3.C Execution test
FAIL: g++.other/crash18.C (test for excess errors)
XPASS: g++.other/crash27.C (test for excess errors)
FAIL: g++.pt/crash67.C caused compiler crash
=== g++ Summary for unix/-mabi=64 ===
# of expected passes 6467
# of unexpected failures 5
# of unexpected successes 17
# of expected failures 94
# of untested testcases 20
=== g++ Summary ===
# of expected passes 12935
# of unexpected failures 9
# of unexpected successes 34
# of expected failures 188
# of untested testcases 40
/exd4/billingd/obj/gcc-mainline/gcc/testsuite/../g++ version 3.1 20010529
(experimental)
=== objc tests ===
Running target unix
FAIL: objc/execute/class-2.m execution, -O
FAIL: objc/execute/formal_protocol-6.m execution, -O
=== objc Summary for unix ===
# of expected passes 144
# of unexpected failures 2
Running target unix/-mabi=64
FAIL: objc/execute/bycopy-3.m execution, -O
FAIL: objc/execute/formal_protocol-5.m execution, -O
FAIL: objc/execute/formal_protocol-6.m execution, -O
=== objc Summary for unix/-mabi=64 ===
# of expected passes 143
# of unexpected failures 3
=== objc Summary ===
# of expected passes 287
# of unexpected failures 5
/exd4/billingd/obj/gcc-mainline/gcc/xgcc version 3.1 20010529 (experimental)
=== libstdc++-v3 tests ===
Running target unix
XPASS: 26_numerics/c99_classification_macros_c.cc (test for excess errors)
FAIL: 27_io/filebuf.cc (test for excess errors)
FAIL: 27_io/filebuf_virtuals.cc (test for excess errors)
FAIL: 27_io/ostream_inserter_arith.cc execution test
FAIL: 27_io/stringbuf_virtuals.cc (test for excess errors)
=== libstdc++-v3 Summary ===
# of expected passes 232
# of unexpected failures 4
# of unexpected successes 1
# of expected failures 7
=== libstdc++-v3 tests ===
Running target unix
XPASS: 26_numerics/c99_classification_macros_c.cc (test for excess errors)
FAIL: 27_io/filebuf.cc (test for excess errors)
FAIL: 27_io/filebuf_virtuals.cc (test for excess errors)
FAIL: 27_io/ostream_inserter_arith.cc execution test
FAIL: 27_io/stringbuf_virtuals.cc (test for excess errors)
=== libstdc++-v3 Summary ===
# of expected passes 232
# of unexpected failures 4
# of unexpected successes 1
# of expected failures 7
Compiler version: 3.1 20010529 (experimental)
Platform: mips-sgi-irix6.5
configure flags: --host=mips-sgi-irix6.5 --enable-shared --enable-haifa
--enable-threads=single --prefix=/exd4/billingd/tmp/gcc-mainline
Counting all warnings,
there are 113 warnings in stage3 of this bootstrap.
Number of warnings per file:
11 gcc/config/mips/mips.c
10 gcc/except.c
10 gcc/config/mips/mips.md
7 gcc/cp/decl.c
6 gcc/gcc.c
6 gcc/expr.c
6 gcc/cp/pt.c
5 gcc/cp/tree.c
5 gcc/cp/error.c
5 gcc/cp/call.c
4 gcc/unwind-dw2.c
4 gcc/reload1.c
4 gcc/java/lex.c
3 gcc/varasm.c
3 gcc/dwarf2out.c
2 gcc/reload.c
2 gcc/objc/objc-act.c
2 gcc/java/jcf-io.c
2 gcc/flow.c
2 gcc/cp/lang-specs.h
1 gcc/toplev.c
1 gcc/simplify-rtx.c
1 gcc/sched-deps.c
1 gcc/regmove.c
1 gcc/objc/lang-specs.h
1 gcc/java/jvspec.c
1 gcc/java/jcf-parse.c
1 gcc/intl/dcgettext.c
1 gcc/f/lang-specs.h
1 gcc/fold-const.c
1 gcc/final.c
1 gcc/cp/init.c
1 gcc/cp/errfn.c
1 gcc/combine.c
Number of warning types:
20 \`???' might be used uninitialized in this function
20 cast from pointer to integer of different size
15 comparison between signed and unsigned
12 signed and unsigned type in conditional expression
11 string length \`???' is greater than the length \`???' ISO C89
compilers are required to support
6 operand 1 missing mode?
5 ??? format, ??? arg (arg ???)
5 initialization from incompatible pointer type
4 passing arg ??? of \`???' from incompatible pointer type
4 operand 0 missing mode?
4 implicit declaration of function \`???'
3 unused parameter \`???'
1 suggest not using #elif in traditional C
1 pointer targets in passing arg ??? of \`???' differ in signedness
1 no previous prototype for \`???'
1 function declaration isn't a prototype
More information about the Gcc-testresults
mailing list