Results for 3.120010527(experimental) testsuite on powerpc-unknown-linux-gnu
Lars Brinkhoff
lars@xabbu.nocrew.org
Sun May 27 12:48:00 GMT 2001
Native configuration is powerpc-unknown-linux-gnu
=== g++ tests ===
Running target unix
XPASS: g++.dg/vtgc1.C (test for excess errors)
XPASS: g++.dg/vtgc1.C scan-assembler .vtable_inherit[ ]*vtable for Multivv3, 0
XPASS: g++.dg/vtgc1.C scan-assembler .vtable_inherit[ ]*VTT for Multivv3, 0
XPASS: g++.dg/vtgc1.C scan-assembler .vtable_inherit[ ]*vtable for Multiss2, vtable for Base2
XPASS: g++.dg/vtgc1.C scan-assembler .vtable_inherit[ ]*vtable for Multivs1, vtable for Base2
XPASS: g++.dg/vtgc1.C scan-assembler .vtable_inherit[ ]*VTT for Multivs1, vtable for Base2
XPASS: g++.dg/vtgc1.C scan-assembler .vtable_inherit[ ]*vtable for Multisv0, vtable for Side0
XPASS: g++.dg/vtgc1.C scan-assembler .vtable_inherit[ ]*VTT for Multisv0, vtable for Side0
XPASS: g++.dg/vtgc1.C scan-assembler .vtable_inherit[ ]*vtable for Side0, 0
XPASS: g++.dg/vtgc1.C scan-assembler .vtable_inherit[ ]*vtable for VbasedA, 0
XPASS: g++.dg/vtgc1.C scan-assembler .vtable_inherit[ ]*VTT for VbasedA, 0
XPASS: g++.dg/vtgc1.C scan-assembler .vtable_inherit[ ]*vtable for Base2, vtable for Base1
XPASS: g++.dg/vtgc1.C scan-assembler .vtable_inherit[ ]*vtable for Base1, vtable for Base0
XPASS: g++.dg/vtgc1.C scan-assembler .vtable_inherit[ ]*vtable for Base0, 0
FAIL: g++.ext/instantiate1.C not instantiated (test for errors, line 20)
XPASS: g++.other/crash27.C (test for excess errors)
FAIL: g++.pt/crash67.C caused compiler crash
=== g++ Summary ===
# of expected passes 6484
# of unexpected failures 2
# of unexpected successes 15
# of expected failures 86
# of untested testcases 20
/home/lars/src/gnu/gcc/ppc/gcc/testsuite/../g++ version 3.1 20010527 (experimental)
=== gcc tests ===
Running target unix
FAIL: gcc.c-torture/execute/931102-1.c compilation, -O1
FAIL: gcc.c-torture/execute/931102-1.c compilation, -O2
FAIL: gcc.c-torture/execute/931102-1.c compilation, -O3 -fomit-frame-pointer
FAIL: gcc.c-torture/execute/931102-1.c compilation, -O3 -fomit-frame-pointer -funroll-loops
FAIL: gcc.c-torture/execute/931102-1.c compilation, -O3 -fomit-frame-pointer -funroll-all-loops -finline-functions
FAIL: gcc.c-torture/execute/931102-1.c compilation, -O3 -g
FAIL: gcc.c-torture/execute/931102-1.c compilation, -Os
FAIL: gcc.dg/cpp/charconst.c (test for excess errors)
FAIL: gcc.dg/cpp/ucs.c (test for warnings, line 24)
FAIL: gcc.dg/cpp/ucs.c (test for excess errors)
FAIL: gcc.misc-tests/mg.c
=== gcc Summary ===
# of expected passes 15414
# of unexpected failures 11
# of expected failures 72
# of unresolved testcases 7
# of unsupported tests 48
/home/lars/src/gnu/gcc/ppc/gcc/xgcc version 3.1 20010527 (experimental)
=== g77 tests ===
Running target unix
FAIL: g77.f-torture/execute/20010430.f execution, -O2
FAIL: g77.f-torture/execute/20010430.f execution, -O3 -fomit-frame-pointer
FAIL: g77.f-torture/execute/20010430.f execution, -O3 -fomit-frame-pointer -funroll-loops
FAIL: g77.f-torture/execute/20010430.f execution, -O3 -fomit-frame-pointer -funroll-all-loops -finline-functions
FAIL: g77.f-torture/execute/20010430.f execution, -O3 -g
=== g77 Summary ===
# of expected passes 962
# of unexpected failures 5
# of unsupported tests 8
=== objc tests ===
Running target unix
FAIL: objc/execute/formal_protocol-6.m execution, -O
=== objc Summary ===
# of expected passes 145
# of unexpected failures 1
/home/lars/src/gnu/gcc/ppc/gcc/xgcc version 3.1 20010527 (experimental)
Compiler version: 3.120010527(experimental)
Platform: powerpc-unknown-linux-gnu
configure flags: '
More information about the Gcc-testresults
mailing list