Results for 3.0 20010524 (prerelease) testsuite on mips-sgi-irix6.5
David Billinghurst
billingd@cru200.corp.riotinto.org
Fri May 25 21:54:00 GMT 2001
Native configuration is mips-sgi-irix6.5
=== objc tests ===
Running target unix
FAIL: objc/execute/class-2.m execution, -O
=== objc Summary for unix ===
# of expected passes 144
# of unexpected failures 1
# of expected failures 1
Running target unix/-mabi=64
FAIL: objc/execute/bycopy-3.m execution, -O
FAIL: objc/execute/formal_protocol-5.m execution, -O
=== objc Summary for unix/-mabi=64 ===
# of expected passes 143
# of unexpected failures 2
# of expected failures 1
=== objc Summary ===
# of expected passes 287
# of unexpected failures 3
# of expected failures 2
/exd4/billingd/obj/gcc/gcc/xgcc version 3.0 20010524 (prerelease)
=== gcc tests ===
Running target unix
FAIL: gcc.c-torture/compile/20001226-1.c, -O2
FAIL: gcc.c-torture/compile/20001226-1.c, -O3 -fomit-frame-pointer
FAIL: gcc.c-torture/compile/20001226-1.c, -O3 -g
FAIL: gcc.c-torture/compile/20001226-1.c, -Os
XPASS: gcc.c-torture/execute/20010114-2.c execution, -O0
XPASS: gcc.c-torture/execute/20010114-2.c execution, -O1
XPASS: gcc.c-torture/execute/20010114-2.c execution, -O2
XPASS: gcc.c-torture/execute/20010114-2.c execution, -O3 -fomit-frame-pointer
XPASS: gcc.c-torture/execute/20010114-2.c execution, -O3 -g
XPASS: gcc.c-torture/execute/20010114-2.c execution, -Os
XPASS: gcc.c-torture/execute/loop-2b.c execution, -O0
XPASS: gcc.c-torture/execute/loop-2b.c execution, -O1
XPASS: gcc.c-torture/execute/loop-2b.c execution, -O2
XPASS: gcc.c-torture/execute/loop-2b.c execution, -O3 -fomit-frame-pointer
XPASS: gcc.c-torture/execute/loop-2b.c execution, -O3 -fomit-frame-pointer -funroll-loops
XPASS: gcc.c-torture/execute/loop-2b.c execution, -O3 -fomit-frame-pointer -funroll-all-loops -finline-functions
XPASS: gcc.c-torture/execute/loop-2b.c execution, -O3 -g
XPASS: gcc.c-torture/execute/loop-2b.c execution, -Os
XPASS: gcc.c-torture/execute/memcheck/blkarg.c execution, -O0
XPASS: gcc.c-torture/execute/memcheck/blkarg.c execution, -O1
XPASS: gcc.c-torture/execute/memcheck/blkarg.c execution, -O2
XPASS: gcc.c-torture/execute/memcheck/blkarg.c execution, -Os
=== gcc Summary for unix ===
# of expected passes 15047
# of unexpected failures 4
# of unexpected successes 18
# of expected failures 106
# of unsupported tests 57
Running target unix/-mabi=64
FAIL: gcc.c-torture/compile/20001226-1.c, -O2
FAIL: gcc.c-torture/compile/20001226-1.c, -O3 -g
FAIL: gcc.c-torture/compile/20001226-1.c, -Os
XPASS: gcc.c-torture/execute/20010114-2.c execution, -O0
XPASS: gcc.c-torture/execute/20010114-2.c execution, -O1
XPASS: gcc.c-torture/execute/20010114-2.c execution, -O2
XPASS: gcc.c-torture/execute/20010114-2.c execution, -O3 -fomit-frame-pointer
XPASS: gcc.c-torture/execute/20010114-2.c execution, -O3 -g
XPASS: gcc.c-torture/execute/20010114-2.c execution, -Os
FAIL: gcc.c-torture/execute/991014-1.c compilation, -O0
FAIL: gcc.c-torture/execute/991014-1.c compilation, -O1
FAIL: gcc.c-torture/execute/991014-1.c compilation, -O2
FAIL: gcc.c-torture/execute/991014-1.c compilation, -O3 -fomit-frame-pointer
FAIL: gcc.c-torture/execute/991014-1.c compilation, -O3 -g
FAIL: gcc.c-torture/execute/991014-1.c compilation, -Os
FAIL: gcc.c-torture/execute/divconst-2.c execution, -O1
FAIL: gcc.c-torture/execute/divconst-2.c execution, -O2
FAIL: gcc.c-torture/execute/divconst-2.c execution, -Os
XPASS: gcc.c-torture/execute/loop-2b.c execution, -O0
XPASS: gcc.c-torture/execute/loop-2b.c execution, -O1
XPASS: gcc.c-torture/execute/loop-2b.c execution, -O2
XPASS: gcc.c-torture/execute/loop-2b.c execution, -O3 -fomit-frame-pointer
XPASS: gcc.c-torture/execute/loop-2b.c execution, -O3 -fomit-frame-pointer -funroll-loops
XPASS: gcc.c-torture/execute/loop-2b.c execution, -O3 -fomit-frame-pointer -funroll-all-loops -finline-functions
XPASS: gcc.c-torture/execute/loop-2b.c execution, -O3 -g
XPASS: gcc.c-torture/execute/loop-2b.c execution, -Os
XPASS: gcc.c-torture/execute/memcheck/blkarg.c execution, -O0
XPASS: gcc.c-torture/execute/memcheck/blkarg.c execution, -O1
XPASS: gcc.c-torture/execute/memcheck/blkarg.c execution, -O2
XPASS: gcc.c-torture/execute/memcheck/blkarg.c execution, -Os
=== gcc Summary for unix/-mabi=64 ===
# of expected passes 15033
# of unexpected failures 12
# of unexpected successes 18
# of expected failures 106
# of unresolved testcases 6
# of unsupported tests 57
=== gcc Summary ===
# of expected passes 30080
# of unexpected failures 16
# of unexpected successes 36
# of expected failures 212
# of unresolved testcases 6
# of unsupported tests 114
/exd4/billingd/obj/gcc/gcc/xgcc version 3.0 20010524 (prerelease)
=== g77 tests ===
Running target unix
=== g77 Summary for unix ===
# of expected passes 933
# of unsupported tests 8
Running target unix/-mabi=64
=== g77 Summary for unix/-mabi=64 ===
# of expected passes 933
# of unsupported tests 8
=== g77 Summary ===
# of expected passes 1866
# of unsupported tests 16
=== g++ tests ===
Running target unix
FAIL: g++.ext/instantiate1.C not instantiated (test for errors, line 20)
FAIL: g++.ext/instantiate1.C not instantiated (test for errors, line 22)
XPASS: g++.jason/thunk3.C (test for excess errors)
XPASS: g++.jason/thunk3.C Execution test
XPASS: g++.oliva/delete3.C Execution test
XPASS: g++.other/crash27.C (test for excess errors)
=== g++ Summary for unix ===
# of expected passes 6418
# of unexpected failures 2
# of unexpected successes 4
# of expected failures 110
# of untested testcases 20
Running target unix/-mabi=64
FAIL: g++.dg/mangle1.C scan-assembler
FAIL: g++.ext/instantiate1.C not instantiated (test for errors, line 20)
FAIL: g++.ext/instantiate1.C not instantiated (test for errors, line 22)
XPASS: g++.jason/thunk3.C (test for excess errors)
XPASS: g++.jason/thunk3.C Execution test
XPASS: g++.oliva/delete3.C Execution test
XPASS: g++.other/crash27.C (test for excess errors)
=== g++ Summary for unix/-mabi=64 ===
# of expected passes 6417
# of unexpected failures 3
# of unexpected successes 4
# of expected failures 110
# of untested testcases 20
=== g++ Summary ===
# of expected passes 12835
# of unexpected failures 5
# of unexpected successes 8
# of expected failures 220
# of untested testcases 40
/exd4/billingd/obj/gcc/gcc/testsuite/../g++ version 3.0 20010524 (prerelease)
=== libstdc++-v3 tests ===
Running target unix
XPASS: 26_numerics/c99_classification_macros_c.cc (test for excess errors)
FAIL: 26_numerics/fabs_inline.cc (test for excess errors)
FAIL: 27_io/filebuf.cc (test for excess errors)
FAIL: 27_io/filebuf_virtuals.cc (test for excess errors)
FAIL: 27_io/ostream_inserter_arith.cc execution test
FAIL: 27_io/stringbuf_virtuals.cc (test for excess errors)
=== libstdc++-v3 Summary ===
# of expected passes 230
# of unexpected failures 5
# of unexpected successes 1
# of expected failures 7
=== libstdc++-v3 tests ===
Running target unix
XPASS: 26_numerics/c99_classification_macros_c.cc (test for excess errors)
FAIL: 26_numerics/fabs_inline.cc (test for excess errors)
FAIL: 27_io/filebuf.cc (test for excess errors)
FAIL: 27_io/filebuf_virtuals.cc (test for excess errors)
FAIL: 27_io/ostream_inserter_arith.cc execution test
FAIL: 27_io/stringbuf_virtuals.cc (test for excess errors)
=== libstdc++-v3 Summary ===
# of expected passes 230
# of unexpected failures 5
# of unexpected successes 1
# of expected failures 7
Compiler version: 3.0 20010524 (prerelease)
Platform: mips-sgi-irix6.5
configure flags: --host=mips-sgi-irix6.5 --enable-shared --enable-haifa --enable-pthreads --prefix=/exd4/billingd/tmp/gcc
Counting all warnings,
there are 117 warnings in stage3 of this bootstrap.
Number of warnings per file:
27 gcc/combine.c
11 gcc/config/mips/mips.c
10 gcc/config/mips/mips.md
6 gcc/gcc.c
6 gcc/cse.c
6 gcc/cp/pt.c
5 gcc/expr.c
5 gcc/cp/error.c
5 gcc/cp/call.c
4 gcc/reload1.c
4 gcc/java/lex.c
4 gcc/except.c
2 gcc/unwind-dw2.c
2 gcc/reload.c
2 gcc/function.c
2 gcc/fold-const.c
2 gcc/cp/lang-specs.h
2 gcc/alias.c
1 gcc/sched-deps.c
1 gcc/regmove.c
1 gcc/objc/lang-specs.h
1 gcc/java/jvspec.c
1 gcc/intl/dcgettext.c
1 gcc/f/lang-specs.h
1 gcc/flow.c
1 gcc/final.c
1 gcc/expmed.c
1 gcc/dwarf2out.c
1 gcc/cp/typeck2.c
1 gcc/cp/errfn.c
Number of warning types:
51 comparison between signed and unsigned
16 \`???' might be used uninitialized in this function
16 signed and unsigned type in conditional expression
11 string length \`???' is greater than the length \`???' ISO C89 compilers are required to support
6 operand 1 missing mode?
5 initialization from incompatible pointer type
4 passing arg ??? of \`???' from incompatible pointer type
4 operand 0 missing mode?
1 ??? format, ??? arg (arg ???)
1 suggest not using #elif in traditional C
1 pointer targets in passing arg ??? of \`???' differ in signedness
1 function declaration isn't a prototype
More information about the Gcc-testresults
mailing list