Results for 3.0 20010524 (prerelease) testsuite on i386-unknown-freebsd4.3
Mark Mitchell (admin)
mitchell@taygeta.dbai.tuwien.ac.at
Thu May 24 23:04:00 GMT 2001
Native configuration is i386-unknown-freebsd4.3
=== libstdc++-v3 tests ===
Running target unix
=== libstdc++-v3 Summary ===
=== gcc tests ===
Running target unix
XPASS: gcc.c-torture/execute/20010114-2.c execution, -O0
XPASS: gcc.c-torture/execute/20010114-2.c execution, -O3 -fomit-frame-pointer
XPASS: gcc.c-torture/execute/20010114-2.c execution, -O3 -g
XPASS: gcc.c-torture/execute/loop-2b.c execution, -O0
XPASS: gcc.c-torture/execute/loop-2b.c execution, -O1
XPASS: gcc.c-torture/execute/loop-2b.c execution, -O3 -fomit-frame-pointer
XPASS: gcc.c-torture/execute/loop-2b.c execution, -O3 -fomit-frame-pointer -funroll-loops
XPASS: gcc.c-torture/execute/loop-2b.c execution, -O3 -fomit-frame-pointer -funroll-all-loops -finline-functions
XPASS: gcc.c-torture/execute/loop-2b.c execution, -O3 -g
XPASS: gcc.c-torture/execute/loop-2b.c execution, -Os
XPASS: gcc.c-torture/execute/ieee/rbug.c execution, -O3 -fomit-frame-pointer
XPASS: gcc.c-torture/execute/ieee/rbug.c execution, -O3 -g
=== gcc Summary ===
# of expected passes 15125
# of unexpected successes 12
# of expected failures 95
# of unsupported tests 24
/files/mitchell/gcc_auto_build/gcc/i386-unknown-freebsd4.3/gcc/xgcc version 3.0 20010524 (prerelease)
=== g++ tests ===
Running target unix
FAIL: g++.ext/instantiate1.C not instantiated (test for errors, line 20)
XPASS: g++.oliva/delete3.C Execution test
XPASS: g++.other/crash27.C (test for excess errors)
=== g++ Summary ===
# of expected passes 6443
# of unexpected failures 1
# of unexpected successes 2
# of expected failures 102
# of untested testcases 15
/files/mitchell/gcc_auto_build/gcc/i386-unknown-freebsd4.3/gcc/testsuite/../g++ version 3.0 20010524 (prerelease)
=== g77 tests ===
Running target unix
=== g77 Summary ===
# of expected passes 933
# of unsupported tests 8
=== objc tests ===
Running target unix
=== objc Summary ===
# of expected passes 145
# of expected failures 1
/files/mitchell/gcc_auto_build/gcc/i386-unknown-freebsd4.3/gcc/xgcc version 3.0 20010524 (prerelease)
Compiler version: 3.0 20010524 (prerelease)
Platform: i386-unknown-freebsd4.3
configure flags: --host=i386-unknown-freebsd4.3 --prefix=/files/mitchell/gcc_auto_build/install/i386-unknown-freebsd4.3
More information about the Gcc-testresults
mailing list