Results for 3.1 20010522 (experimental) testsuite on i686-pc-cygwin
Billinghurst, David (CRTS)
David.Billinghurst@riotinto.com
Wed May 23 00:57:00 GMT 2001
cat <<'EOF' |
Native configuration is i686-pc-cygwin
=== g++ tests ===
Running target unix
FAIL: g++.dg/mangle1.C scan-assembler
FAIL: g++.dg/mangle1.C scan-assembler
FAIL: g++.dg/mangle1.C scan-assembler
FAIL: g++.dg/mangle1.C scan-assembler
FAIL: g++.dg/mangle1.C scan-assembler
FAIL: g++.dg/mangle1.C scan-assembler
FAIL: g++.dg/mangle1.C scan-assembler
FAIL: g++.dg/mangle1.C scan-assembler
FAIL: g++.dg/mangle1.C scan-assembler
FAIL: g++.dg/mangle1.C scan-assembler
FAIL: g++.dg/mangle1.C scan-assembler
FAIL: g++.dg/mangle1.C scan-assembler
FAIL: g++.dg/mangle1.C scan-assembler
FAIL: g++.dg/mangle1.C scan-assembler
FAIL: g++.dg/mangle1.C scan-assembler
XPASS: g++.dg/vtgc1.C (test for excess errors)
XPASS: g++.dg/vtgc1.C scan-assembler .vtable_inherit[ ]*vtable for
Multivv3, 0
XPASS: g++.dg/vtgc1.C scan-assembler .vtable_inherit[ ]*VTT for Multivv3,
0
XPASS: g++.dg/vtgc1.C scan-assembler .vtable_inherit[ ]*vtable for
Multiss2, vtable for Base2
XPASS: g++.dg/vtgc1.C scan-assembler .vtable_inherit[ ]*vtable for
Multivs1, vtable for Base2
XPASS: g++.dg/vtgc1.C scan-assembler .vtable_inherit[ ]*VTT for Multivs1,
vtable for Base2
XPASS: g++.dg/vtgc1.C scan-assembler .vtable_inherit[ ]*vtable for
Multisv0, vtable for Side0
XPASS: g++.dg/vtgc1.C scan-assembler .vtable_inherit[ ]*VTT for Multisv0,
vtable for Side0
XPASS: g++.dg/vtgc1.C scan-assembler .vtable_inherit[ ]*vtable for Side0,
0
XPASS: g++.dg/vtgc1.C scan-assembler .vtable_inherit[ ]*vtable for
VbasedA, 0
XPASS: g++.dg/vtgc1.C scan-assembler .vtable_inherit[ ]*VTT for VbasedA, 0
XPASS: g++.dg/vtgc1.C scan-assembler .vtable_inherit[ ]*vtable for Base2,
vtable for Base1
XPASS: g++.dg/vtgc1.C scan-assembler .vtable_inherit[ ]*vtable for Base1,
vtable for Base0
XPASS: g++.dg/vtgc1.C scan-assembler .vtable_inherit[ ]*vtable for Base0,
0
FAIL: conpr-1.C
FAIL: g++.dg/special/conpr-2.C (test for excess errors)
FAIL: g++.dg/special/conpr-3.C (test for excess errors)
FAIL: g++.dg/special/conpr-3.C (test for excess errors)
FAIL: initp1.C
=== g++ Summary ===
# of expected passes 11
# of unexpected failures 20
# of unexpected successes 14
/usr/local/obj/gcc-m/gcc/testsuite/../g++ version 3.1 20010522
(experimental)
=== g77 tests ===
Running target unix
=== g77 Summary ===
# of expected passes 983
=== gcc tests ===
Running target unix
FAIL: gcc.c-torture/execute/20010114-2.c execution, -O1
FAIL: gcc.c-torture/execute/20010114-2.c execution, -O2
FAIL: gcc.c-torture/execute/20010114-2.c execution, -Os
FAIL: gcc.c-torture/execute/loop-2b.c execution, -O2
FAIL: gcc.dg/asm-fs-1.c scan-assembler-not \\*_bar
FAIL: gcc.dg/asm-fs-1.c scan-assembler-not \\*_baz
=== gcc Summary ===
# of expected passes 15311
# of unexpected failures 6
# of expected failures 78
# of unsupported tests 26
/usr/local/obj/gcc-m/gcc/xgcc version 3.1 20010522 (experimental)
=== objc tests ===
Running target unix
FAIL: objc/execute/formal_protocol-6.m execution, -O
=== objc Summary ===
# of expected passes 145
# of unexpected failures 1
/usr/local/obj/gcc-m/gcc/xgcc version 3.1 20010522 (experimental)
Compiler version: 3.1 20010522 (experimental)
Platform: i686-pc-cygwin
configure flags: --host=i686-pc-cygwin --enable-threads=posix
--disable-libgcj
Counting all warnings,
there are 119 warnings in stage3 of this bootstrap.
Number of warnings per file:
27 gcc/combine.c
13 gcc/gcc.c
6 gcc/dwarf2out.c
6 gcc/cp/pt.c
5 gcc/except.c
5 gcc/cse.c
5 gcc/cp/error.c
5 gcc/cp/call.c
4 gcc/reg-stack.c
4 gcc/expr.c
3 gcc/reload1.c
3 gcc/cp/lang-specs.h
3 gcc/config/i386/i386.md
3 gcc/config/i386/i386.c
2 gcc/unwind-dw2.c
2 gcc/sdbout.c
2 gcc/reload.c
2 gcc/function.c
2 gcc/fold-const.c
2 gcc/flow.c
2 gcc/alias.c
1 insn-output.c
1 gcc/toplev.c
1 gcc/stringpool.c
1 gcc/simplify-rtx.c
1 gcc/sched-deps.c
1 gcc/regmove.c
1 gcc/objc/lang-specs.h
1 gcc/java/jvspec.c
1 gcc/final.c
1 gcc/f/lang-specs.h
1 gcc/expmed.c
1 gcc/cp/init.c
1 gcc/cp/errfn.c
Number of warning types:
54 comparison between signed and unsigned
16 \`???' might be used uninitialized in this function
9 string length \`???' is greater than the length \`???' ISO C89
compilers are required to support
6 signed and unsigned type in conditional expression
5 initialization from incompatible pointer type
4 unused variable \`???'
4 traditional C rejects string concatenation
4 ??? format, ??? arg (arg ???)
2 suggest parentheses around assignment used as truth value
2 function declaration isn't a prototype
2 destination missing a mode?
2 assignment of read-only location
2 \`???' defined but not used
2 \`???' declared \`static' but never defined
1 pointer targets in passing arg ??? of \`???' differ in signedness
1 operand 0 missing mode?
1 implicit declaration of function \`???'
1 control reaches end of non-void function
1 assignment discards qualifiers from pointer target type
More information about the Gcc-testresults
mailing list