Results for 3.1 20010519 (experimental) testsuite on powerpc-unknown-linux-gnu
Franz Sirl
fsirl@entropy.crashing.org
Sat May 19 08:34:00 GMT 2001
Environment:
binutils-2.11.90.0.7
glibc-2.2.3
linux-2.4.3
Local modifications:
- default to DWARF2_DEBUG in rs6000/sysv4.h
- reject hard regs in CSE for constant replacement
- fix ObjC vs. shared libgcc
Native configuration is powerpc-unknown-linux-gnu
=== libstdc++-v3 tests ===
Running target unix/-O2
FAIL: 21_strings/c_strings.cc (test for excess errors)
FAIL: 22_locale/codecvt_unicode_char.cc execution test
FAIL: 22_locale/codecvt_unicode_wchar_t.cc execution test
=== libstdc++-v3 Summary for unix/-O2 ===
# of expected passes 223
# of unexpected failures 3
# of expected failures 8
Running target unix/-fpic
FAIL: 21_strings/c_strings.cc (test for excess errors)
FAIL: 21_strings/ctor_copy_dtor.cc execution test
FAIL: 21_strings/element_access.cc execution test
FAIL: 21_strings/insert.cc execution test
FAIL: 22_locale/codecvt_unicode_char.cc execution test
FAIL: 22_locale/codecvt_unicode_wchar_t.cc execution test
FAIL: 27_io/fpos.cc execution test
FAIL: 27_io/ios_members.cc execution test
FAIL: 27_io/istream_seeks.cc execution test
=== libstdc++-v3 Summary for unix/-fpic ===
# of expected passes 217
# of unexpected failures 9
# of expected failures 8
Running target unix/-fPIC
FAIL: 21_strings/append.cc execution test
FAIL: 21_strings/c_strings.cc (test for excess errors)
FAIL: 21_strings/ctor_copy_dtor.cc execution test
FAIL: 21_strings/insert.cc execution test
FAIL: 22_locale/codecvt_unicode_char.cc execution test
FAIL: 22_locale/codecvt_unicode_wchar_t.cc execution test
FAIL: 27_io/fpos.cc execution test
FAIL: 27_io/ios_members.cc execution test
FAIL: 27_io/istream_seeks.cc execution test
=== libstdc++-v3 Summary for unix/-fPIC ===
# of expected passes 217
# of unexpected failures 9
# of expected failures 8
Running target unix
FAIL: 21_strings/c_strings.cc (test for excess errors)
FAIL: 21_strings/ctor_copy_dtor.cc execution test
FAIL: 21_strings/element_access.cc execution test
FAIL: 21_strings/insert.cc execution test
FAIL: 22_locale/codecvt_unicode_char.cc execution test
FAIL: 22_locale/codecvt_unicode_wchar_t.cc execution test
FAIL: 27_io/fpos.cc execution test
FAIL: 27_io/ios_members.cc execution test
FAIL: 27_io/istream_seeks.cc execution test
=== libstdc++-v3 Summary for unix ===
# of expected passes 217
# of unexpected failures 9
# of expected failures 8
=== libstdc++-v3 Summary ===
# of expected passes 874
# of unexpected failures 30
# of expected failures 32
=== gcc tests ===
Running target unix/-O2
FAIL: gcc.c-torture/execute/20000801-4.c compilation, -O0
FAIL: gcc.c-torture/execute/20000801-4.c compilation, -O1
FAIL: gcc.c-torture/execute/20000801-4.c compilation, -O2
FAIL: gcc.c-torture/execute/20000801-4.c compilation, -O3 -fomit-frame-pointer
FAIL: gcc.c-torture/execute/20000801-4.c compilation, -O3 -g
FAIL: gcc.c-torture/execute/20000801-4.c compilation, -Os
FAIL: gcc.c-torture/execute/920721-4.c compilation, -O3 -g
FAIL: gcc.c-torture/execute/931102-1.c compilation, -O0
FAIL: gcc.c-torture/execute/931102-1.c compilation, -O1
FAIL: gcc.c-torture/execute/931102-1.c compilation, -O2
FAIL: gcc.c-torture/execute/931102-1.c compilation, -O3 -fomit-frame-pointer
FAIL: gcc.c-torture/execute/931102-1.c compilation, -O3 -fomit-frame-pointer -funroll-loops
FAIL: gcc.c-torture/execute/931102-1.c compilation, -O3 -fomit-frame-pointer -funroll-all-loops -finline-functions
FAIL: gcc.c-torture/execute/931102-1.c compilation, -O3 -g
FAIL: gcc.c-torture/execute/931102-1.c compilation, -Os
=== gcc Summary for unix/-O2 ===
# of expected passes 15226
# of unexpected failures 15
# of expected failures 78
# of unresolved testcases 15
# of unsupported tests 47
Running target unix/-fpic
FAIL: gcc.c-torture/execute/931102-1.c compilation, -O1
FAIL: gcc.c-torture/execute/931102-1.c compilation, -O2
FAIL: gcc.c-torture/execute/931102-1.c compilation, -O3 -fomit-frame-pointer
FAIL: gcc.c-torture/execute/931102-1.c compilation, -O3 -fomit-frame-pointer -funroll-loops
FAIL: gcc.c-torture/execute/931102-1.c compilation, -O3 -fomit-frame-pointer -funroll-all-loops -finline-functions
FAIL: gcc.c-torture/execute/931102-1.c compilation, -O3 -g
FAIL: gcc.c-torture/execute/931102-1.c compilation, -Os
=== gcc Summary for unix/-fpic ===
# of expected passes 15242
# of unexpected failures 7
# of expected failures 78
# of unresolved testcases 7
# of unsupported tests 47
Running target unix/-fPIC
FAIL: gcc.c-torture/execute/931102-1.c compilation, -O1
FAIL: gcc.c-torture/execute/931102-1.c compilation, -O2
FAIL: gcc.c-torture/execute/931102-1.c compilation, -O3 -fomit-frame-pointer
FAIL: gcc.c-torture/execute/931102-1.c compilation, -O3 -fomit-frame-pointer -funroll-loops
FAIL: gcc.c-torture/execute/931102-1.c compilation, -O3 -fomit-frame-pointer -funroll-all-loops -finline-functions
FAIL: gcc.c-torture/execute/931102-1.c compilation, -O3 -g
FAIL: gcc.c-torture/execute/931102-1.c compilation, -Os
=== gcc Summary for unix/-fPIC ===
# of expected passes 15242
# of unexpected failures 7
# of expected failures 78
# of unresolved testcases 7
# of unsupported tests 47
Running target unix
FAIL: gcc.c-torture/execute/20000801-4.c compilation, -O1
FAIL: gcc.c-torture/execute/20000801-4.c compilation, -O2
FAIL: gcc.c-torture/execute/20000801-4.c compilation, -O3 -fomit-frame-pointer
FAIL: gcc.c-torture/execute/20000801-4.c compilation, -O3 -g
FAIL: gcc.c-torture/execute/20000801-4.c compilation, -Os
FAIL: gcc.c-torture/execute/931102-1.c compilation, -O1
FAIL: gcc.c-torture/execute/931102-1.c compilation, -O2
FAIL: gcc.c-torture/execute/931102-1.c compilation, -O3 -fomit-frame-pointer
FAIL: gcc.c-torture/execute/931102-1.c compilation, -O3 -fomit-frame-pointer -funroll-loops
FAIL: gcc.c-torture/execute/931102-1.c compilation, -O3 -fomit-frame-pointer -funroll-all-loops -finline-functions
FAIL: gcc.c-torture/execute/931102-1.c compilation, -O3 -g
FAIL: gcc.c-torture/execute/931102-1.c compilation, -Os
=== gcc Summary for unix ===
# of expected passes 15232
# of unexpected failures 12
# of expected failures 78
# of unresolved testcases 12
# of unsupported tests 47
=== gcc Summary ===
# of expected passes 60942
# of unexpected failures 41
# of expected failures 312
# of unresolved testcases 41
# of unsupported tests 188
/home/fsirl/obj/gccm/gcc/xgcc version 3.1 20010519 (experimental)
=== g++ tests ===
Running target unix/-O2
FAIL: g++.abi/vtable2.C Execution test
XPASS: g++.other/crash27.C (test for excess errors)
FAIL: g++.pt/crash67.C caused compiler crash
=== g++ Summary for unix/-O2 ===
# of expected passes 6460
# of unexpected failures 2
# of unexpected successes 1
# of expected failures 101
# of untested testcases 20
Running target unix/-fpic
FAIL: g++.mike/eh36.C (test for excess errors)
FAIL: g++.mike/eh38.C (test for excess errors)
XPASS: g++.other/crash27.C (test for excess errors)
FAIL: g++.pt/crash67.C caused compiler crash
=== g++ Summary for unix/-fpic ===
# of expected passes 6457
# of unexpected failures 3
# of unexpected successes 1
# of expected failures 103
# of untested testcases 20
Running target unix/-fPIC
FAIL: g++.ext/instantiate2.C not instantiated (test for errors, line 19)
FAIL: g++.ext/instantiate2.C (test for bogus messages, line 17)
FAIL: g++.ext/instantiate3.C not instantiated (test for errors, line 13)
FAIL: g++.mike/eh36.C (test for excess errors)
FAIL: g++.mike/eh38.C (test for excess errors)
XPASS: g++.other/crash27.C (test for excess errors)
FAIL: g++.pt/crash67.C caused compiler crash
=== g++ Summary for unix/-fPIC ===
# of expected passes 6454
# of unexpected failures 6
# of unexpected successes 1
# of expected failures 103
# of untested testcases 20
Running target unix
XPASS: g++.other/crash27.C (test for excess errors)
FAIL: g++.pt/crash67.C caused compiler crash
=== g++ Summary for unix ===
# of expected passes 6461
# of unexpected failures 1
# of unexpected successes 1
# of expected failures 101
# of untested testcases 20
=== g++ Summary ===
# of expected passes 25832
# of unexpected failures 12
# of unexpected successes 4
# of expected failures 408
# of untested testcases 80
/home/fsirl/obj/gccm/gcc/testsuite/../g++ version 3.1 20010519 (experimental)
=== g77 tests ===
Running target unix/-O2
FAIL: g77.f-torture/execute/20010430.f execution, -O0
FAIL: g77.f-torture/execute/20010430.f execution, -O1
FAIL: g77.f-torture/execute/20010430.f execution, -O2
FAIL: g77.f-torture/execute/20010430.f execution, -O3 -fomit-frame-pointer
FAIL: g77.f-torture/execute/20010430.f execution, -O3 -fomit-frame-pointer -funroll-loops
FAIL: g77.f-torture/execute/20010430.f execution, -O3 -fomit-frame-pointer -funroll-all-loops -finline-functions
FAIL: g77.f-torture/execute/20010430.f execution, -O3 -g
FAIL: g77.f-torture/execute/20010430.f execution, -Os
=== g77 Summary for unix/-O2 ===
# of expected passes 951
# of unexpected failures 8
# of unsupported tests 8
Running target unix/-fpic
FAIL: g77.f-torture/compile/20000511-2.f, -O3 -g
FAIL: g77.f-torture/compile/20000629-1.f, -O3 -g
FAIL: g77.f-torture/execute/20010430.f execution, -O2
FAIL: g77.f-torture/execute/20010430.f execution, -O3 -fomit-frame-pointer
FAIL: g77.f-torture/execute/20010430.f execution, -O3 -fomit-frame-pointer -funroll-loops
FAIL: g77.f-torture/execute/20010430.f execution, -O3 -fomit-frame-pointer -funroll-all-loops -finline-functions
FAIL: g77.f-torture/execute/20010430.f execution, -O3 -g
=== g77 Summary for unix/-fpic ===
# of expected passes 952
# of unexpected failures 7
# of unsupported tests 8
Running target unix/-fPIC
FAIL: g77.f-torture/compile/20000511-2.f, -O3 -g
FAIL: g77.f-torture/compile/20000629-1.f, -O3 -g
FAIL: g77.f-torture/execute/20010430.f execution, -O2
FAIL: g77.f-torture/execute/20010430.f execution, -O3 -fomit-frame-pointer
FAIL: g77.f-torture/execute/20010430.f execution, -O3 -fomit-frame-pointer -funroll-loops
FAIL: g77.f-torture/execute/20010430.f execution, -O3 -fomit-frame-pointer -funroll-all-loops -finline-functions
FAIL: g77.f-torture/execute/20010430.f execution, -O3 -g
=== g77 Summary for unix/-fPIC ===
# of expected passes 952
# of unexpected failures 7
# of unsupported tests 8
Running target unix
FAIL: g77.f-torture/compile/20000511-2.f, -O3 -g
FAIL: g77.f-torture/compile/20000629-1.f, -O3 -g
FAIL: g77.f-torture/execute/20010430.f execution, -O2
FAIL: g77.f-torture/execute/20010430.f execution, -O3 -fomit-frame-pointer
FAIL: g77.f-torture/execute/20010430.f execution, -O3 -fomit-frame-pointer -funroll-loops
FAIL: g77.f-torture/execute/20010430.f execution, -O3 -fomit-frame-pointer -funroll-all-loops -finline-functions
FAIL: g77.f-torture/execute/20010430.f execution, -O3 -g
=== g77 Summary for unix ===
# of expected passes 952
# of unexpected failures 7
# of unsupported tests 8
=== g77 Summary ===
# of expected passes 3807
# of unexpected failures 29
# of unsupported tests 32
=== objc tests ===
Running target unix/-O2
FAIL: objc/execute/formal_protocol-6.m execution, -O
=== objc Summary for unix/-O2 ===
# of expected passes 145
# of unexpected failures 1
Running target unix/-fpic
FAIL: objc/execute/formal_protocol-6.m execution, -O
=== objc Summary for unix/-fpic ===
# of expected passes 145
# of unexpected failures 1
Running target unix/-fPIC
FAIL: objc/execute/formal_protocol-6.m execution, -O
=== objc Summary for unix/-fPIC ===
# of expected passes 145
# of unexpected failures 1
Running target unix
FAIL: objc/execute/formal_protocol-6.m execution, -O
=== objc Summary for unix ===
# of expected passes 145
# of unexpected failures 1
=== objc Summary ===
# of expected passes 580
# of unexpected failures 4
/home/fsirl/obj/gccm/gcc/xgcc version 3.1 20010519 (experimental)
Compiler version: 3.1 20010519 (experimental)
Platform: powerpc-unknown-linux-gnu
configure flags: --host=ppc-linux --prefix=/home/fsirl/gnubin --enable-shared --enable-threads --enable-languages=c,c++,g77,f77,objc --enable-checking=gc,misc,tree
More information about the Gcc-testresults
mailing list