Results for 3.1 20010517 (experimental) testsuite on mips-sgi-irix6.5
Billinghurst, David (CRTS)
David.Billinghurst@riotinto.com
Thu May 17 23:26:00 GMT 2001
Native configuration is mips-sgi-irix6.5
=== objc tests ===
Running target unix
FAIL: objc/execute/class-2.m execution, -O
FAIL: objc/execute/formal_protocol-6.m execution, -O
=== objc Summary for unix ===
# of expected passes 144
# of unexpected failures 2
Running target unix/-mabi=64
FAIL: objc/execute/bycopy-3.m execution, -O
FAIL: objc/execute/formal_protocol-5.m execution, -O
FAIL: objc/execute/formal_protocol-6.m execution, -O
=== objc Summary for unix/-mabi=64 ===
# of expected passes 143
# of unexpected failures 3
=== objc Summary ===
# of expected passes 287
# of unexpected failures 5
/exd4/billingd/obj/gcc-mainline/gcc/xgcc version 3.1 20010517 (experimental)
=== gcc tests ===
Running target unix
FAIL: gcc.c-torture/compile/20001226-1.c, -O2
FAIL: gcc.c-torture/compile/20001226-1.c, -O3 -fomit-frame-pointer
FAIL: gcc.c-torture/compile/20001226-1.c, -O3 -g
FAIL: gcc.c-torture/compile/20001226-1.c, -Os
FAIL: gcc.c-torture/execute/20001009-1.c compilation, -O1
FAIL: gcc.c-torture/execute/20001009-1.c compilation, -O2
FAIL: gcc.c-torture/execute/20001009-1.c compilation, -O3
-fomit-frame-pointer
FAIL: gcc.c-torture/execute/20001009-1.c compilation, -O3 -g
FAIL: gcc.c-torture/execute/20001009-1.c compilation, -Os
FAIL: gcc.c-torture/execute/20010122-1.c execution, -O0
FAIL: gcc.c-torture/execute/20010122-1.c execution, -O1
FAIL: gcc.c-torture/execute/20010122-1.c execution, -O2
FAIL: gcc.c-torture/execute/20010122-1.c execution, -O3
-fomit-frame-pointer
FAIL: gcc.c-torture/execute/20010122-1.c execution, -O3
-fomit-frame-pointer -funroll-loops
FAIL: gcc.c-torture/execute/20010122-1.c execution, -O3
-fomit-frame-pointer -funroll-all-loops -finline-functions
FAIL: gcc.c-torture/execute/20010122-1.c execution, -O3 -g
FAIL: gcc.c-torture/execute/20010122-1.c execution, -Os
FAIL: gcc.c-torture/execute/packed-1.c compilation, -O2
FAIL: gcc.c-torture/execute/packed-1.c compilation, -O3
-fomit-frame-pointer
FAIL: gcc.c-torture/execute/packed-1.c compilation, -O3 -g
FAIL: gcc.c-torture/execute/packed-1.c compilation, -Os
XPASS: gcc.c-torture/execute/memcheck/blkarg.c execution, -O0
XPASS: gcc.c-torture/execute/memcheck/blkarg.c execution, -O1
XPASS: gcc.c-torture/execute/memcheck/blkarg.c execution, -O2
XPASS: gcc.c-torture/execute/memcheck/blkarg.c execution, -Os
=== gcc Summary for unix ===
# of expected passes 15176
# of unexpected failures 21
# of unexpected successes 4
# of expected failures 95
# of unresolved testcases 9
# of unsupported tests 57
Running target unix/-mabi=64
FAIL: gcc.c-torture/compile/20001226-1.c, -O2
FAIL: gcc.c-torture/compile/20001226-1.c, -O3 -fomit-frame-pointer
FAIL: gcc.c-torture/compile/20001226-1.c, -O3 -g
FAIL: gcc.c-torture/compile/20001226-1.c, -Os
FAIL: gcc.c-torture/execute/20001009-1.c compilation, -O1
FAIL: gcc.c-torture/execute/20001009-1.c compilation, -O2
FAIL: gcc.c-torture/execute/20001009-1.c compilation, -O3
-fomit-frame-pointer
FAIL: gcc.c-torture/execute/20001009-1.c compilation, -O3 -g
FAIL: gcc.c-torture/execute/20001009-1.c compilation, -Os
FAIL: gcc.c-torture/execute/20010122-1.c execution, -O0
FAIL: gcc.c-torture/execute/20010122-1.c execution, -O1
FAIL: gcc.c-torture/execute/20010122-1.c execution, -O2
FAIL: gcc.c-torture/execute/20010122-1.c execution, -O3
-fomit-frame-pointer
FAIL: gcc.c-torture/execute/20010122-1.c execution, -O3
-fomit-frame-pointer -funroll-loops
FAIL: gcc.c-torture/execute/20010122-1.c execution, -O3
-fomit-frame-pointer -funroll-all-loops -finline-functions
FAIL: gcc.c-torture/execute/20010122-1.c execution, -O3 -g
FAIL: gcc.c-torture/execute/20010122-1.c execution, -Os
FAIL: gcc.c-torture/execute/packed-1.c compilation, -O2
FAIL: gcc.c-torture/execute/packed-1.c compilation, -O3
-fomit-frame-pointer
FAIL: gcc.c-torture/execute/packed-1.c compilation, -O3 -g
FAIL: gcc.c-torture/execute/packed-1.c compilation, -Os
XPASS: gcc.c-torture/execute/memcheck/blkarg.c execution, -O0
XPASS: gcc.c-torture/execute/memcheck/blkarg.c execution, -O1
XPASS: gcc.c-torture/execute/memcheck/blkarg.c execution, -O2
XPASS: gcc.c-torture/execute/memcheck/blkarg.c execution, -Os
FAIL: linkage.c
=== gcc Summary for unix/-mabi=64 ===
# of expected passes 15175
# of unexpected failures 22
# of unexpected successes 4
# of expected failures 95
# of unresolved testcases 9
# of unsupported tests 57
=== gcc Summary ===
# of expected passes 30351
# of unexpected failures 43
# of unexpected successes 8
# of expected failures 190
# of unresolved testcases 18
# of unsupported tests 114
/exd4/billingd/obj/gcc-mainline/gcc/xgcc version 3.1 20010517 (experimental)
=== g77 tests ===
Running target unix
FAIL: g77.f-torture/compile/20000511-2.f, -O3 -g
FAIL: g77.f-torture/compile/20000629-1.f, -O3 -g
FAIL: g77.f-torture/execute/19981119-0.f compilation, -O3 -g
FAIL: g77.f-torture/execute/20010430.f execution, -O2
FAIL: g77.f-torture/execute/20010430.f execution, -O3 -fomit-frame-pointer
FAIL: g77.f-torture/execute/20010430.f execution, -O3 -fomit-frame-pointer
-funroll-loops
FAIL: g77.f-torture/execute/20010430.f execution, -O3 -fomit-frame-pointer
-funroll-all-loops -finline-functions
FAIL: g77.f-torture/execute/20010430.f execution, -O3 -g
=== g77 Summary for unix ===
# of expected passes 950
# of unexpected failures 8
# of untested testcases 1
# of unsupported tests 8
Running target unix/-mabi=64
FAIL: g77.f-torture/compile/20000511-2.f, -O0
FAIL: g77.f-torture/compile/20000511-2.f, -O1
FAIL: g77.f-torture/compile/20000511-2.f, -O2
FAIL: g77.f-torture/compile/20000511-2.f, -O3 -fomit-frame-pointer
FAIL: g77.f-torture/compile/20000511-2.f, -O3 -fomit-frame-pointer
-funroll-loops
FAIL: g77.f-torture/compile/20000511-2.f, -O3 -fomit-frame-pointer
-funroll-all-loops -finline-functions
FAIL: g77.f-torture/compile/20000511-2.f, -O3 -g
FAIL: g77.f-torture/compile/20000511-2.f, -Os
FAIL: g77.f-torture/compile/20000629-1.f, -O3 -g
FAIL: g77.f-torture/compile/980310-3.f, -O0
FAIL: g77.f-torture/compile/980310-3.f, -O1
FAIL: g77.f-torture/compile/980310-3.f, -O2
FAIL: g77.f-torture/compile/980310-3.f, -O3 -fomit-frame-pointer
FAIL: g77.f-torture/compile/980310-3.f, -O3 -fomit-frame-pointer
-funroll-loops
FAIL: g77.f-torture/compile/980310-3.f, -O3 -fomit-frame-pointer
-funroll-all-loops -finline-functions
FAIL: g77.f-torture/compile/980310-3.f, -O3 -g
FAIL: g77.f-torture/compile/980310-3.f, -Os
FAIL: g77.f-torture/compile/19990905-2.f, -O0
FAIL: g77.f-torture/compile/19990905-2.f, -O1
FAIL: g77.f-torture/compile/19990905-2.f, -O2
FAIL: g77.f-torture/compile/19990905-2.f, -O3 -fomit-frame-pointer
FAIL: g77.f-torture/compile/19990905-2.f, -O3 -g
FAIL: g77.f-torture/compile/19990905-2.f, -Os
FAIL: g77.f-torture/compile/19990905-0.f, -O0
FAIL: g77.f-torture/compile/19990905-0.f, -O1
FAIL: g77.f-torture/compile/19990905-0.f, -O2
FAIL: g77.f-torture/compile/19990905-0.f, -O3 -fomit-frame-pointer
FAIL: g77.f-torture/compile/19990905-0.f, -O3 -g
FAIL: g77.f-torture/compile/19990905-0.f, -Os
FAIL: g77.f-torture/execute/19981119-0.f compilation, -O0
FAIL: g77.f-torture/execute/19981119-0.f compilation, -O1
FAIL: g77.f-torture/execute/19981119-0.f compilation, -O2
FAIL: g77.f-torture/execute/19981119-0.f compilation, -O3
-fomit-frame-pointer
FAIL: g77.f-torture/execute/19981119-0.f compilation, -O3 -g
FAIL: g77.f-torture/execute/19981119-0.f compilation, -Os
FAIL: g77.f-torture/execute/20010116.f compilation, -O0
FAIL: g77.f-torture/execute/20010116.f compilation, -O1
FAIL: g77.f-torture/execute/20010116.f compilation, -O2
FAIL: g77.f-torture/execute/20010116.f compilation, -O3
-fomit-frame-pointer
FAIL: g77.f-torture/execute/20010116.f compilation, -O3
-fomit-frame-pointer -funroll-loops
FAIL: g77.f-torture/execute/20010116.f compilation, -O3
-fomit-frame-pointer -funroll-all-loops -finline-functions
FAIL: g77.f-torture/execute/20010116.f compilation, -O3 -g
FAIL: g77.f-torture/execute/20010116.f compilation, -Os
FAIL: g77.f-torture/execute/20010430.f execution, -O2
FAIL: g77.f-torture/execute/20010430.f execution, -O3 -fomit-frame-pointer
FAIL: g77.f-torture/execute/20010430.f execution, -O3 -fomit-frame-pointer
-funroll-loops
FAIL: g77.f-torture/execute/20010430.f execution, -O3 -fomit-frame-pointer
-funroll-all-loops -finline-functions
FAIL: g77.f-torture/execute/20010430.f execution, -O3 -g
FAIL: g77.f-torture/execute/labug1.f compilation, -O2
FAIL: g77.f-torture/execute/labug1.f compilation, -O3 -fomit-frame-pointer
FAIL: g77.f-torture/execute/labug1.f compilation, -O3 -fomit-frame-pointer
-funroll-loops
FAIL: g77.f-torture/execute/labug1.f compilation, -O3 -fomit-frame-pointer
-funroll-all-loops -finline-functions
FAIL: g77.f-torture/execute/labug1.f compilation, -O3 -g
=== g77 Summary for unix/-mabi=64 ===
# of expected passes 887
# of unexpected failures 53
# of untested testcases 19
# of unsupported tests 8
=== g77 Summary ===
# of expected passes 1837
# of unexpected failures 61
# of untested testcases 20
# of unsupported tests 16
=== g++ tests ===
Running target unix
FAIL: g++.ext/instantiate1.C not instantiated (test for errors, line 20)
FAIL: g++.ext/instantiate1.C not instantiated (test for errors, line 22)
FAIL: g++.jason/member.C foo().* (test for errors, line 33)
FAIL: g++.jason/member.C foo().* (test for errors, line 34)
FAIL: g++.jason/member.C (test for excess errors)
XPASS: g++.jason/thunk3.C (test for excess errors)
XPASS: g++.jason/thunk3.C Execution test
FAIL: g++.mike/net20.C caused compiler crash
XPASS: g++.other/crash27.C (test for excess errors)
=== g++ Summary for unix ===
# of expected passes 6438
# of unexpected failures 6
# of unexpected successes 3
# of expected failures 110
# of untested testcases 20
Running target unix/-mabi=64
FAIL: g++.abi/cxa_vec.C Execution test
FAIL: g++.abi/vbase1.C Execution test
FAIL: g++.abi/vtable3a.C Execution test
FAIL: g++.abi/vtable3b.C Execution test
FAIL: g++.abi/vtable3c.C Execution test
FAIL: g++.abi/vtable3d.C Execution test
FAIL: g++.abi/vtable3e.C Execution test
FAIL: g++.abi/vtable3f.C Execution test
FAIL: g++.abi/vtable3g.C Execution test
FAIL: g++.abi/vtable3h.C Execution test
FAIL: g++.abi/vtable3i.C Execution test
FAIL: g++.abi/vtable3j.C Execution test
FAIL: g++.benjamin/15071.C Execution test
FAIL: g++.brendan/copy9.C Execution test
FAIL: g++.brendan/dtors3.C Execution test
FAIL: g++.brendan/eh1.C Execution test
FAIL: g++.brendan/nest21.C Execution test
FAIL: g++.brendan/ptolemy2.C Execution test
FAIL: g++.eh/badalloc1.C Execution test
FAIL: g++.eh/catch11.C Execution test
FAIL: g++.eh/catch12.C Execution test
FAIL: g++.eh/catch3.C Execution test
FAIL: g++.eh/catch3p.C Execution test
FAIL: g++.eh/catch4.C Execution test
FAIL: g++.eh/catch4p.C Execution test
FAIL: g++.eh/catch5.C Execution test
FAIL: g++.eh/catch5p.C Execution test
FAIL: g++.eh/catch6.C Execution test
FAIL: g++.eh/catch6p.C Execution test
FAIL: g++.eh/catch7.C Execution test
FAIL: g++.eh/catch7p.C Execution test
FAIL: g++.eh/catch8.C Execution test
FAIL: g++.eh/catch8p.C Execution test
FAIL: g++.eh/catch9.C Execution test
FAIL: g++.eh/catch9p.C Execution test
FAIL: g++.eh/fntry1.C Execution test
FAIL: g++.eh/inline2.C Execution test
FAIL: g++.eh/spec2.C Execution test
FAIL: g++.eh/spec3.C Execution test
FAIL: g++.eh/spec4.C Execution test
FAIL: g++.eh/terminate1.C Execution test
FAIL: g++.eh/terminate2.C Execution test
FAIL: g++.eh/vbase1.C Execution test
FAIL: g++.eh/vbase2.C Execution test
FAIL: g++.ext/instantiate1.C not instantiated (test for errors, line 20)
FAIL: g++.ext/instantiate1.C not instantiated (test for errors, line 22)
FAIL: g++.jason/2371.C Execution test
FAIL: g++.jason/member.C foo().* (test for errors, line 33)
FAIL: g++.jason/member.C foo().* (test for errors, line 34)
FAIL: g++.jason/member.C (test for excess errors)
FAIL: g++.jason/template24.C Execution test
FAIL: g++.jason/template31.C Execution test
FAIL: g++.jason/temporary4.C Execution test
XPASS: g++.jason/thunk3.C (test for excess errors)
XPASS: g++.jason/thunk3.C Execution test
FAIL: g++.jason/typeid1.C Execution test
FAIL: g++.law/arg8.C Execution test
FAIL: g++.law/code-gen2.C Execution test
FAIL: g++.law/code-gen5.C Execution test
FAIL: g++.law/copy1.C Execution test
FAIL: g++.law/ctors12.C Execution test
FAIL: g++.law/cvt2.C Execution test
FAIL: g++.law/temps5.C Execution test
FAIL: g++.law/virtual3.C Execution test
FAIL: g++.martin/new1.C Execution test
FAIL: g++.mike/align1.C Execution test
FAIL: g++.mike/eh2.C Execution test
FAIL: g++.mike/eh23.C Execution test
FAIL: g++.mike/eh25.C Execution test
FAIL: g++.mike/eh33.C Execution test
FAIL: g++.mike/eh34.C Execution test
FAIL: g++.mike/eh41.C Execution test
FAIL: g++.mike/eh47.C Execution test
FAIL: g++.mike/eh50.C Execution test
FAIL: g++.mike/eh51.C Execution test
FAIL: g++.mike/eh55.C Execution test
FAIL: g++.mike/leak1.C Execution test
FAIL: g++.mike/mi2.C Execution test
FAIL: g++.mike/net20.C caused compiler crash
FAIL: g++.mike/net34.C Execution test
FAIL: g++.mike/net46.C Execution test
FAIL: g++.mike/p16146.C Execution test
FAIL: g++.mike/p2846.C Execution test
FAIL: g++.mike/p3139.C Execution test
FAIL: g++.mike/p4246.C Execution test
FAIL: g++.mike/p658.C Execution test
FAIL: g++.mike/p6610a.C Execution test
FAIL: g++.mike/p6610b.C Execution test
FAIL: g++.mike/p9732a.C Execution test
FAIL: g++.mike/pmf2.C Execution test
FAIL: g++.mike/virt5.C Execution test
FAIL: g++.oliva/new1.C Execution test
XPASS: g++.other/crash27.C (test for excess errors)
FAIL: g++.other/headers1.C Execution test
FAIL: g++.other/init7.C Execution test
FAIL: g++.other/inline7.C Execution test
FAIL: g++.other/inline8.C Execution test
FAIL: g++.other/loop1.C Execution test
FAIL: g++.other/sibcall1.C Execution test
FAIL: g++.other/vbase2.C Execution test
FAIL: g++.pt/ttp19.C Execution test
FAIL: g++.pt/ttp40.C Execution test
FAIL: g++.robertl/eb115.C Execution test
FAIL: g++.robertl/eb118.C Execution test
FAIL: g++.robertl/eb21.C Execution test
FAIL: g++.robertl/eb27.C Execution test
FAIL: g++.robertl/eb31.C Execution test
FAIL: g++.robertl/eb41.C Execution test
FAIL: g++.robertl/eb46.C Execution test
FAIL: g++.robertl/eb54.C Execution test
FAIL: g++.robertl/eb66.C Execution test
FAIL: g++.robertl/eb73.C Execution test
FAIL: g++.robertl/eb77.C Execution test
FAIL: g++.robertl/eh990323-2.C Execution test
FAIL: g++.robertl/eh990323-4.C Execution test
FAIL: g++.robertl/ice990323-2.C Execution test
=== g++ Summary for unix/-mabi=64 ===
# of expected passes 6331
# of unexpected failures 113
# of unexpected successes 3
# of expected failures 110
# of untested testcases 20
=== g++ Summary ===
# of expected passes 12769
# of unexpected failures 119
# of unexpected successes 6
# of expected failures 220
# of untested testcases 40
/exd4/billingd/obj/gcc-mainline/gcc/testsuite/../g++ version 3.1 20010517
(experimental)
=== libstdc++-v3 tests ===
Running target unix
FAIL: 21_strings/c_strings.cc (test for excess errors)
XPASS: 26_numerics/c99_classification_macros_c.cc (test for excess errors)
FAIL: 27_io/ostream_inserter_arith.cc execution test
=== libstdc++-v3 Summary ===
# of expected passes 222
# of unexpected failures 2
# of unexpected successes 1
# of expected failures 7
Compiler version: 3.1 20010517 (experimental)
Platform: mips-sgi-irix6.5
configure flags: --host=mips-sgi-irix6.5 --enable-shared --enable-haifa
--enable-pthreads --prefix=/exd4/billingd/tmp/gcc-mainline
Counting all warnings,
there are 108 warnings in stage3 of this bootstrap.
Number of warnings per file:
10 gcc/config/mips/mips.md
9 gcc/config/mips/mips.c
8 gcc/except.c
7 gcc/cp/decl.c
6 gcc/unwind-sjlj.c
6 gcc/gcc.c
6 gcc/expr.c
6 gcc/cp/pt.c
5 gcc/cp/tree.c
5 gcc/cp/error.c
4 gcc/reload1.c
4 gcc/java/lex.c
4 gcc/cp/call.c
3 gcc/varasm.c
2 gcc/unwind.inc
2 gcc/unwind-pe.h
2 gcc/reload.c
2 gcc/objc/objc-act.c
2 gcc/cp/lang-specs.h
1 gcc/toplev.c
1 gcc/simplify-rtx.c
1 gcc/sched-deps.c
1 gcc/regmove.c
1 gcc/objc/lang-specs.h
1 gcc/java/jvspec.c
1 gcc/intl/dcgettext.c
1 gcc/f/lang-specs.h
1 gcc/fold-const.c
1 gcc/flow.c
1 gcc/final.c
1 gcc/dwarf2out.c
1 gcc/cp/init.c
1 gcc/cp/errfn.c
1 gcc/combine.c
Number of warning types:
20 cast from pointer to integer of different size
14 \`???' might be used uninitialized in this function
14 comparison between signed and unsigned
11 string length \`???' is greater than the length \`???' ISO C89
compilers are required to support
9 unused parameter \`???'
9 signed and unsigned type in conditional expression
6 operand 1 missing mode?
5 ??? format, ??? arg (arg ???)
5 initialization from incompatible pointer type
4 passing arg ??? of \`???' from incompatible pointer type
4 operand 0 missing mode?
2 \`???' defined but not used
2 cast to pointer from integer of different size
1 suggest not using #elif in traditional C
1 pointer targets in passing arg ??? of \`???' differ in signedness
1 function declaration isn't a prototype
More information about the Gcc-testresults
mailing list