Results for 3.0 20010515 (prerelease) testsuite on mips-sgi-irix6.5
Billinghurst, David (CRTS)
David.Billinghurst@riotinto.com
Wed May 16 16:41:00 GMT 2001
Native configuration is mips-sgi-irix6.5
=== objc tests ===
Running target unix
FAIL: objc/execute/class-2.m execution, -O
FAIL: objc/execute/formal_protocol-6.m execution, -O
=== objc Summary for unix ===
# of expected passes 144
# of unexpected failures 2
Running target unix/-mabi=64
FAIL: objc/execute/bycopy-3.m execution, -O
FAIL: objc/execute/formal_protocol-5.m execution, -O
FAIL: objc/execute/formal_protocol-6.m execution, -O
=== objc Summary for unix/-mabi=64 ===
# of expected passes 143
# of unexpected failures 3
=== objc Summary ===
# of expected passes 287
# of unexpected failures 5
/exd4/billingd/obj/gcc/gcc/xgcc version 3.0 20010515 (prerelease)
=== gcc tests ===
Running target unix
FAIL: gcc.c-torture/compile/20001226-1.c, -O2
FAIL: gcc.c-torture/compile/20001226-1.c, -O3 -fomit-frame-pointer
FAIL: gcc.c-torture/compile/20001226-1.c, -O3 -g
FAIL: gcc.c-torture/compile/20001226-1.c, -Os
XPASS: gcc.c-torture/execute/20010114-2.c execution, -O0
XPASS: gcc.c-torture/execute/20010114-2.c execution, -O1
XPASS: gcc.c-torture/execute/20010114-2.c execution, -O2
XPASS: gcc.c-torture/execute/20010114-2.c execution, -O3
-fomit-frame-pointer
XPASS: gcc.c-torture/execute/20010114-2.c execution, -O3 -g
XPASS: gcc.c-torture/execute/20010114-2.c execution, -Os
XPASS: gcc.c-torture/execute/loop-2b.c execution, -O0
XPASS: gcc.c-torture/execute/loop-2b.c execution, -O1
XPASS: gcc.c-torture/execute/loop-2b.c execution, -O2
XPASS: gcc.c-torture/execute/loop-2b.c execution, -O3 -fomit-frame-pointer
XPASS: gcc.c-torture/execute/loop-2b.c execution, -O3 -fomit-frame-pointer
-funroll-loops
XPASS: gcc.c-torture/execute/loop-2b.c execution, -O3 -fomit-frame-pointer
-funroll-all-loops -finline-functions
XPASS: gcc.c-torture/execute/loop-2b.c execution, -O3 -g
XPASS: gcc.c-torture/execute/loop-2b.c execution, -Os
XPASS: gcc.c-torture/execute/memcheck/blkarg.c execution, -O0
XPASS: gcc.c-torture/execute/memcheck/blkarg.c execution, -O1
XPASS: gcc.c-torture/execute/memcheck/blkarg.c execution, -O2
XPASS: gcc.c-torture/execute/memcheck/blkarg.c execution, -Os
=== gcc Summary for unix ===
# of expected passes 15043
# of unexpected failures 4
# of unexpected successes 18
# of expected failures 106
# of unsupported tests 56
Running target unix/-mabi=64
FAIL: gcc.c-torture/compile/20001226-1.c, -O2
FAIL: gcc.c-torture/compile/20001226-1.c, -O3 -g
FAIL: gcc.c-torture/compile/20001226-1.c, -Os
XPASS: gcc.c-torture/execute/20010114-2.c execution, -O0
XPASS: gcc.c-torture/execute/20010114-2.c execution, -O1
XPASS: gcc.c-torture/execute/20010114-2.c execution, -O2
XPASS: gcc.c-torture/execute/20010114-2.c execution, -O3
-fomit-frame-pointer
XPASS: gcc.c-torture/execute/20010114-2.c execution, -O3 -g
XPASS: gcc.c-torture/execute/20010114-2.c execution, -Os
FAIL: gcc.c-torture/execute/991014-1.c compilation, -O0
FAIL: gcc.c-torture/execute/991014-1.c compilation, -O1
FAIL: gcc.c-torture/execute/991014-1.c compilation, -O2
FAIL: gcc.c-torture/execute/991014-1.c compilation, -O3
-fomit-frame-pointer
FAIL: gcc.c-torture/execute/991014-1.c compilation, -O3 -g
FAIL: gcc.c-torture/execute/991014-1.c compilation, -Os
FAIL: gcc.c-torture/execute/divconst-2.c execution, -O1
FAIL: gcc.c-torture/execute/divconst-2.c execution, -O2
FAIL: gcc.c-torture/execute/divconst-2.c execution, -Os
XPASS: gcc.c-torture/execute/loop-2b.c execution, -O0
XPASS: gcc.c-torture/execute/loop-2b.c execution, -O1
XPASS: gcc.c-torture/execute/loop-2b.c execution, -O2
XPASS: gcc.c-torture/execute/loop-2b.c execution, -O3 -fomit-frame-pointer
XPASS: gcc.c-torture/execute/loop-2b.c execution, -O3 -fomit-frame-pointer
-funroll-loops
XPASS: gcc.c-torture/execute/loop-2b.c execution, -O3 -fomit-frame-pointer
-funroll-all-loops -finline-functions
XPASS: gcc.c-torture/execute/loop-2b.c execution, -O3 -g
XPASS: gcc.c-torture/execute/loop-2b.c execution, -Os
XPASS: gcc.c-torture/execute/memcheck/blkarg.c execution, -O0
XPASS: gcc.c-torture/execute/memcheck/blkarg.c execution, -O1
XPASS: gcc.c-torture/execute/memcheck/blkarg.c execution, -O2
XPASS: gcc.c-torture/execute/memcheck/blkarg.c execution, -Os
FAIL: linkage.c
=== gcc Summary for unix/-mabi=64 ===
# of expected passes 15028
# of unexpected failures 13
# of unexpected successes 18
# of expected failures 106
# of unresolved testcases 6
# of unsupported tests 56
=== gcc Summary ===
# of expected passes 30071
# of unexpected failures 17
# of unexpected successes 36
# of expected failures 212
# of unresolved testcases 6
# of unsupported tests 112
/exd4/billingd/obj/gcc/gcc/xgcc version 3.0 20010515 (prerelease)
=== g77 tests ===
Running target unix
=== g77 Summary for unix ===
# of expected passes 925
# of unsupported tests 8
Running target unix/-mabi=64
=== g77 Summary for unix/-mabi=64 ===
# of expected passes 925
# of unsupported tests 8
=== g77 Summary ===
# of expected passes 1850
# of unsupported tests 16
=== g++ tests ===
Running target unix
FAIL: g++.ext/instantiate1.C not instantiated (test for errors, line 20)
FAIL: g++.ext/instantiate1.C not instantiated (test for errors, line 22)
FAIL: g++.jason/member.C foo().* (test for errors, line 33)
FAIL: g++.jason/member.C foo().* (test for errors, line 34)
FAIL: g++.jason/member.C (test for excess errors)
XPASS: g++.jason/thunk3.C (test for excess errors)
XPASS: g++.jason/thunk3.C Execution test
FAIL: g++.mike/net20.C caused compiler crash
XPASS: g++.oliva/delete3.C Execution test
XPASS: g++.other/crash27.C (test for excess errors)
=== g++ Summary for unix ===
# of expected passes 6389
# of unexpected failures 6
# of unexpected successes 4
# of expected failures 110
# of untested testcases 20
Running target unix/-mabi=64
FAIL: g++.abi/cxa_vec.C Execution test
FAIL: g++.abi/vbase1.C Execution test
FAIL: g++.abi/vtable3a.C Execution test
FAIL: g++.abi/vtable3b.C Execution test
FAIL: g++.abi/vtable3c.C Execution test
FAIL: g++.abi/vtable3d.C Execution test
FAIL: g++.abi/vtable3e.C Execution test
FAIL: g++.abi/vtable3f.C Execution test
FAIL: g++.abi/vtable3g.C Execution test
FAIL: g++.abi/vtable3h.C Execution test
FAIL: g++.abi/vtable3i.C Execution test
FAIL: g++.abi/vtable3j.C Execution test
FAIL: g++.benjamin/15071.C Execution test
FAIL: g++.brendan/copy9.C Execution test
FAIL: g++.brendan/dtors3.C Execution test
FAIL: g++.brendan/eh1.C Execution test
FAIL: g++.brendan/nest21.C Execution test
FAIL: g++.brendan/ptolemy2.C Execution test
FAIL: g++.eh/badalloc1.C Execution test
FAIL: g++.eh/catch11.C Execution test
FAIL: g++.eh/catch12.C Execution test
FAIL: g++.eh/catch3.C Execution test
FAIL: g++.eh/catch3p.C Execution test
FAIL: g++.eh/catch4.C Execution test
FAIL: g++.eh/catch4p.C Execution test
FAIL: g++.eh/catch5.C Execution test
FAIL: g++.eh/catch5p.C Execution test
FAIL: g++.eh/catch6.C Execution test
FAIL: g++.eh/catch6p.C Execution test
FAIL: g++.eh/catch7.C Execution test
FAIL: g++.eh/catch7p.C Execution test
FAIL: g++.eh/catch8.C Execution test
FAIL: g++.eh/catch8p.C Execution test
FAIL: g++.eh/catch9.C Execution test
FAIL: g++.eh/catch9p.C Execution test
FAIL: g++.eh/fntry1.C Execution test
FAIL: g++.eh/spec2.C Execution test
FAIL: g++.eh/spec3.C Execution test
FAIL: g++.eh/spec4.C Execution test
FAIL: g++.eh/vbase1.C Execution test
FAIL: g++.eh/vbase2.C Execution test
FAIL: g++.ext/instantiate1.C not instantiated (test for errors, line 20)
FAIL: g++.ext/instantiate1.C not instantiated (test for errors, line 22)
FAIL: g++.jason/2371.C Execution test
FAIL: g++.jason/member.C foo().* (test for errors, line 33)
FAIL: g++.jason/member.C foo().* (test for errors, line 34)
FAIL: g++.jason/member.C (test for excess errors)
FAIL: g++.jason/template24.C Execution test
FAIL: g++.jason/template31.C Execution test
FAIL: g++.jason/temporary4.C Execution test
XPASS: g++.jason/thunk3.C (test for excess errors)
XPASS: g++.jason/thunk3.C Execution test
FAIL: g++.jason/typeid1.C Execution test
FAIL: g++.law/arg8.C Execution test
FAIL: g++.law/code-gen2.C Execution test
FAIL: g++.law/code-gen5.C Execution test
FAIL: g++.law/copy1.C Execution test
FAIL: g++.law/ctors12.C Execution test
FAIL: g++.law/cvt2.C Execution test
FAIL: g++.law/temps5.C Execution test
FAIL: g++.law/virtual3.C Execution test
FAIL: g++.martin/new1.C Execution test
FAIL: g++.mike/align1.C Execution test
FAIL: g++.mike/eh2.C Execution test
FAIL: g++.mike/eh23.C Execution test
FAIL: g++.mike/eh25.C Execution test
FAIL: g++.mike/eh33.C Execution test
FAIL: g++.mike/eh34.C Execution test
FAIL: g++.mike/eh41.C Execution test
FAIL: g++.mike/eh47.C Execution test
FAIL: g++.mike/eh50.C Execution test
FAIL: g++.mike/eh51.C Execution test
FAIL: g++.mike/eh55.C Execution test
FAIL: g++.mike/leak1.C Execution test
FAIL: g++.mike/mi2.C Execution test
FAIL: g++.mike/net20.C caused compiler crash
FAIL: g++.mike/net34.C Execution test
FAIL: g++.mike/net46.C Execution test
FAIL: g++.mike/p16146.C Execution test
FAIL: g++.mike/p2846.C Execution test
FAIL: g++.mike/p3139.C Execution test
FAIL: g++.mike/p4246.C Execution test
FAIL: g++.mike/p658.C Execution test
FAIL: g++.mike/p6610a.C Execution test
FAIL: g++.mike/p6610b.C Execution test
FAIL: g++.mike/p9732a.C Execution test
FAIL: g++.mike/pmf2.C Execution test
FAIL: g++.mike/virt5.C Execution test
XPASS: g++.oliva/delete3.C Execution test
FAIL: g++.oliva/new1.C Execution test
XPASS: g++.other/crash27.C (test for excess errors)
FAIL: g++.other/headers1.C Execution test
FAIL: g++.other/init7.C Execution test
FAIL: g++.other/inline7.C Execution test
FAIL: g++.other/inline8.C Execution test
FAIL: g++.other/loop1.C Execution test
FAIL: g++.other/sibcall1.C Execution test
FAIL: g++.other/vbase2.C Execution test
FAIL: g++.pt/ttp19.C Execution test
FAIL: g++.pt/ttp40.C Execution test
FAIL: g++.robertl/eb115.C Execution test
FAIL: g++.robertl/eb118.C Execution test
FAIL: g++.robertl/eb21.C Execution test
FAIL: g++.robertl/eb27.C Execution test
FAIL: g++.robertl/eb31.C Execution test
FAIL: g++.robertl/eb41.C Execution test
FAIL: g++.robertl/eb46.C Execution test
FAIL: g++.robertl/eb54.C Execution test
FAIL: g++.robertl/eb66.C Execution test
FAIL: g++.robertl/eb73.C Execution test
FAIL: g++.robertl/eb77.C Execution test
FAIL: g++.robertl/eh990323-2.C Execution test
FAIL: g++.robertl/eh990323-4.C Execution test
FAIL: g++.robertl/ice990323-2.C Execution test
=== g++ Summary for unix/-mabi=64 ===
# of expected passes 6285
# of unexpected failures 110
# of unexpected successes 4
# of expected failures 110
# of untested testcases 20
=== g++ Summary ===
# of expected passes 12674
# of unexpected failures 116
# of unexpected successes 8
# of expected failures 220
# of untested testcases 40
/exd4/billingd/obj/gcc/gcc/testsuite/../g++ version 3.0 20010515
(prerelease)
=== libstdc++-v3 tests ===
Running target unix
FAIL: 21_strings/c_strings.cc (test for excess errors)
FAIL: 21_strings/ctor_copy_dtor.cc execution test
FAIL: 21_strings/insert.cc execution test
XPASS: 26_numerics/c99_classification_macros_c.cc (test for excess errors)
FAIL: 27_io/ostream_inserter_arith.cc execution test
=== libstdc++-v3 Summary ===
# of expected passes 220
# of unexpected failures 4
# of unexpected successes 1
# of expected failures 7
Compiler version: 3.0 20010515 (prerelease)
Platform: mips-sgi-irix6.5
configure flags: --host=mips-sgi-irix6.5 --enable-shared --enable-haifa
--enable-pthreads --prefix=/exd4/billingd/tmp/gcc
Counting all warnings,
there are 121 warnings in stage3 of this bootstrap.
Number of warnings per file:
27 gcc/combine.c
10 gcc/config/mips/mips.md
9 gcc/config/mips/mips.c
6 gcc/unwind-sjlj.c
6 gcc/gcc.c
6 gcc/cse.c
6 gcc/cp/pt.c
5 gcc/expr.c
5 gcc/cp/error.c
4 gcc/reload1.c
4 gcc/java/lex.c
4 gcc/cp/call.c
3 gcc/except.c
2 gcc/unwind.inc
2 gcc/unwind-dw2-fde.c
2 gcc/reload.c
2 gcc/function.c
2 gcc/fold-const.c
2 gcc/cp/lang-specs.h
2 gcc/alias.c
1 gcc/toplev.c
1 gcc/sched-deps.c
1 gcc/regmove.c
1 gcc/objc/lang-specs.h
1 gcc/java/jvspec.c
1 gcc/intl/dcgettext.c
1 gcc/f/lang-specs.h
1 gcc/final.c
1 gcc/expmed.c
1 gcc/dwarf2out.c
1 gcc/cp/typeck2.c
1 gcc/cp/errfn.c
Number of warning types:
50 comparison between signed and unsigned
13 signed and unsigned type in conditional expression
12 \`???' might be used uninitialized in this function
11 string length \`???' is greater than the length \`???' ISO C89
compilers are required to support
8 unused parameter \`???'
6 operand 1 missing mode?
5 initialization from incompatible pointer type
4 passing arg ??? of \`???' from incompatible pointer type
4 operand 0 missing mode?
2 cast to pointer from integer of different size
1 ??? format, ??? arg (arg ???)
1 unused variable \`???'
1 suggest not using #elif in traditional C
1 pointer targets in passing arg ??? of \`???' differ in signedness
1 implicit declaration of function \`???'
1 function declaration isn't a prototype
More information about the Gcc-testresults
mailing list