Results for 3.0 20010515 (prerelease) testsuite on i386-unknown-freebsd4.2
Loren James Rittle
rittle@latour.rsch.comm.mot.com
Tue May 15 09:10:00 GMT 2001
Native configuration is i386-unknown-freebsd4.2
=== libstdc++-v3 tests ===
Running target unix
FAIL: 21_strings/c_strings.cc (test for excess errors)
FAIL: 21_strings/ctor_copy_dtor.cc execution test
FAIL: 21_strings/insert.cc execution test
XPASS: 21_strings/inserters_extractors.cc (test for warnings, line 45)
XPASS: 26_numerics/c99_classification_macros_c.cc (test for excess errors)
XPASS: 27_io/istream_unformatted.cc (test for warnings, line 146)
XPASS: 27_io/istream_unformatted.cc (test for warnings, line 238)
XPASS: 27_io/istream_unformatted.cc (test for warnings, line 364)
XPASS: 27_io/stringstream.cc (test for warnings, line 52)
=== libstdc++-v3 Summary for unix ===
# of expected passes 222
# of unexpected failures 3
# of unexpected successes 6
# of expected failures 8
Running target unix/-pthread -fpic
FAIL: 21_strings/append.cc execution test
FAIL: 21_strings/c_strings.cc (test for excess errors)
FAIL: 21_strings/ctor_copy_dtor.cc execution test
FAIL: 21_strings/insert.cc execution test
XPASS: 21_strings/inserters_extractors.cc (test for warnings, line 45)
XPASS: 26_numerics/c99_classification_macros_c.cc (test for excess errors)
XPASS: 27_io/istream_unformatted.cc (test for warnings, line 146)
XPASS: 27_io/istream_unformatted.cc (test for warnings, line 238)
XPASS: 27_io/istream_unformatted.cc (test for warnings, line 364)
XPASS: 27_io/stringstream.cc (test for warnings, line 52)
=== libstdc++-v3 Summary for unix/-pthread -fpic ===
# of expected passes 221
# of unexpected failures 4
# of unexpected successes 6
# of expected failures 8
=== libstdc++-v3 Summary ===
# of expected passes 443
# of unexpected failures 7
# of unexpected successes 12
# of expected failures 16
=== gcc tests ===
Running target unix
XPASS: gcc.c-torture/execute/20010114-2.c execution, -O0
XPASS: gcc.c-torture/execute/20010114-2.c execution, -O3 -fomit-frame-pointer
XPASS: gcc.c-torture/execute/20010114-2.c execution, -O3 -g
XPASS: gcc.c-torture/execute/loop-2b.c execution, -O0
XPASS: gcc.c-torture/execute/loop-2b.c execution, -O1
XPASS: gcc.c-torture/execute/loop-2b.c execution, -O3 -fomit-frame-pointer
XPASS: gcc.c-torture/execute/loop-2b.c execution, -O3 -fomit-frame-pointer -funroll-loops
XPASS: gcc.c-torture/execute/loop-2b.c execution, -O3 -fomit-frame-pointer -funroll-all-loops -finline-functions
XPASS: gcc.c-torture/execute/loop-2b.c execution, -O3 -g
XPASS: gcc.c-torture/execute/loop-2b.c execution, -Os
XPASS: gcc.c-torture/execute/ieee/rbug.c execution, -O3 -fomit-frame-pointer
XPASS: gcc.c-torture/execute/ieee/rbug.c execution, -O3 -g
=== gcc Summary for unix ===
# of expected passes 15118
# of unexpected successes 12
# of expected failures 95
# of unsupported tests 24
Running target unix/-pthread -fpic
FAIL: gcc.c-torture/compile/20000804-1.c, -O0
XPASS: gcc.c-torture/execute/20010114-2.c execution, -O0
FAIL: gcc.c-torture/execute/conversion.c execution, -O3 -fomit-frame-pointer
FAIL: gcc.c-torture/execute/conversion.c execution, -O3 -g
XPASS: gcc.c-torture/execute/loop-2b.c execution, -O0
XPASS: gcc.c-torture/execute/loop-2b.c execution, -O1
XPASS: gcc.c-torture/execute/loop-2b.c execution, -O2
XPASS: gcc.c-torture/execute/loop-2b.c execution, -O3 -fomit-frame-pointer
XPASS: gcc.c-torture/execute/loop-2b.c execution, -O3 -fomit-frame-pointer -funroll-loops
XPASS: gcc.c-torture/execute/loop-2b.c execution, -O3 -fomit-frame-pointer -funroll-all-loops -finline-functions
XPASS: gcc.c-torture/execute/loop-2b.c execution, -O3 -g
XPASS: gcc.c-torture/execute/loop-2b.c execution, -Os
FAIL: gcc.dg/asm-names.c (test for excess errors)
=== gcc Summary for unix/-pthread -fpic ===
# of expected passes 15114
# of unexpected failures 4
# of unexpected successes 9
# of expected failures 98
# of unsupported tests 24
=== gcc Summary ===
# of expected passes 30232
# of unexpected failures 4
# of unexpected successes 21
# of expected failures 193
# of unsupported tests 48
/usr/users/rittle/tmp/gcc-build-latour-3.0-0515/gcc/xgcc version 3.0 20010515 (prerelease)
=== g++ tests ===
Running target unix
XPASS: g++.oliva/delete3.C Execution test
XPASS: g++.other/crash27.C (test for excess errors)
=== g++ Summary for unix ===
# of expected passes 6419
# of unexpected successes 2
# of expected failures 102
# of untested testcases 15
Running target unix/-pthread -fpic
XPASS: g++.oliva/delete3.C Execution test
XPASS: g++.other/crash27.C (test for excess errors)
=== g++ Summary for unix/-pthread -fpic ===
# of expected passes 6419
# of unexpected successes 2
# of expected failures 102
# of untested testcases 15
=== g++ Summary ===
# of expected passes 12838
# of unexpected successes 4
# of expected failures 204
# of untested testcases 30
/usr/users/rittle/tmp/gcc-build-latour-3.0-0515/gcc/testsuite/../g++ version 3.0 20010515 (prerelease)
=== g77 tests ===
Running target unix
XPASS: g77.f-torture/compile/20000629-1.f, -O3 -fomit-frame-pointer -funroll-loops
XPASS: g77.f-torture/compile/20000629-1.f, -O3 -fomit-frame-pointer -funroll-all-loops -finline-functions
FAIL: g77.f-torture/execute/io1.f execution, -O0
FAIL: g77.f-torture/execute/io1.f execution, -O1
FAIL: g77.f-torture/execute/io1.f execution, -O2
FAIL: g77.f-torture/execute/io1.f execution, -O3 -fomit-frame-pointer
FAIL: g77.f-torture/execute/io1.f execution, -O3 -g
FAIL: g77.f-torture/execute/io1.f execution, -Os
=== g77 Summary for unix ===
# of expected passes 917
# of unexpected failures 6
# of unexpected successes 2
# of unsupported tests 8
Running target unix/-pthread -fpic
XPASS: g77.f-torture/compile/20000629-1.f, -O3 -fomit-frame-pointer -funroll-loops
XPASS: g77.f-torture/compile/20000629-1.f, -O3 -fomit-frame-pointer -funroll-all-loops -finline-functions
FAIL: g77.f-torture/execute/io1.f execution, -O0
FAIL: g77.f-torture/execute/io1.f execution, -O1
FAIL: g77.f-torture/execute/io1.f execution, -O2
FAIL: g77.f-torture/execute/io1.f execution, -O3 -fomit-frame-pointer
FAIL: g77.f-torture/execute/io1.f execution, -O3 -g
FAIL: g77.f-torture/execute/io1.f execution, -Os
=== g77 Summary for unix/-pthread -fpic ===
# of expected passes 917
# of unexpected failures 6
# of unexpected successes 2
# of unsupported tests 8
=== g77 Summary ===
# of expected passes 1834
# of unexpected failures 12
# of unexpected successes 4
# of unsupported tests 16
=== objc tests ===
Running target unix
FAIL: objc/execute/formal_protocol-6.m execution, -O
=== objc Summary for unix ===
# of expected passes 145
# of unexpected failures 1
Running target unix/-pthread -fpic
FAIL: objc/execute/formal_protocol-6.m execution, -O
=== objc Summary for unix/-pthread -fpic ===
# of expected passes 145
# of unexpected failures 1
=== objc Summary ===
# of expected passes 290
# of unexpected failures 2
/usr/users/rittle/tmp/gcc-build-latour-3.0-0515/gcc/xgcc version 3.0 20010515 (prerelease)
Compiler version: 3.0 20010515 (prerelease)
Platform: i386-unknown-freebsd4.2
configure flags: --host=i386-unknown-freebsd4.2 --enable-threads --with-dwarf2 --prefix=/usr/local/beta-gcc --with-gnu-as --with-as=/usr/local/beta-gcc/bin/as --with-gnu-ld --with-ld=/usr/local/beta-gcc/bin/ld
BOOT_CFLAGS=-g -O2
More information about the Gcc-testresults
mailing list