Results for 3.0 20010511 (prerelease) testsuite on hppa1.1-hp-hpux10.20
John David Anglin
dave@hiauly1.hia.nrc.ca
Sat May 12 16:37:00 GMT 2001
Native configuration is hppa1.1-hp-hpux10.20
host: HP-UX B.10.20 E 9000/735
compiler: Reading specs from /xxx/gnu/gcc-3.0/objdir/hppa1.1-hp-hpux10.20/libstdc++-v3/../../gcc/specs
Configured with: ../configure --with-gnu-as --enable-shared
Thread model: single
gcc version 3.0 20010511 (prerelease)
g++: No input files
compiler flags: -ggdb3 -DDEBUG_ASSERT -ffunction-sections -fdata-sections
date: 20010511
pass/fail results: 99/10 shared + 99/10 static = 198/20 total
p == pass/fail execution test
+: pass, -b: build failure, -r: run failure, x: disabled
ctime == time to compile and link
etime == time for executable to run
text == size of the executable text section
data == size of the executable data section
total == size of the executable
p ctime etime text data total name
+ 14 1.134 6920 324 7260 17_intro/header_ciso646.cc -static
+ 18 1.744 22975 968 24199 17_intro/header_ciso646.cc
+ 11 0.881 5836 296 6148 17_intro/header_cstdio.cc -static
+ 16 1.410 21913 944 23121 17_intro/header_cstdio.cc
+ 13 0.884 5837 296 6149 17_intro/header_cstdlib.cc -static
+ 17 1.667 21914 944 23122 17_intro/header_cstdlib.cc
+ 13 0.912 5837 296 6149 17_intro/header_cstring.cc -static
+ 17 1.658 21914 944 23122 17_intro/header_cstring.cc
+ 15 1.102 5835 296 6147 17_intro/header_ctime.cc -static
+ 31 1.993 21912 944 23120 17_intro/header_ctime.cc
+ 18 0.897 5836 296 6148 17_intro/header_cwchar.cc -static
+ 17 1.449 21913 944 23121 17_intro/header_cwchar.cc
+ 10 0.886 5829 296 6141 17_intro/header_cwctype.cc -static
+ 16 1.000 21906 944 23114 17_intro/header_cwctype.cc
+ 38 1.120 5853 296 6165 17_intro/header_fstream.cc -static
+ 43 1.816 21930 944 23138 17_intro/header_fstream.cc
+ 35 1.187 5845 296 6157 17_intro/header_iomanip.cc -static
+ 48 2.070 21922 944 23130 17_intro/header_iomanip.cc
+ 29 1.083 5841 296 6153 17_intro/header_ios.cc -static
+ 35 1.812 21918 944 23126 17_intro/header_ios.cc
+ 17 1.077 5828 296 6140 17_intro/header_iosfwd.cc -static
+ 23 1.823 21905 944 23113 17_intro/header_iosfwd.cc
+ 61 1.934 559833 10604 570729 17_intro/header_iostream.cc -static
+ 47 1.872 22539 976 23795 17_intro/header_iostream.cc
+ 35 1.237 5845 296 6157 17_intro/header_istream.cc -static
+ 42 1.778 21922 944 23130 17_intro/header_istream.cc
+ 31 1.116 5845 296 6157 17_intro/header_ostream.cc -static
+ 33 1.735 21922 944 23130 17_intro/header_ostream.cc
+ 30 1.028 5845 296 6157 17_intro/header_sstream.cc -static
+ 35 1.866 21922 944 23130 17_intro/header_sstream.cc
+ 23 0.939 5847 296 6159 17_intro/header_streambuf.cc -static
+ 28 1.548 21924 944 23132 17_intro/header_streambuf.cc
+ 83 1.454 559849 10604 570745 17_intro/headers.cc -static
+ 83 1.992 22555 976 23811 17_intro/headers.cc
+ 13 0.892 5826 296 6138 17_intro/headers_c++.cc -static
+ 18 0.965 21903 944 23111 17_intro/headers_c++.cc
+ 16 1.051 5824 296 6136 17_intro/headers_c.cc -static
+ 21 1.715 21901 944 23109 17_intro/headers_c.cc
+ 16 1.018 46967 2544 49775 18_support/numeric_limits.cc -static
+ 20 1.815 67129 3020 70413 18_support/numeric_limits.cc
+ 61 1.588 582445 10748 593477 19_diagnostics/stdexceptions.cc -static
+ 45 1.975 89853 3412 93541 19_diagnostics/stdexceptions.cc
+ 27 1.105 72613 2836 75705 20_util/auto_ptr.cc -static
+ 32 2.040 92977 3312 96545 20_util/auto_ptr.cc
+ 60 1.361 588692 10652 599628 21_strings/append.cc -static
+ 47 2.065 95039 3272 98595 21_strings/append.cc
-b 54 2.065 0 0 0 21_strings/capacity.cc -static
-b 51 2.065 0 0 0 21_strings/capacity.cc
+ 40 1.210 572698 10628 583602 21_strings/char_traits_requirements.cc -static
+ 43 1.916 79373 3224 82881 21_strings/char_traits_requirements.cc
+ 24 1.061 5859 296 6171 21_strings/char_traits_typedefs.cc -static
+ 26 1.523 21936 944 23144 21_strings/char_traits_typedefs.cc
+ 53 1.447 580921 10628 591825 21_strings/compare.cc -static
+ 42 1.867 87385 3240 90909 21_strings/compare.cc
-r 57 2.036 579824 10652 590760 21_strings/ctor_copy_dtor.cc -static
-r 48 2.231 86408 3256 89948 21_strings/ctor_copy_dtor.cc
+ 50 1.488 575964 10652 586900 21_strings/element_access.cc -static
+ 38 2.043 82657 3256 86197 21_strings/element_access.cc
+ 48 1.290 580442 10620 591346 21_strings/find.cc -static
+ 37 1.860 86919 3224 90427 21_strings/find.cc
+ 50 1.268 587724 10668 598676 21_strings/insert.cc -static
+ 43 2.797 94200 3280 97756 21_strings/insert.cc
+ 99 1.971 627830 11828 639966 21_strings/inserters_extractors.cc -static
+ 79 3.438 139380 4756 144448 21_strings/inserters_extractors.cc
+ 50 1.080 588092 10620 598996 21_strings/invariants.cc -static
+ 42 1.743 94436 3232 97944 21_strings/invariants.cc
+ 53 1.179 599339 10620 610243 21_strings/nonmember.cc -static
+ 55 2.014 105333 3224 108841 21_strings/nonmember.cc
+ 60 1.524 579004 10612 589892 21_strings/operations.cc -static
+ 86 2.657 85352 3200 88828 21_strings/operations.cc
+ 71 1.768 586733 10636 597653 21_strings/replace.cc -static
+ 56 2.878 93105 3248 96629 21_strings/replace.cc
+ 66 1.468 574571 10620 585475 21_strings/rfind.cc -static
+ 38 2.073 81209 3216 84701 21_strings/rfind.cc
+ 62 1.626 579280 10652 590216 21_strings/substr.cc -static
+ 46 2.005 85832 3256 89372 21_strings/substr.cc
+ 63 1.706 563874 10588 574746 22_locale/codecvt_char_char.cc -static
+ 47 1.888 72712 3240 76216 22_locale/codecvt_char_char.cc
+ 34 1.084 5859 296 6171 22_locale/codecvt_unicode_char.cc -static
+ 38 1.713 21936 944 23144 22_locale/codecvt_unicode_char.cc
+ 34 1.050 5862 296 6174 22_locale/codecvt_unicode_wchar_t.cc -static
+ 39 2.004 21939 944 23147 22_locale/codecvt_unicode_wchar_t.cc
+ 36 1.189 5859 296 6171 22_locale/codecvt_wchar_t_char.cc -static
+ 39 1.104 21936 944 23144 22_locale/codecvt_wchar_t_char.cc
+ 33 1.037 5853 296 6165 22_locale/ctor_copy_dtor.cc -static
+ 45 1.059 21930 944 23138 22_locale/ctor_copy_dtor.cc
+ 65 1.192 567169 11188 578633 22_locale/ctype.cc -static
+ 44 1.370 70908 3688 74860 22_locale/ctype.cc
-r 57 -r 56
+ 34 1.078 5860 296 6172 22_locale/ctype_wchar_t_members.cc -static
+ 41 1.254 21937 944 23145 22_locale/ctype_wchar_t_members.cc
+ 109 1.483 662794 14780 677866 22_locale/facet.cc -static
+ 92 1.384 179838 7880 188014 22_locale/facet.cc
+ 64 1.244 575052 10788 586116 22_locale/global_templates.cc -static
+ 47 1.064 84271 3544 88079 22_locale/global_templates.cc
+ 70 1.180 596062 10868 607214 22_locale/members.cc -static
+ 60 1.649 105779 3628 109703 22_locale/members.cc
-b 56 1.649 0 0 0 22_locale/numpunct.cc -static
-b 44 1.649 0 0 0 22_locale/numpunct.cc
+ 69 1.292 585998 10868 597150 22_locale/numpunct_byname.cc -static
+ 58 1.283 95259 3612 99167 22_locale/numpunct_byname.cc
+ 63 1.520 577937 10636 588865 22_locale/numpunct_char_members.cc -static
+ 52 1.123 84941 3272 88509 22_locale/numpunct_char_members.cc
+ 65 1.315 580143 10788 591215 22_locale/operators.cc -static
+ 57 1.373 89892 3560 93748 22_locale/operators.cc
+ 74 1.431 579418 10772 590466 22_locale/static_members.cc -static
+ 54 1.240 89253 3572 93101 22_locale/static_members.cc
+ 70 1.385 594741 10804 605837 23_containers/bitset_ctor.cc -static
+ 60 1.165 101366 3444 105102 23_containers/bitset_ctor.cc
+ 93 13.225 622288 10860 636520 23_containers/bitset_shift.cc -static
+ 79 12.055 129186 3484 136042 23_containers/bitset_shift.cc
-b 49 12.055 0 0 0 23_containers/map_operators.cc -static
-b 49 12.055 0 0 0 23_containers/map_operators.cc
+ 68 0.000 574074 10644 585010 23_containers/multiset.cc -static
+ 52 0.000 80430 3224 83934 23_containers/multiset.cc
-b 35 0.000 0 0 0 23_containers/set_operators.cc -static
-b 37 0.000 0 0 0 23_containers/set_operators.cc
+ 29 1.063 65152 2756 68164 23_containers/vector_capacity.cc -static
+ 35 1.334 81700 3172 85128 23_containers/vector_capacity.cc
+ 81 1.252 623141 10620 634045 23_containers/vector_ctor.cc -static
+ 65 1.146 127406 3188 130850 23_containers/vector_ctor.cc
+ 58 1.279 568835 10652 579771 23_containers/vector_element_access.cc -static
+ 38 1.302 74344 3212 77820 23_containers/vector_element_access.cc
+ 37 1.189 73553 2756 76565 23_containers/vector_modifiers.cc -static
+ 42 1.244 90125 3180 93569 23_containers/vector_modifiers.cc
+ 71 1.321 596845 11228 608357 24_iterators/istreambuf_iterator.cc -static
+ 60 1.154 106732 4024 111040 24_iterators/istreambuf_iterator.cc
+ 82 1.293 613354 10620 624258 24_iterators/iterator.cc -static
+ 68 1.607 118917 3216 122409 24_iterators/iterator.cc
+ 25 1.228 12701 464 13429 25_algorithms/equal.cc -static
+ 31 1.076 25953 940 27157 25_algorithms/equal.cc
+ 19 1.217 7413 324 7753 25_algorithms/lower_bound.cc -static
+ 26 1.003 23468 968 24692 25_algorithms/lower_bound.cc
+ 20 1.225 6905 324 7245 25_algorithms/min_max.cc -static
+ 27 1.076 22960 968 24184 25_algorithms/min_max.cc
+ 88 + 82
+ 20 1.356 6468 296 6780 26_numerics/buggy_complex.cc -static
+ 27 1.026 22545 944 23753 26_numerics/buggy_complex.cc
+ 15 1.370 6305 296 6617 26_numerics/c99_macros.cc -static
+ 24 1.262 22382 944 23590 26_numerics/c99_macros.cc
+ 18 1.844 28909 828 29753 26_numerics/c_math.cc -static
+ 27 1.767 36150 1120 37534 26_numerics/c_math.cc
+ 103 1.513 626029 11324 637653 26_numerics/complex_inserters_extractors.cc -static
+ 86 1.952 121276 4112 125680 26_numerics/complex_inserters_extractors.cc
+ 23 0.968 25175 732 25923 26_numerics/complex_value.cc -static
+ 32 1.934 31656 1000 32912 26_numerics/complex_value.cc
+ 44 0.946 49524 2700 52488 26_numerics/valarray.cc -static
+ 53 1.185 69888 3176 73328 26_numerics/valarray.cc
-b 83 1.185 0 0 0 27_io/filebuf.cc -static
-b 74 1.185 0 0 0 27_io/filebuf.cc
+ 83 1.303 570185 10916 581393 27_io/filebuf_members.cc -static
+ 62 2.761 78134 3624 82046 27_io/filebuf_members.cc
+ 39 0.928 9437 332 9785 27_io/fpos.cc -static
+ 47 1.118 25492 976 26732 27_io/fpos.cc
+ 82 6.325 571614 10900 582806 27_io/ifstream_members.cc -static
+ 68 6.929 79459 3576 83323 27_io/ifstream_members.cc
+ 82 1.557 592900 11076 604268 27_io/ios_base_callbacks.cc -static
+ 66 2.380 100722 3832 104838 27_io/ios_base_callbacks.cc
-r 87 -r 74
+ 89 2.324 588882 11252 600426 27_io/ios_base_storage.cc -static
+ 63 2.265 98858 4040 103198 27_io/ios_base_storage.cc
+ 87 1.460 590554 11004 601842 27_io/ios_ctor.cc -static
+ 63 2.041 98439 3736 102459 27_io/ios_ctor.cc
+ 115 777.000 608819 11500 620643 27_io/ios_manip_basefield.cc -static
+ 89 777.000 119268 4392 123996 27_io/ios_manip_basefield.cc
+ 129 0.000 613007 11604 624959 27_io/ios_manip_fmtflags.cc -static
+ 91 0.000 123467 4504 128323 27_io/ios_manip_fmtflags.cc
+ 72 1.416 569751 10684 580719 27_io/ios_members.cc -static
+ 55 2.586 79494 3420 83178 27_io/ios_members.cc
+ 49 1.160 5838 296 6150 27_io/istream.cc -static
+ 54 2.413 21915 944 23123 27_io/istream.cc
+ 124 1.000 644222 13516 658046 27_io/istream_extractor_arith.cc -static
+ 106 1.000 155302 6492 162114 27_io/istream_extractor_arith.cc
-r 106 -r 82
+ 108 2.148 603059 11132 614491 27_io/istream_extractor_other.cc -static
+ 87 2.196 111261 3912 115477 27_io/istream_extractor_other.cc
+ 93 1.423 592868 11236 604380 27_io/istream_manip.cc -static
+ 73 2.409 102919 4040 107243 27_io/istream_manip.cc
-b 75 2.409 0 0 0 27_io/istream_seeks.cc -static
-b 84 2.409 0 0 0 27_io/istream_seeks.cc
+ 96 1.262 593060 11276 604620 27_io/istream_sentry.cc -static
+ 75 1.988 103026 4072 107382 27_io/istream_sentry.cc
+ 130 2.874 624007 11524 635823 27_io/istream_unformatted.cc -static
+ 102 4.352 134921 4416 139633 27_io/istream_unformatted.cc
+ 98 2.478 593779 11228 605291 27_io/istringstream_members.cc -static
+ 78 2.271 103889 4032 108197 27_io/istringstream_members.cc
+ 111 + 105
+ 93 8.510 571630 10900 582822 27_io/ofstream_members.cc -static
+ 72 9.094 79459 3576 83323 27_io/ofstream_members.cc
+ 38 1.855 5838 296 6150 27_io/ostream.cc -static
+ 50 1.719 21915 944 23123 27_io/ostream.cc
+ 130 2.265 618918 11636 631798 27_io/ostream_inserter_arith.cc -static
+ 108 2.384 129194 4532 134982 27_io/ostream_inserter_arith.cc
+ 138 4.949 622300 11412 634004 27_io/ostream_inserter_char.cc -static
+ 115 5.304 133156 4288 137740 27_io/ostream_inserter_char.cc
+ 120 2.097 598918 11468 610686 27_io/ostream_inserter_other.cc -static
+ 98 1.978 109665 4320 114281 27_io/ostream_inserter_other.cc
+ 74 1.403 602773 11252 614301 27_io/ostream_manip.cc -static
+ 94 1.853 112999 4072 117355 27_io/ostream_manip.cc
+ 114 1.378 597297 11404 609001 27_io/ostream_seeks.cc -static
+ 101 1.808 107955 4208 112459 27_io/ostream_seeks.cc
+ 93 1.684 588137 11228 599649 27_io/ostream_unformatted.cc -static
+ 74 1.699 98015 4016 102307 27_io/ostream_unformatted.cc
+ 107 1.298 607698 11460 619434 27_io/streambuf.cc -static
+ 86 1.837 114737 4256 119269 27_io/streambuf.cc
+ 114 1.339 619005 11244 630533 27_io/stringbuf.cc -static
+ 93 1.897 126576 3960 130820 27_io/stringbuf.cc
+ 129 2.310 612605 12092 624981 27_io/stringstream.cc -static
+ 91 2.171 123012 4952 128248 27_io/stringstream.cc
+ 108 2.120 559937 10604 570833 27_io/wide_stream_objects.cc -static
+ 95 2.150 22643 976 23899 27_io/wide_stream_objects.cc
+ 125 1.704 559961 10604 570857 ext/headers.cc -static
+ 83 1.929 22667 976 23923 ext/headers.cc
testrun == 13799 seconds
=== gcc tests ===
Running target unix/-fPIC
FAIL: gcc.c-torture/compile/20000804-1.c, -O0
XPASS: gcc.c-torture/execute/20010114-2.c execution, -O0
XPASS: gcc.c-torture/execute/20010114-2.c execution, -O1
XPASS: gcc.c-torture/execute/20010114-2.c execution, -O2
XPASS: gcc.c-torture/execute/20010114-2.c execution, -O3 -fomit-frame-pointer
XPASS: gcc.c-torture/execute/20010114-2.c execution, -O3 -g
XPASS: gcc.c-torture/execute/20010114-2.c execution, -Os
FAIL: gcc.c-torture/execute/20010119-1.c compilation, -O1
FAIL: gcc.c-torture/execute/20010119-1.c compilation, -O2
FAIL: gcc.c-torture/execute/20010119-1.c compilation, -O3 -fomit-frame-pointer
FAIL: gcc.c-torture/execute/20010119-1.c compilation, -O3 -fomit-frame-pointer -funroll-loops
FAIL: gcc.c-torture/execute/20010119-1.c compilation, -O3 -fomit-frame-pointer -funroll-all-loops -finline-functions
FAIL: gcc.c-torture/execute/20010119-1.c compilation, -O3 -g
FAIL: gcc.c-torture/execute/20010119-1.c compilation, -Os
FAIL: gcc.c-torture/execute/20010122-1.c execution, -O0
FAIL: gcc.c-torture/execute/20010122-1.c execution, -O1
FAIL: gcc.c-torture/execute/20010122-1.c execution, -O2
FAIL: gcc.c-torture/execute/20010122-1.c execution, -O3 -fomit-frame-pointer
FAIL: gcc.c-torture/execute/20010122-1.c execution, -O3 -fomit-frame-pointer -funroll-loops
FAIL: gcc.c-torture/execute/20010122-1.c execution, -O3 -fomit-frame-pointer -funroll-all-loops -finline-functions
FAIL: gcc.c-torture/execute/20010122-1.c execution, -O3 -g
FAIL: gcc.c-torture/execute/20010122-1.c execution, -Os
FAIL: gcc.c-torture/execute/920730-1t.c compilation, -O0
FAIL: gcc.c-torture/execute/920730-1t.c compilation, -O1
FAIL: gcc.c-torture/execute/920730-1t.c compilation, -O2
FAIL: gcc.c-torture/execute/920730-1t.c compilation, -O3 -fomit-frame-pointer
FAIL: gcc.c-torture/execute/920730-1t.c compilation, -O3 -g
FAIL: gcc.c-torture/execute/920730-1t.c compilation, -Os
XPASS: gcc.c-torture/execute/loop-2b.c execution, -O0
XPASS: gcc.c-torture/execute/loop-2b.c execution, -O1
XPASS: gcc.c-torture/execute/loop-2b.c execution, -O2
XPASS: gcc.c-torture/execute/loop-2b.c execution, -O3 -fomit-frame-pointer
XPASS: gcc.c-torture/execute/loop-2b.c execution, -O3 -fomit-frame-pointer -funroll-loops
XPASS: gcc.c-torture/execute/loop-2b.c execution, -O3 -fomit-frame-pointer -funroll-all-loops -finline-functions
XPASS: gcc.c-torture/execute/loop-2b.c execution, -O3 -g
XPASS: gcc.c-torture/execute/loop-2b.c execution, -Os
FAIL: gcc.c-torture/execute/strct-stdarg-1.c execution, -O0
FAIL: gcc.c-torture/execute/strct-stdarg-1.c execution, -O1
FAIL: gcc.c-torture/execute/strct-stdarg-1.c execution, -O2
FAIL: gcc.c-torture/execute/strct-stdarg-1.c execution, -O3 -fomit-frame-pointer
FAIL: gcc.c-torture/execute/strct-stdarg-1.c execution, -O3 -fomit-frame-pointer -funroll-loops
FAIL: gcc.c-torture/execute/strct-stdarg-1.c execution, -O3 -fomit-frame-pointer -funroll-all-loops -finline-functions
FAIL: gcc.c-torture/execute/strct-stdarg-1.c execution, -O3 -g
FAIL: gcc.c-torture/execute/strct-stdarg-1.c execution, -Os
FAIL: gcc.c-torture/execute/ieee/mzero2.c execution, -O1
FAIL: gcc.c-torture/execute/ieee/mzero2.c execution, -O2
FAIL: gcc.c-torture/execute/ieee/mzero2.c execution, -O3 -fomit-frame-pointer
FAIL: gcc.c-torture/execute/ieee/mzero2.c execution, -O3 -g
FAIL: gcc.c-torture/execute/ieee/mzero2.c execution, -Os
FAIL: gcc.dg/asm-names.c (test for excess errors)
FAIL: gcc.dg/sequence-pt-1.c sequence point warning (test for warnings, line 59)
=== gcc Summary for unix/-fPIC ===
# of expected passes 15014
# of unexpected failures 37
# of unexpected successes 14
# of expected failures 86
# of unresolved testcases 16
# of unsupported tests 56
Running target unix
FAIL: gcc.c-torture/compile/20000804-1.c, -O0
XPASS: gcc.c-torture/execute/20010114-2.c execution, -O0
XPASS: gcc.c-torture/execute/20010114-2.c execution, -O1
XPASS: gcc.c-torture/execute/20010114-2.c execution, -O2
XPASS: gcc.c-torture/execute/20010114-2.c execution, -O3 -fomit-frame-pointer
XPASS: gcc.c-torture/execute/20010114-2.c execution, -O3 -g
XPASS: gcc.c-torture/execute/20010114-2.c execution, -Os
FAIL: gcc.c-torture/execute/20010119-1.c compilation, -O1
FAIL: gcc.c-torture/execute/20010119-1.c compilation, -O2
FAIL: gcc.c-torture/execute/20010119-1.c compilation, -O3 -fomit-frame-pointer
FAIL: gcc.c-torture/execute/20010119-1.c compilation, -O3 -fomit-frame-pointer -funroll-loops
FAIL: gcc.c-torture/execute/20010119-1.c compilation, -O3 -fomit-frame-pointer -funroll-all-loops -finline-functions
FAIL: gcc.c-torture/execute/20010119-1.c compilation, -O3 -g
FAIL: gcc.c-torture/execute/20010119-1.c compilation, -Os
FAIL: gcc.c-torture/execute/20010122-1.c execution, -O0
FAIL: gcc.c-torture/execute/20010122-1.c execution, -O1
FAIL: gcc.c-torture/execute/20010122-1.c execution, -O2
FAIL: gcc.c-torture/execute/20010122-1.c execution, -O3 -fomit-frame-pointer
FAIL: gcc.c-torture/execute/20010122-1.c execution, -O3 -fomit-frame-pointer -funroll-loops
FAIL: gcc.c-torture/execute/20010122-1.c execution, -O3 -fomit-frame-pointer -funroll-all-loops -finline-functions
FAIL: gcc.c-torture/execute/20010122-1.c execution, -O3 -g
FAIL: gcc.c-torture/execute/20010122-1.c execution, -Os
FAIL: gcc.c-torture/execute/920730-1t.c compilation, -O0
FAIL: gcc.c-torture/execute/920730-1t.c compilation, -O1
FAIL: gcc.c-torture/execute/920730-1t.c compilation, -O2
FAIL: gcc.c-torture/execute/920730-1t.c compilation, -O3 -fomit-frame-pointer
FAIL: gcc.c-torture/execute/920730-1t.c compilation, -O3 -g
FAIL: gcc.c-torture/execute/920730-1t.c compilation, -Os
XPASS: gcc.c-torture/execute/loop-2b.c execution, -O0
XPASS: gcc.c-torture/execute/loop-2b.c execution, -O1
XPASS: gcc.c-torture/execute/loop-2b.c execution, -O2
XPASS: gcc.c-torture/execute/loop-2b.c execution, -O3 -fomit-frame-pointer
XPASS: gcc.c-torture/execute/loop-2b.c execution, -O3 -fomit-frame-pointer -funroll-loops
XPASS: gcc.c-torture/execute/loop-2b.c execution, -O3 -fomit-frame-pointer -funroll-all-loops -finline-functions
XPASS: gcc.c-torture/execute/loop-2b.c execution, -O3 -g
XPASS: gcc.c-torture/execute/loop-2b.c execution, -Os
FAIL: gcc.c-torture/execute/strct-stdarg-1.c execution, -O0
FAIL: gcc.c-torture/execute/strct-stdarg-1.c execution, -O1
FAIL: gcc.c-torture/execute/strct-stdarg-1.c execution, -O2
FAIL: gcc.c-torture/execute/strct-stdarg-1.c execution, -O3 -fomit-frame-pointer
FAIL: gcc.c-torture/execute/strct-stdarg-1.c execution, -O3 -fomit-frame-pointer -funroll-loops
FAIL: gcc.c-torture/execute/strct-stdarg-1.c execution, -O3 -fomit-frame-pointer -funroll-all-loops -finline-functions
FAIL: gcc.c-torture/execute/strct-stdarg-1.c execution, -O3 -g
FAIL: gcc.c-torture/execute/strct-stdarg-1.c execution, -Os
FAIL: gcc.c-torture/execute/ieee/mzero2.c execution, -O1
FAIL: gcc.c-torture/execute/ieee/mzero2.c execution, -O2
FAIL: gcc.c-torture/execute/ieee/mzero2.c execution, -O3 -fomit-frame-pointer
FAIL: gcc.c-torture/execute/ieee/mzero2.c execution, -O3 -g
FAIL: gcc.c-torture/execute/ieee/mzero2.c execution, -Os
FAIL: gcc.dg/asm-names.c (test for excess errors)
FAIL: gcc.dg/sequence-pt-1.c sequence point warning (test for warnings, line 59)
=== gcc Summary for unix ===
# of expected passes 15014
# of unexpected failures 37
# of unexpected successes 14
# of expected failures 86
# of unresolved testcases 16
# of unsupported tests 56
=== gcc Summary ===
# of expected passes 30028
# of unexpected failures 74
# of unexpected successes 28
# of expected failures 172
# of unresolved testcases 32
# of unsupported tests 112
/xxx/gnu/gcc-3.0/objdir/gcc/xgcc version 3.0 20010511 (prerelease)
=== g++ tests ===
Running target unix/-fPIC
FAIL: g++.eh/rethrow1.C Execution test
FAIL: g++.eh/rethrow2.C Execution test
FAIL: g++.eh/rethrow4.C Execution test
FAIL: g++.eh/rethrow6.C Execution test
FAIL: g++.ext/attrib5.C (test for excess errors)
FAIL: g++.ext/instantiate1.C not instantiated (test for errors, line 20)
FAIL: g++.ext/instantiate1.C not instantiated (test for errors, line 22)
FAIL: g++.law/profile1.C caused compiler crash
XPASS: g++.mike/eh33.C (test for excess errors)
XPASS: g++.mike/eh33.C Execution test
XPASS: g++.mike/eh50.C (test for excess errors)
XPASS: g++.mike/eh50.C Execution test
FAIL: g++.other/mangle3.C (test for excess errors)
=== g++ Summary for unix/-fPIC ===
# of expected passes 6382
# of unexpected failures 9
# of unexpected successes 4
# of expected failures 113
# of untested testcases 20
Running target unix
FAIL: g++.eh/rethrow1.C Execution test
FAIL: g++.eh/rethrow2.C Execution test
FAIL: g++.eh/rethrow4.C Execution test
FAIL: g++.eh/rethrow6.C Execution test
FAIL: g++.ext/attrib5.C (test for excess errors)
FAIL: g++.ext/instantiate1.C not instantiated (test for errors, line 20)
FAIL: g++.ext/instantiate1.C not instantiated (test for errors, line 22)
XPASS: g++.mike/eh33.C (test for excess errors)
XPASS: g++.mike/eh33.C Execution test
XPASS: g++.mike/eh50.C (test for excess errors)
XPASS: g++.mike/eh50.C Execution test
FAIL: g++.other/mangle3.C (test for excess errors)
=== g++ Summary for unix ===
# of expected passes 6384
# of unexpected failures 8
# of unexpected successes 4
# of expected failures 113
# of untested testcases 20
=== g++ Summary ===
# of expected passes 12766
# of unexpected failures 17
# of unexpected successes 8
# of expected failures 226
# of untested testcases 40
/xxx/gnu/gcc-3.0/objdir/gcc/testsuite/../g++ version 3.0 20010511 (prerelease)
=== g77 tests ===
Running target unix/-fPIC
FAIL: g77.f-torture/compile/alpha1.f, -O0
FAIL: g77.f-torture/compile/alpha1.f, -O1
FAIL: g77.f-torture/compile/alpha1.f, -O2
FAIL: g77.f-torture/compile/alpha1.f, -O3 -fomit-frame-pointer
FAIL: g77.f-torture/compile/alpha1.f, -O3 -g
FAIL: g77.f-torture/compile/alpha1.f, -Os
FAIL: g77.f-torture/execute/io0.f execution, -O0
FAIL: g77.f-torture/execute/io0.f execution, -O1
FAIL: g77.f-torture/execute/io0.f execution, -O2
FAIL: g77.f-torture/execute/io0.f execution, -O3 -fomit-frame-pointer
FAIL: g77.f-torture/execute/io0.f execution, -O3 -g
FAIL: g77.f-torture/execute/io0.f execution, -Os
FAIL: g77.f-torture/execute/io1.f execution, -O0
FAIL: g77.f-torture/execute/io1.f execution, -O1
FAIL: g77.f-torture/execute/io1.f execution, -O2
FAIL: g77.f-torture/execute/io1.f execution, -O3 -fomit-frame-pointer
FAIL: g77.f-torture/execute/io1.f execution, -O3 -g
FAIL: g77.f-torture/execute/io1.f execution, -Os
=== g77 Summary for unix/-fPIC ===
# of expected passes 907
# of unexpected failures 18
# of unsupported tests 8
Running target unix
FAIL: g77.f-torture/compile/alpha1.f, -O0
FAIL: g77.f-torture/compile/alpha1.f, -O1
FAIL: g77.f-torture/compile/alpha1.f, -O2
FAIL: g77.f-torture/compile/alpha1.f, -O3 -fomit-frame-pointer
FAIL: g77.f-torture/compile/alpha1.f, -O3 -g
FAIL: g77.f-torture/compile/alpha1.f, -Os
FAIL: g77.f-torture/execute/io0.f execution, -O0
FAIL: g77.f-torture/execute/io0.f execution, -O1
FAIL: g77.f-torture/execute/io0.f execution, -O2
FAIL: g77.f-torture/execute/io0.f execution, -O3 -fomit-frame-pointer
FAIL: g77.f-torture/execute/io0.f execution, -O3 -g
FAIL: g77.f-torture/execute/io0.f execution, -Os
FAIL: g77.f-torture/execute/io1.f execution, -O0
FAIL: g77.f-torture/execute/io1.f execution, -O1
FAIL: g77.f-torture/execute/io1.f execution, -O2
FAIL: g77.f-torture/execute/io1.f execution, -O3 -fomit-frame-pointer
FAIL: g77.f-torture/execute/io1.f execution, -O3 -g
FAIL: g77.f-torture/execute/io1.f execution, -Os
=== g77 Summary for unix ===
# of expected passes 907
# of unexpected failures 18
# of unsupported tests 8
=== g77 Summary ===
# of expected passes 1814
# of unexpected failures 36
# of unsupported tests 16
=== objc tests ===
Running target unix/-fPIC
FAIL: objc/execute/IMP.m execution, -O
FAIL: objc/execute/_cmd.m execution, -O
FAIL: objc/execute/accessing_ivars.m execution, -O
FAIL: objc/execute/bf-1.m execution, -O
FAIL: objc/execute/bf-10.m execution, -O
FAIL: objc/execute/bf-11.m execution, -O
FAIL: objc/execute/bf-12.m execution, -O
FAIL: objc/execute/bf-13.m execution, -O
FAIL: objc/execute/bf-14.m execution, -O
FAIL: objc/execute/bf-15.m execution, -O
FAIL: objc/execute/bf-16.m execution, -O
FAIL: objc/execute/bf-17.m execution, -O
FAIL: objc/execute/bf-18.m execution, -O
FAIL: objc/execute/bf-19.m execution, -O
FAIL: objc/execute/bf-2.m execution, -O
FAIL: objc/execute/bf-20.m execution, -O
FAIL: objc/execute/bf-3.m execution, -O
FAIL: objc/execute/bf-4.m execution, -O
FAIL: objc/execute/bf-5.m execution, -O
FAIL: objc/execute/bf-6.m execution, -O
FAIL: objc/execute/bf-7.m execution, -O
FAIL: objc/execute/bf-8.m execution, -O
FAIL: objc/execute/bf-9.m execution, -O
FAIL: objc/execute/bycopy-1.m execution, -O
FAIL: objc/execute/bycopy-2.m execution, -O
FAIL: objc/execute/bycopy-3.m execution, -O
FAIL: objc/execute/class-1.m execution, -O
FAIL: objc/execute/class-10.m execution, -O
FAIL: objc/execute/class-11.m execution, -O
FAIL: objc/execute/class-12.m execution, -O
FAIL: objc/execute/class-13.m execution, -O
FAIL: objc/execute/class-14.m execution, -O
FAIL: objc/execute/class-2.m execution, -O
FAIL: objc/execute/class-3.m execution, -O
FAIL: objc/execute/class-4.m execution, -O
FAIL: objc/execute/class-5.m execution, -O
FAIL: objc/execute/class-6.m execution, -O
FAIL: objc/execute/class-7.m execution, -O
FAIL: objc/execute/class-8.m execution, -O
FAIL: objc/execute/class-9.m execution, -O
FAIL: objc/execute/compatibility_alias.m execution, -O
FAIL: objc/execute/fdecl.m execution, -O
FAIL: objc/execute/formal_protocol-1.m execution, -O
FAIL: objc/execute/formal_protocol-2.m execution, -O
FAIL: objc/execute/formal_protocol-3.m execution, -O
FAIL: objc/execute/formal_protocol-4.m execution, -O
FAIL: objc/execute/formal_protocol-5.m execution, -O
FAIL: objc/execute/formal_protocol-6.m execution, -O
FAIL: objc/execute/formal_protocol-7.m execution, -O
FAIL: objc/execute/initialize.m execution, -O
FAIL: objc/execute/load.m execution, -O
FAIL: objc/execute/many_args_method.m execution, -O
FAIL: objc/execute/nested-3.m execution, -O
FAIL: objc/execute/no_clash.m execution, -O
FAIL: objc/execute/np-1.m execution, -O
FAIL: objc/execute/np-2.m execution, -O
FAIL: objc/execute/private.m execution, -O
FAIL: objc/execute/protocol.m execution, -O
FAIL: objc/execute/redefining_self.m execution, -O
FAIL: objc/execute/root_methods.m execution, -O
FAIL: objc/execute/selector-1.m execution, -O
FAIL: objc/execute/static-1.m execution, -O
FAIL: objc/execute/static-2.m execution, -O
FAIL: objc/execute/string1.m execution, -O
FAIL: objc/execute/string2.m execution, -O
FAIL: objc/execute/string3.m execution, -O
FAIL: objc/execute/string4.m execution, -O
FAIL: objc/execute/va_method.m execution, -O
=== objc Summary for unix/-fPIC ===
# of expected passes 78
# of unexpected failures 68
Running target unix
FAIL: objc/execute/IMP.m execution, -O
FAIL: objc/execute/_cmd.m execution, -O
FAIL: objc/execute/accessing_ivars.m compilation, -O
FAIL: objc/execute/bf-1.m execution, -O
FAIL: objc/execute/bf-10.m execution, -O
FAIL: objc/execute/bf-11.m execution, -O
FAIL: objc/execute/bf-12.m execution, -O
FAIL: objc/execute/bf-13.m execution, -O
FAIL: objc/execute/bf-14.m execution, -O
FAIL: objc/execute/bf-15.m execution, -O
FAIL: objc/execute/bf-16.m execution, -O
FAIL: objc/execute/bf-17.m execution, -O
FAIL: objc/execute/bf-18.m execution, -O
FAIL: objc/execute/bf-19.m execution, -O
FAIL: objc/execute/bf-2.m execution, -O
FAIL: objc/execute/bf-20.m execution, -O
FAIL: objc/execute/bf-3.m execution, -O
FAIL: objc/execute/bf-4.m execution, -O
FAIL: objc/execute/bf-5.m execution, -O
FAIL: objc/execute/bf-6.m execution, -O
FAIL: objc/execute/bf-7.m execution, -O
FAIL: objc/execute/bf-8.m execution, -O
FAIL: objc/execute/bf-9.m execution, -O
FAIL: objc/execute/bycopy-1.m execution, -O
FAIL: objc/execute/bycopy-2.m compilation, -O
FAIL: objc/execute/bycopy-3.m compilation, -O
FAIL: objc/execute/class-1.m compilation, -O
FAIL: objc/execute/class-10.m compilation, -O
FAIL: objc/execute/class-11.m compilation, -O
FAIL: objc/execute/class-12.m compilation, -O
FAIL: objc/execute/class-13.m compilation, -O
FAIL: objc/execute/class-14.m compilation, -O
FAIL: objc/execute/class-2.m compilation, -O
FAIL: objc/execute/class-3.m compilation, -O
FAIL: objc/execute/class-4.m compilation, -O
FAIL: objc/execute/class-5.m compilation, -O
FAIL: objc/execute/class-6.m compilation, -O
FAIL: objc/execute/class-7.m compilation, -O
FAIL: objc/execute/class-8.m compilation, -O
FAIL: objc/execute/class-9.m compilation, -O
FAIL: objc/execute/compatibility_alias.m compilation, -O
FAIL: objc/execute/fdecl.m execution, -O
FAIL: objc/execute/formal_protocol-1.m compilation, -O
FAIL: objc/execute/formal_protocol-2.m compilation, -O
FAIL: objc/execute/formal_protocol-3.m compilation, -O
FAIL: objc/execute/formal_protocol-4.m compilation, -O
FAIL: objc/execute/formal_protocol-5.m compilation, -O
FAIL: objc/execute/formal_protocol-6.m compilation, -O
FAIL: objc/execute/formal_protocol-7.m compilation, -O
FAIL: objc/execute/initialize.m execution, -O
FAIL: objc/execute/load.m execution, -O
FAIL: objc/execute/many_args_method.m execution, -O
FAIL: objc/execute/nested-3.m execution, -O
FAIL: objc/execute/no_clash.m compilation, -O
FAIL: objc/execute/np-1.m compilation, -O
FAIL: objc/execute/np-2.m compilation, -O
FAIL: objc/execute/private.m compilation, -O
FAIL: objc/execute/protocol.m compilation, -O
FAIL: objc/execute/redefining_self.m execution, -O
FAIL: objc/execute/root_methods.m execution, -O
FAIL: objc/execute/selector-1.m execution, -O
FAIL: objc/execute/static-1.m execution, -O
FAIL: objc/execute/static-2.m execution, -O
FAIL: objc/execute/string1.m compilation, -O
FAIL: objc/execute/string2.m compilation, -O
FAIL: objc/execute/string3.m compilation, -O
FAIL: objc/execute/string4.m compilation, -O
FAIL: objc/execute/va_method.m execution, -O
=== objc Summary for unix ===
# of expected passes 44
# of unexpected failures 68
# of untested testcases 34
=== objc Summary ===
# of expected passes 122
# of unexpected failures 136
# of untested testcases 34
/xxx/gnu/gcc-3.0/objdir/gcc/xgcc version 3.0 20010511 (prerelease)
Compiler version: 3.0 20010511 (prerelease)
Platform: hppa1.1-hp-hpux10.20
configure flags: --host=hppa1.1-hp-hpux10.20 --with-gnu-as --enable-shared
More information about the Gcc-testresults
mailing list