Results for 3.0 20010512 (prerelease) testsuite on i686-pc-linux-gnu
Andreas Jaeger
aj@suse.de
Sat May 12 12:36:00 GMT 2001
Native configuration is i686-pc-linux-gnu
=== libjava tests ===
Running target unix
XPASS: N19990310_4 output from source compiled test
XPASS: N19990310_4 -O output from source compiled test
XPASS: stringconst output from bytecode->native test
XPASS: stringconst -O output from bytecode->native test
XPASS: stub compilation from source
XPASS: stub byte compilation
XPASS: stub compilation from bytecode
XPASS: stub -O compilation from source
XPASS: stub byte compilation
XPASS: stub -O compilation from bytecode
=== libjava Summary ===
# of expected passes 1676
# of unexpected successes 10
# of expected failures 14
# of untested testcases 16
=== gcc tests ===
Running target unix
XPASS: gcc.c-torture/execute/20010114-2.c execution, -O0
XPASS: gcc.c-torture/execute/20010114-2.c execution, -O3 -fomit-frame-pointer
XPASS: gcc.c-torture/execute/20010114-2.c execution, -O3 -g
XPASS: gcc.c-torture/execute/loop-2b.c execution, -O0
XPASS: gcc.c-torture/execute/loop-2b.c execution, -O1
XPASS: gcc.c-torture/execute/loop-2b.c execution, -O3 -fomit-frame-pointer
XPASS: gcc.c-torture/execute/loop-2b.c execution, -O3 -fomit-frame-pointer -funroll-loops
XPASS: gcc.c-torture/execute/loop-2b.c execution, -O3 -fomit-frame-pointer -funroll-all-loops -finline-functions
XPASS: gcc.c-torture/execute/loop-2b.c execution, -O3 -g
XPASS: gcc.c-torture/execute/loop-2b.c execution, -Os
FAIL: gcc.dg/format/ext-3.c bad %^# (test for warnings, line 215)
FAIL: gcc.dg/format/ext-3.c (test for excess errors)
=== gcc Summary ===
# of expected passes 15133
# of unexpected failures 2
# of unexpected successes 10
# of expected failures 91
# of unsupported tests 20
/builds/gcc/gcc-3.0-pre/gcc/xgcc version 3.0 20010512 (prerelease)
=== g++ tests ===
Running target unix
FAIL: g++.ext/instantiate1.C not instantiated (test for errors, line 20)
=== g++ Summary ===
# of expected passes 6428
# of unexpected failures 1
# of expected failures 103
# of untested testcases 9
/builds/gcc/gcc-3.0-pre/gcc/testsuite/../g++ version 3.0 20010512 (prerelease)
=== g77 tests ===
Running target unix
XPASS: g77.f-torture/compile/20000629-1.f, -O3 -fomit-frame-pointer -funroll-loops
XPASS: g77.f-torture/compile/20000629-1.f, -O3 -fomit-frame-pointer -funroll-all-loops -finline-functions
=== g77 Summary ===
# of expected passes 939
# of unexpected successes 2
=== objc tests ===
Running target unix
FAIL: objc/execute/IMP.m compilation, -O
FAIL: objc/execute/_cmd.m compilation, -O
FAIL: objc/execute/accessing_ivars.m compilation, -O
FAIL: objc/execute/bf-1.m compilation, -O
FAIL: objc/execute/bf-10.m compilation, -O
FAIL: objc/execute/bf-11.m compilation, -O
FAIL: objc/execute/bf-12.m compilation, -O
FAIL: objc/execute/bf-13.m compilation, -O
FAIL: objc/execute/bf-14.m compilation, -O
FAIL: objc/execute/bf-15.m compilation, -O
FAIL: objc/execute/bf-16.m compilation, -O
FAIL: objc/execute/bf-17.m compilation, -O
FAIL: objc/execute/bf-18.m compilation, -O
FAIL: objc/execute/bf-19.m compilation, -O
FAIL: objc/execute/bf-2.m compilation, -O
FAIL: objc/execute/bf-20.m compilation, -O
FAIL: objc/execute/bf-3.m compilation, -O
FAIL: objc/execute/bf-4.m compilation, -O
FAIL: objc/execute/bf-5.m compilation, -O
FAIL: objc/execute/bf-6.m compilation, -O
FAIL: objc/execute/bf-7.m compilation, -O
FAIL: objc/execute/bf-8.m compilation, -O
FAIL: objc/execute/bf-9.m compilation, -O
FAIL: objc/execute/bycopy-1.m compilation, -O
FAIL: objc/execute/bycopy-2.m compilation, -O
FAIL: objc/execute/bycopy-3.m compilation, -O
FAIL: objc/execute/class-1.m compilation, -O
FAIL: objc/execute/class-10.m compilation, -O
FAIL: objc/execute/class-11.m compilation, -O
FAIL: objc/execute/class-12.m compilation, -O
FAIL: objc/execute/class-13.m compilation, -O
FAIL: objc/execute/class-14.m compilation, -O
FAIL: objc/execute/class-2.m compilation, -O
FAIL: objc/execute/class-3.m compilation, -O
FAIL: objc/execute/class-4.m compilation, -O
FAIL: objc/execute/class-5.m compilation, -O
FAIL: objc/execute/class-6.m compilation, -O
FAIL: objc/execute/class-7.m compilation, -O
FAIL: objc/execute/class-8.m compilation, -O
FAIL: objc/execute/class-9.m compilation, -O
FAIL: objc/execute/compatibility_alias.m compilation, -O
FAIL: objc/execute/encode-1.m compilation, -O
FAIL: objc/execute/fdecl.m compilation, -O
FAIL: objc/execute/formal_protocol-1.m compilation, -O
FAIL: objc/execute/formal_protocol-2.m compilation, -O
FAIL: objc/execute/formal_protocol-3.m compilation, -O
FAIL: objc/execute/formal_protocol-4.m compilation, -O
FAIL: objc/execute/formal_protocol-5.m compilation, -O
FAIL: objc/execute/formal_protocol-6.m compilation, -O
FAIL: objc/execute/formal_protocol-7.m compilation, -O
FAIL: objc/execute/informal_protocol.m compilation, -O
FAIL: objc/execute/initialize.m compilation, -O
FAIL: objc/execute/load.m compilation, -O
FAIL: objc/execute/many_args_method.m compilation, -O
FAIL: objc/execute/nested-1.m compilation, -O
FAIL: objc/execute/nested-2.m compilation, -O
FAIL: objc/execute/nested-3.m compilation, -O
FAIL: objc/execute/no_clash.m compilation, -O
FAIL: objc/execute/np-1.m compilation, -O
FAIL: objc/execute/np-2.m compilation, -O
FAIL: objc/execute/paste.m compilation, -O
FAIL: objc/execute/private.m compilation, -O
FAIL: objc/execute/protocol.m compilation, -O
FAIL: objc/execute/redefining_self.m compilation, -O
FAIL: objc/execute/root_methods.m compilation, -O
FAIL: objc/execute/selector-1.m compilation, -O
FAIL: objc/execute/static-1.m compilation, -O
FAIL: objc/execute/static-2.m compilation, -O
FAIL: objc/execute/string1.m compilation, -O
FAIL: objc/execute/string2.m compilation, -O
FAIL: objc/execute/string3.m compilation, -O
FAIL: objc/execute/string4.m compilation, -O
FAIL: objc/execute/va_method.m compilation, -O
=== objc Summary ===
# of unexpected failures 73
# of untested testcases 73
/builds/gcc/gcc-3.0-pre/gcc/xgcc version 3.0 20010512 (prerelease)
Compiler version: 3.0 20010512 (prerelease)
Platform: i686-pc-linux-gnu
configure flags: --host=i686-pc-linux-gnu --prefix=/opt/gcc-3.0 --enable-shared --enable-threads=posix --with-gnu-as --with-gnu-ld --disable-nls --with-system-zlib --enable-languages=c,objc,c++,f77,java
More information about the Gcc-testresults
mailing list