Results for 3.1 20010510 (experimental) testsuite on i386-unknown-freebsd4.2
Loren James Rittle
rittle@latour.rsch.comm.mot.com
Fri May 11 14:47:00 GMT 2001
[A trivial configuration patch was applied to $src/gcc/config/freebsd.h.
It is posted under separate cover to gcc-patches. Without the patch,
thread support on FreeBSD 5.0 is busted.]
Native configuration is i386-unknown-freebsd4.2
=== libstdc++ tests ===
Running target unix
FAIL: 21_strings/c_strings.cc (test for excess errors), static
FAIL: 21_strings/c_strings.cc (test for excess errors), shared
FAIL: 21_strings/ctor_copy_dtor.cc (execution test), static
FAIL: 21_strings/insert.cc (execution test), static
XPASS: 26_numerics/c99_classification_macros_c.cc (test for excess errors), static
XPASS: 26_numerics/c99_classification_macros_c.cc (test for excess errors), shared
=== libstdc++ Summary ===
# of expected passes 408
# of unexpected failures 4
# of unexpected successes 2
# of expected failures 14
=== gcc tests ===
Running target unix
FAIL: gcc.c-torture/compile/20001226-1.c, -O2
FAIL: gcc.c-torture/compile/20001226-1.c, -O3 -fomit-frame-pointer
FAIL: gcc.c-torture/compile/20001226-1.c, -O3 -g
FAIL: gcc.c-torture/compile/20001226-1.c, -Os
FAIL: gcc.c-torture/execute/20010114-2.c execution, -O1
FAIL: gcc.c-torture/execute/20010114-2.c execution, -O2
FAIL: gcc.c-torture/execute/20010114-2.c execution, -Os
FAIL: gcc.c-torture/execute/loop-2b.c execution, -O2
=== gcc Summary for unix ===
# of expected passes 15262
# of unexpected failures 8
# of expected failures 84
# of unsupported tests 25
Running target unix/-pthread -fpic
FAIL: gcc.c-torture/compile/20000804-1.c, -O0
FAIL: gcc.c-torture/compile/20001226-1.c, -O2
FAIL: gcc.c-torture/compile/20001226-1.c, -O3 -fomit-frame-pointer
FAIL: gcc.c-torture/compile/20001226-1.c, -O3 -g
FAIL: gcc.c-torture/compile/20001226-1.c, -Os
FAIL: gcc.c-torture/execute/20010114-2.c execution, -O1
FAIL: gcc.c-torture/execute/20010114-2.c execution, -O2
FAIL: gcc.c-torture/execute/20010114-2.c execution, -O3 -fomit-frame-pointer
FAIL: gcc.c-torture/execute/20010114-2.c execution, -O3 -g
FAIL: gcc.c-torture/execute/20010114-2.c execution, -Os
FAIL: gcc.c-torture/execute/20010129-1.c execution, -O3 -g
FAIL: gcc.c-torture/execute/930614-1.c compilation, -O3 -fomit-frame-pointer
FAIL: gcc.c-torture/execute/930614-1.c compilation, -O3 -g
FAIL: gcc.c-torture/execute/conversion.c execution, -O3 -fomit-frame-pointer
FAIL: gcc.c-torture/execute/conversion.c execution, -O3 -g
FAIL: gcc.c-torture/execute/ieee/920810-1.c compilation, -O3 -fomit-frame-pointer
FAIL: gcc.c-torture/execute/ieee/920810-1.c compilation, -O3 -g
FAIL: gcc.dg/asm-names.c (test for excess errors)
=== gcc Summary for unix/-pthread -fpic ===
# of expected passes 15248
# of unexpected failures 18
# of expected failures 84
# of unresolved testcases 4
# of unsupported tests 25
=== gcc Summary ===
# of expected passes 30510
# of unexpected failures 26
# of expected failures 168
# of unresolved testcases 4
# of unsupported tests 50
/usr/users/rittle/tmp/gcc-build-latour-mainline-0511/gcc/xgcc version 3.1 20010510 (experimental)
=== g++ tests ===
Running target unix
XPASS: g++.other/crash27.C (test for excess errors)
=== g++ Summary for unix ===
# of expected passes 6460
# of unexpected successes 1
# of expected failures 102
# of untested testcases 12
Running target unix/-pthread -fpic
XPASS: g++.other/crash27.C (test for excess errors)
=== g++ Summary for unix/-pthread -fpic ===
# of expected passes 6460
# of unexpected successes 1
# of expected failures 102
# of untested testcases 12
=== g++ Summary ===
# of expected passes 12920
# of unexpected successes 2
# of expected failures 204
# of untested testcases 24
/usr/users/rittle/tmp/gcc-build-latour-mainline-0511/gcc/testsuite/../g++ version 3.1 20010510 (experimental)
=== g77 tests ===
Running target unix
FAIL: g77.f-torture/compile/20000511-2.f, -O3 -g
FAIL: g77.f-torture/compile/20000629-1.f, -O3 -g
FAIL: g77.f-torture/execute/19981119-0.f compilation, -O3 -g
FAIL: g77.f-torture/execute/io1.f execution, -O0
FAIL: g77.f-torture/execute/io1.f execution, -O1
FAIL: g77.f-torture/execute/io1.f execution, -O2
FAIL: g77.f-torture/execute/io1.f execution, -O3 -fomit-frame-pointer
FAIL: g77.f-torture/execute/io1.f execution, -O3 -g
FAIL: g77.f-torture/execute/io1.f execution, -Os
=== g77 Summary for unix ===
# of expected passes 949
# of unexpected failures 9
# of untested testcases 1
# of unsupported tests 8
Running target unix/-pthread -fpic
FAIL: g77.f-torture/compile/20000511-2.f, -O3 -g
FAIL: g77.f-torture/compile/20000629-1.f, -O3 -g
FAIL: g77.f-torture/execute/19981119-0.f compilation, -O3 -g
FAIL: g77.f-torture/execute/io1.f execution, -O0
FAIL: g77.f-torture/execute/io1.f execution, -O1
FAIL: g77.f-torture/execute/io1.f execution, -O2
FAIL: g77.f-torture/execute/io1.f execution, -O3 -fomit-frame-pointer
FAIL: g77.f-torture/execute/io1.f execution, -O3 -g
FAIL: g77.f-torture/execute/io1.f execution, -Os
=== g77 Summary for unix/-pthread -fpic ===
# of expected passes 949
# of unexpected failures 9
# of untested testcases 1
# of unsupported tests 8
=== g77 Summary ===
# of expected passes 1898
# of unexpected failures 18
# of untested testcases 2
# of unsupported tests 16
=== objc tests ===
Running target unix
FAIL: objc/execute/IMP.m compilation, -O
FAIL: objc/execute/_cmd.m compilation, -O
FAIL: objc/execute/accessing_ivars.m compilation, -O
FAIL: objc/execute/bf-1.m compilation, -O
FAIL: objc/execute/bf-10.m compilation, -O
FAIL: objc/execute/bf-11.m compilation, -O
FAIL: objc/execute/bf-12.m compilation, -O
FAIL: objc/execute/bf-13.m compilation, -O
FAIL: objc/execute/bf-14.m compilation, -O
FAIL: objc/execute/bf-15.m compilation, -O
FAIL: objc/execute/bf-16.m compilation, -O
FAIL: objc/execute/bf-17.m compilation, -O
FAIL: objc/execute/bf-18.m compilation, -O
FAIL: objc/execute/bf-19.m compilation, -O
FAIL: objc/execute/bf-2.m compilation, -O
FAIL: objc/execute/bf-20.m compilation, -O
FAIL: objc/execute/bf-3.m compilation, -O
FAIL: objc/execute/bf-4.m compilation, -O
FAIL: objc/execute/bf-5.m compilation, -O
FAIL: objc/execute/bf-6.m compilation, -O
FAIL: objc/execute/bf-7.m compilation, -O
FAIL: objc/execute/bf-8.m compilation, -O
FAIL: objc/execute/bf-9.m compilation, -O
FAIL: objc/execute/bycopy-1.m compilation, -O
FAIL: objc/execute/bycopy-2.m compilation, -O
FAIL: objc/execute/bycopy-3.m compilation, -O
FAIL: objc/execute/class-1.m compilation, -O
FAIL: objc/execute/class-10.m compilation, -O
FAIL: objc/execute/class-11.m compilation, -O
FAIL: objc/execute/class-12.m compilation, -O
FAIL: objc/execute/class-13.m compilation, -O
FAIL: objc/execute/class-14.m compilation, -O
FAIL: objc/execute/class-2.m compilation, -O
FAIL: objc/execute/class-3.m compilation, -O
FAIL: objc/execute/class-4.m compilation, -O
FAIL: objc/execute/class-5.m compilation, -O
FAIL: objc/execute/class-6.m compilation, -O
FAIL: objc/execute/class-7.m compilation, -O
FAIL: objc/execute/class-8.m compilation, -O
FAIL: objc/execute/class-9.m compilation, -O
FAIL: objc/execute/compatibility_alias.m compilation, -O
FAIL: objc/execute/fdecl.m compilation, -O
FAIL: objc/execute/formal_protocol-1.m compilation, -O
FAIL: objc/execute/formal_protocol-2.m compilation, -O
FAIL: objc/execute/formal_protocol-3.m compilation, -O
FAIL: objc/execute/formal_protocol-4.m compilation, -O
FAIL: objc/execute/formal_protocol-5.m compilation, -O
FAIL: objc/execute/formal_protocol-6.m compilation, -O
FAIL: objc/execute/formal_protocol-7.m compilation, -O
FAIL: objc/execute/initialize.m compilation, -O
FAIL: objc/execute/load.m compilation, -O
FAIL: objc/execute/many_args_method.m compilation, -O
FAIL: objc/execute/nested-3.m compilation, -O
FAIL: objc/execute/no_clash.m compilation, -O
FAIL: objc/execute/np-1.m compilation, -O
FAIL: objc/execute/np-2.m compilation, -O
FAIL: objc/execute/private.m compilation, -O
FAIL: objc/execute/protocol.m compilation, -O
FAIL: objc/execute/redefining_self.m compilation, -O
FAIL: objc/execute/root_methods.m compilation, -O
FAIL: objc/execute/selector-1.m compilation, -O
FAIL: objc/execute/static-1.m compilation, -O
FAIL: objc/execute/static-2.m compilation, -O
FAIL: objc/execute/string1.m compilation, -O
FAIL: objc/execute/string2.m compilation, -O
FAIL: objc/execute/string3.m compilation, -O
FAIL: objc/execute/string4.m compilation, -O
FAIL: objc/execute/va_method.m compilation, -O
=== objc Summary for unix ===
# of expected passes 10
# of unexpected failures 68
# of untested testcases 68
Running target unix/-pthread -fpic
FAIL: objc/execute/formal_protocol-6.m execution, -O
=== objc Summary for unix/-pthread -fpic ===
# of expected passes 145
# of unexpected failures 1
=== objc Summary ===
# of expected passes 155
# of unexpected failures 69
# of untested testcases 68
/usr/users/rittle/tmp/gcc-build-latour-mainline-0511/gcc/xgcc version 3.1 20010510 (experimental)
Compiler version: 3.1 20010510 (experimental)
Platform: i386-unknown-freebsd4.2
configure flags: --host=i386-unknown-freebsd4.2 --enable-threads --with-dwarf2 --prefix=/usr/local/beta-gcc --with-gnu-as --with-as=/usr/local/beta-gcc/bin/as --with-gnu-ld --with-ld=/usr/local/beta-gcc/bin/ld
BOOT_CFLAGS=-g -O2
More information about the Gcc-testresults
mailing list