Results for 3.120010511(experimental) testsuite on i686-pc-linux-gnu
Neil Booth
neil@daikokuya.demon.co.uk
Fri May 11 13:39:00 GMT 2001
Native configuration is i686-pc-linux-gnu
=== libstdc++ tests ===
Running target unix
FAIL: 19_diagnostics/stdexceptions.cc (execution test), shared
FAIL: 21_strings/append.cc (execution test), shared
FAIL: 21_strings/c_strings.cc (test for excess errors), static
FAIL: 21_strings/c_strings.cc (test for excess errors), shared
FAIL: 21_strings/char_traits_requirements.cc (execution test), static
FAIL: 21_strings/char_traits_requirements.cc (execution test), shared
FAIL: 21_strings/ctor_copy_dtor.cc (execution test), static
FAIL: 21_strings/ctor_copy_dtor.cc (execution test), shared
FAIL: 21_strings/element_access.cc (execution test), shared
FAIL: 21_strings/insert.cc (execution test), static
FAIL: 21_strings/insert.cc (execution test), shared
FAIL: 21_strings/substr.cc (execution test), shared
FAIL: 22_locale/ctor_copy_dtor.cc (execution test), shared
FAIL: 22_locale/ctype_wchar_t_members.cc (execution test), static
FAIL: 22_locale/ctype_wchar_t_members.cc (execution test), shared
FAIL: 23_containers/bitset_ctor.cc (execution test), shared
FAIL: 23_containers/vector_element_access.cc (execution test), shared
FAIL: 27_io/ios_members.cc (execution test), static
FAIL: 27_io/ios_members.cc (execution test), shared
=== libstdc++ Summary ===
# of expected passes 393
# of unexpected failures 19
# of expected failures 16
=== gcc tests ===
Running target unix
FAIL: gcc.c-torture/execute/20010114-2.c execution, -O1
FAIL: gcc.c-torture/execute/20010114-2.c execution, -O2
FAIL: gcc.c-torture/execute/20010114-2.c execution, -Os
FAIL: gcc.c-torture/execute/20010325-1.c execution, -O0
FAIL: gcc.c-torture/execute/20010325-1.c execution, -O1
FAIL: gcc.c-torture/execute/20010325-1.c execution, -O2
FAIL: gcc.c-torture/execute/20010325-1.c execution, -O3 -fomit-frame-pointer
FAIL: gcc.c-torture/execute/20010325-1.c execution, -O3 -g
FAIL: gcc.c-torture/execute/20010325-1.c execution, -Os
FAIL: gcc.c-torture/execute/loop-2b.c execution, -O2
FAIL: gcc.c-torture/execute/widechar-2.c execution, -O0
FAIL: gcc.c-torture/execute/widechar-2.c execution, -O1
FAIL: gcc.c-torture/execute/widechar-2.c execution, -O2
FAIL: gcc.c-torture/execute/widechar-2.c execution, -O3 -fomit-frame-pointer
FAIL: gcc.c-torture/execute/widechar-2.c execution, -O3 -g
FAIL: gcc.c-torture/execute/widechar-2.c execution, -Os
FAIL: gcc.dg/cpp/if-2.c wide charconst recognition 1 (test for bogus messages, line 9)
FAIL: gcc.dg/cpp/if-2.c wide charconst recognition 2 (test for bogus messages, line 13)
FAIL: gcc.dg/cpp/if-2.c wide charconst recognition 3 (test for bogus messages, line 17)
FAIL: gcc.dg/cpp/if-2.c (test for excess errors)
FAIL: gcc.dg/c99-init-1.c execution test
=== gcc Summary ===
# of expected passes 15260
# of unexpected failures 21
# of expected failures 84
# of unsupported tests 21
/home/neil/src/gcc/build/gcc/xgcc version 3.1 20010511 (experimental)
=== g++ tests ===
Running target unix
FAIL: g++.ext/instantiate1.C not instantiated (test for errors, line 20)
XPASS: g++.other/crash27.C (test for excess errors)
=== g++ Summary ===
# of expected passes 6462
# of unexpected failures 1
# of unexpected successes 1
# of expected failures 102
# of untested testcases 9
/home/neil/src/gcc/build/gcc/testsuite/../g++ version 3.1 20010511 (experimental)
=== objc tests ===
Running target unix
FAIL: objc/execute/formal_protocol-6.m execution, -O
=== objc Summary ===
# of expected passes 145
# of unexpected failures 1
/home/neil/src/gcc/build/gcc/xgcc version 3.1 20010511 (experimental)
Compiler version: 3.120010511(experimental)
Platform: i686-pc-linux-gnu
configure flags: --host=i686-pc-linux-gnu --enable-shared --enable-threads=posix --enable-languages=c,objc,c++
More information about the Gcc-testresults
mailing list