Results for 3.0 20010507 (prerelease) testsuite on hppa2.0-hp-hpux10.20
RDBrown@mira.net
RDBrown@mira.net
Wed May 9 06:45:00 GMT 2001
+: pass, -b: build failure, -r: run failure, x: disabled
------------------------------------------------------------------------
static shared test
------------------------------------------------------------------------
-b -b 17_intro/header_ciso646.cc
+ + 17_intro/header_cstdio.cc
+ + 17_intro/header_cstdlib.cc
+ + 17_intro/header_cstring.cc
+ + 17_intro/header_ctime.cc
+ + 17_intro/header_cwchar.cc
+ + 17_intro/header_cwctype.cc
+ + 17_intro/header_fstream.cc
+ + 17_intro/header_iomanip.cc
+ + 17_intro/header_ios.cc
+ + 17_intro/header_iosfwd.cc
+ + 17_intro/header_iostream.cc
+ + 17_intro/header_istream.cc
+ + 17_intro/header_ostream.cc
+ + 17_intro/header_sstream.cc
+ + 17_intro/header_streambuf.cc
-b -b 17_intro/headers.cc
-b -b 17_intro/headers_c++.cc
-b -b 17_intro/headers_c.cc
+ + 18_support/numeric_limits.cc
+ + 19_diagnostics/stdexceptions.cc
+ + 20_util/auto_ptr.cc
+ + 21_strings/append.cc
-b -b 21_strings/capacity.cc
+ + 21_strings/char_traits_requirements.cc
+ + 21_strings/char_traits_typedefs.cc
+ + 21_strings/compare.cc
-r -r 21_strings/ctor_copy_dtor.cc
+ + 21_strings/element_access.cc
+ + 21_strings/find.cc
+ + 21_strings/insert.cc
+ + 21_strings/inserters_extractors.cc
+ + 21_strings/invariants.cc
+ + 21_strings/nonmember.cc
+ + 21_strings/operations.cc
+ + 21_strings/replace.cc
+ + 21_strings/rfind.cc
+ + 21_strings/substr.cc
+ + 22_locale/codecvt_char_char.cc
+ + 22_locale/codecvt_unicode_char.cc
+ + 22_locale/codecvt_unicode_wchar_t.cc
+ + 22_locale/codecvt_wchar_t_char.cc
+ + 22_locale/ctor_copy_dtor.cc
+ + 22_locale/ctype.cc
-r -r 22_locale/ctype_char_members.cc
+ + 22_locale/ctype_wchar_t_members.cc
+ + 22_locale/facet.cc
+ + 22_locale/global_templates.cc
+ + 22_locale/members.cc
-b -b 22_locale/numpunct.cc
+ + 22_locale/numpunct_byname.cc
+ + 22_locale/numpunct_char_members.cc
+ + 22_locale/operators.cc
+ + 22_locale/static_members.cc
+ + 23_containers/bitset_ctor.cc
+ + 23_containers/bitset_shift.cc
-b -b 23_containers/map_operators.cc
-b -b 23_containers/multiset.cc
-b -b 23_containers/set_operators.cc
+ + 23_containers/vector_capacity.cc
+ + 23_containers/vector_ctor.cc
+ + 23_containers/vector_element_access.cc
+ + 23_containers/vector_modifiers.cc
+ + 24_iterators/istreambuf_iterator.cc
+ + 24_iterators/iterator.cc
+ + 25_algorithms/equal.cc
+ + 25_algorithms/lower_bound.cc
+ + 25_algorithms/min_max.cc
+ + 26_numerics/binary_closure.cc
+ + 26_numerics/buggy_complex.cc
+ + 26_numerics/c99_macros.cc
+ + 26_numerics/c_math.cc
+ + 26_numerics/complex_inserters_extractors.cc
+ + 26_numerics/complex_value.cc
+ + 26_numerics/valarray.cc
-b -b 27_io/filebuf.cc
-r -r 27_io/filebuf_members.cc
+ + 27_io/fpos.cc
-r -r 27_io/ifstream_members.cc
+ + 27_io/ios_base_callbacks.cc
-r -r 27_io/ios_base_members_static.cc
+ + 27_io/ios_base_storage.cc
+ + 27_io/ios_ctor.cc
-b -b 27_io/ios_manip_basefield.cc
-b -b 27_io/ios_manip_fmtflags.cc
+ + 27_io/ios_members.cc
+ + 27_io/istream.cc
+ + 27_io/istream_extractor_arith.cc
-r -r 27_io/istream_extractor_char.cc
+ + 27_io/istream_extractor_other.cc
+ + 27_io/istream_manip.cc
-b -b 27_io/istream_seeks.cc
+ + 27_io/istream_sentry.cc
diff: input file ./istream_unformatted-2.txt: No such file or directory
+ diff: input file ./istream_unformatted-2.txt: No such file or directory
+ 27_io/istream_unformatted.cc
+ + 27_io/istringstream_members.cc
-b -b 27_io/narrow_stream_objects.cc
+ + 27_io/ofstream_members.cc
+ + 27_io/ostream.cc
+ + 27_io/ostream_inserter_arith.cc
+ + 27_io/ostream_inserter_char.cc
+ + 27_io/ostream_inserter_other.cc
+ + 27_io/ostream_manip.cc
+ + 27_io/ostream_seeks.cc
+ + 27_io/ostream_unformatted.cc
+ + 27_io/streambuf.cc
+ + 27_io/stringbuf.cc
+ + 27_io/stringstream.cc
-b -b 27_io/wide_stream_objects.cc
+ + ext/headers.cc
testrun == 2337 seconds
Native configuration is hppa2.0-hp-hpux10.20
=== gcc tests ===
Running target unix
FAIL: gcc.c-torture/compile/20000804-1.c, -O0
XPASS: gcc.c-torture/execute/20010114-2.c execution, -O0
XPASS: gcc.c-torture/execute/20010114-2.c execution, -O1
XPASS: gcc.c-torture/execute/20010114-2.c execution, -O2
XPASS: gcc.c-torture/execute/20010114-2.c execution, -O3 -fomit-frame-pointer
XPASS: gcc.c-torture/execute/20010114-2.c execution, -O3 -g
XPASS: gcc.c-torture/execute/20010114-2.c execution, -Os
FAIL: gcc.c-torture/execute/20010119-1.c compilation, -O1
FAIL: gcc.c-torture/execute/20010119-1.c compilation, -O2
FAIL: gcc.c-torture/execute/20010119-1.c compilation, -O3 -fomit-frame-pointer
FAIL: gcc.c-torture/execute/20010119-1.c compilation, -O3 -fomit-frame-pointer -funroll-loops
FAIL: gcc.c-torture/execute/20010119-1.c compilation, -O3 -fomit-frame-pointer -funroll-all-loops -finline-functions
FAIL: gcc.c-torture/execute/20010119-1.c compilation, -O3 -g
FAIL: gcc.c-torture/execute/20010119-1.c compilation, -Os
FAIL: gcc.c-torture/execute/20010122-1.c execution, -O0
FAIL: gcc.c-torture/execute/20010122-1.c execution, -O1
FAIL: gcc.c-torture/execute/20010122-1.c execution, -O2
FAIL: gcc.c-torture/execute/20010122-1.c execution, -O3 -fomit-frame-pointer
FAIL: gcc.c-torture/execute/20010122-1.c execution, -O3 -fomit-frame-pointer -funroll-loops
FAIL: gcc.c-torture/execute/20010122-1.c execution, -O3 -fomit-frame-pointer -funroll-all-loops -finline-functions
FAIL: gcc.c-torture/execute/20010122-1.c execution, -O3 -g
FAIL: gcc.c-torture/execute/20010122-1.c execution, -Os
XPASS: gcc.c-torture/execute/loop-2b.c execution, -O0
XPASS: gcc.c-torture/execute/loop-2b.c execution, -O1
XPASS: gcc.c-torture/execute/loop-2b.c execution, -O2
XPASS: gcc.c-torture/execute/loop-2b.c execution, -O3 -fomit-frame-pointer
XPASS: gcc.c-torture/execute/loop-2b.c execution, -O3 -fomit-frame-pointer -funroll-loops
XPASS: gcc.c-torture/execute/loop-2b.c execution, -O3 -fomit-frame-pointer -funroll-all-loops -finline-functions
XPASS: gcc.c-torture/execute/loop-2b.c execution, -O3 -g
XPASS: gcc.c-torture/execute/loop-2b.c execution, -Os
FAIL: gcc.c-torture/execute/strct-stdarg-1.c execution, -O0
FAIL: gcc.c-torture/execute/strct-stdarg-1.c execution, -O1
FAIL: gcc.c-torture/execute/strct-stdarg-1.c execution, -O2
FAIL: gcc.c-torture/execute/strct-stdarg-1.c execution, -O3 -fomit-frame-pointer
FAIL: gcc.c-torture/execute/strct-stdarg-1.c execution, -O3 -fomit-frame-pointer -funroll-loops
FAIL: gcc.c-torture/execute/strct-stdarg-1.c execution, -O3 -fomit-frame-pointer -funroll-all-loops -finline-functions
FAIL: gcc.c-torture/execute/strct-stdarg-1.c execution, -O3 -g
FAIL: gcc.c-torture/execute/strct-stdarg-1.c execution, -Os
FAIL: gcc.c-torture/execute/ieee/mzero2.c execution, -O1
FAIL: gcc.c-torture/execute/ieee/mzero2.c execution, -O2
FAIL: gcc.c-torture/execute/ieee/mzero2.c execution, -O3 -fomit-frame-pointer
FAIL: gcc.c-torture/execute/ieee/mzero2.c execution, -O3 -g
FAIL: gcc.c-torture/execute/ieee/mzero2.c execution, -Os
FAIL: gcc.dg/asm-names.c (test for excess errors)
FAIL: gcc.dg/sequence-pt-1.c sequence point warning (test for warnings, line 59)
=== gcc Summary ===
# of expected passes 15004
# of unexpected failures 31
# of unexpected successes 14
# of expected failures 86
# of unresolved testcases 10
# of unsupported tests 56
/devel/span/rdb/src/gcc-20010507.obj/gcc/xgcc version 3.0 20010507 (prerelease)
=== g++ tests ===
Running target unix
FAIL: g++.eh/rethrow1.C Execution test
FAIL: g++.eh/rethrow2.C Execution test
FAIL: g++.eh/rethrow4.C Execution test
FAIL: g++.eh/rethrow6.C Execution test
FAIL: g++.ext/attrib5.C (test for excess errors)
FAIL: g++.ext/instantiate1.C not instantiated (test for errors, line 20)
FAIL: g++.ext/instantiate1.C not instantiated (test for errors, line 22)
XPASS: g++.mike/eh33.C (test for excess errors)
XPASS: g++.mike/eh33.C Execution test
XPASS: g++.mike/eh50.C (test for excess errors)
XPASS: g++.mike/eh50.C Execution test
FAIL: g++.other/headers1.C (test for excess errors)
FAIL: g++.other/mangle3.C (test for excess errors)
=== g++ Summary ===
# of expected passes 6382
# of unexpected failures 9
# of unexpected successes 4
# of expected failures 114
# of untested testcases 20
/devel/span/rdb/src/gcc-20010507.obj/gcc/testsuite/../g++ version 3.0 20010507 (prerelease)
=== g77 tests ===
Running target unix
FAIL: g77.f-torture/compile/alpha1.f, -O0
FAIL: g77.f-torture/compile/alpha1.f, -O1
FAIL: g77.f-torture/compile/alpha1.f, -O2
FAIL: g77.f-torture/compile/alpha1.f, -O3 -fomit-frame-pointer
FAIL: g77.f-torture/compile/alpha1.f, -O3 -g
FAIL: g77.f-torture/compile/alpha1.f, -Os
FAIL: g77.f-torture/execute/io0.f execution, -O0
FAIL: g77.f-torture/execute/io0.f execution, -O1
FAIL: g77.f-torture/execute/io0.f execution, -O2
FAIL: g77.f-torture/execute/io0.f execution, -O3 -fomit-frame-pointer
FAIL: g77.f-torture/execute/io0.f execution, -O3 -g
FAIL: g77.f-torture/execute/io0.f execution, -Os
FAIL: g77.f-torture/execute/io1.f execution, -O0
FAIL: g77.f-torture/execute/io1.f execution, -O1
FAIL: g77.f-torture/execute/io1.f execution, -O2
FAIL: g77.f-torture/execute/io1.f execution, -O3 -fomit-frame-pointer
FAIL: g77.f-torture/execute/io1.f execution, -O3 -g
FAIL: g77.f-torture/execute/io1.f execution, -Os
=== g77 Summary ===
# of expected passes 907
# of unexpected failures 18
# of unsupported tests 8
=== objc tests ===
Running target unix
FAIL: objc/execute/formal_protocol-6.m execution, -O
=== objc Summary ===
# of expected passes 145
# of unexpected failures 1
/devel/span/rdb/src/gcc-20010507.obj/gcc/xgcc version 3.0 20010507 (prerelease)
Compiler version: 3.0 20010507 (prerelease)
Platform: hppa2.0-hp-hpux10.20
configure flags: --host=hppa2.0-hp-hpux10.20 --with-gnu-as
Counting all warnings,
there are 183 warnings in stage3 of this bootstrap.
Number of warnings per file:
27 gcc/combine.c
23 gcc/expr.c
14 gcc/config/pa/pa.c
11 gcc/recog.c
11 gcc/calls.c
10 gcc/reload.c
9 quadlib.c
9 gcc/reload1.c
7 gcc/varasm.c
6 gcc/function.c
6 gcc/cse.c
6 gcc/cp/pt.c
5 gcc/gcc.c
5 gcc/cp/error.c
4 gcc/java/lex.c
4 gcc/cp/call.c
3 gcc/libgcc2.c
2 gcc/regmove.c
2 gcc/fold-const.c
2 gcc/alias.c
2 alloca.c
1 insn-output.c
1 gcc/toplev.c
1 gcc/sched-deps.c
1 gcc/regclass.c
1 gcc/objc/lang-specs.h
1 gcc/jump.c
1 gcc/java/jvspec.c
1 gcc/intl/dcgettext.c
1 gcc/flow.c
1 gcc/final.c
1 gcc/f/lang-specs.h
1 gcc/expmed.c
1 gcc/cp/typeck2.c
1 gcc/cp/lang-specs.h
1 gcc/cp/errfn.c
Number of warning types:
66 comparison between signed and unsigned
42 integer constant larger than the maximum value of an unsigned long int
21 signed and unsigned type in conditional expression
11 \`???' might be used uninitialized in this function
9 no previous prototype for \`???'
7 function declaration isn't a prototype
6 string length \`???' is greater than the length \`???' ISO C89 compilers are required to support
5 initialization from incompatible pointer type
4 passing arg ??? of \`???' from incompatible pointer type
4 ??? format, ??? arg (arg ???)
2 unused variable \`???'
2 unused parameter \`???'
2 pointer targets in passing arg ??? of \`???' differ in signedness
1 suggest not using #elif in traditional C
1 \`???' defined but not used
More information about the Gcc-testresults
mailing list