Results for 3.1 20010507 (experimental) testsuite on i686-pc-cygwin
Billinghurst, David (CRTS)
David.Billinghurst@riotinto.com
Tue May 8 16:32:00 GMT 2001
Native configuration is i686-pc-cygwin
=== g++ tests ===
Running target unix
FAIL: g++.dg/special/conpr-1.C execution test
FAIL: g++.dg/special/conpr-2.C execution test
FAIL: g++.dg/special/conpr-3.C execution test
FAIL: g++.dg/special/conpr-3.C execution test
FAIL: g++.dg/special/conpr-1.C execution test
FAIL: g++.abi/cxa_vec.C Execution test
FAIL: g++.brendan/crash20.C (test for excess errors)
FAIL: g++.brendan/eh1.C Execution test
FAIL: g++.eh/badalloc1.C Execution test
FAIL: g++.eh/catch11.C Execution test
FAIL: g++.eh/catch12.C Execution test
FAIL: g++.eh/catch3.C Execution test
FAIL: g++.eh/catch3p.C Execution test
FAIL: g++.eh/catch4.C Execution test
FAIL: g++.eh/catch4p.C Execution test
FAIL: g++.eh/catch5.C Execution test
FAIL: g++.eh/catch5p.C Execution test
FAIL: g++.eh/catch6.C Execution test
FAIL: g++.eh/catch6p.C Execution test
FAIL: g++.eh/catch7.C Execution test
FAIL: g++.eh/catch7p.C Execution test
FAIL: g++.eh/catch8.C Execution test
FAIL: g++.eh/catch8p.C Execution test
FAIL: g++.eh/catch9.C Execution test
FAIL: g++.eh/catch9p.C Execution test
FAIL: g++.eh/catchptr1.C Execution test
FAIL: g++.eh/cleanup1.C Execution test
FAIL: g++.eh/cleanup2.C Execution test
FAIL: g++.eh/flow1.C Execution test
FAIL: g++.eh/fntry1.C Execution test
FAIL: g++.eh/inline2.C Execution test
FAIL: g++.eh/new1.C Execution test
FAIL: g++.eh/new2.C Execution test
FAIL: g++.eh/pdel1.C Execution test
FAIL: g++.eh/pdel2.C Execution test
FAIL: g++.eh/ptr1.C Execution test
FAIL: g++.eh/rethrow1.C Execution test
FAIL: g++.eh/rethrow2.C Execution test
FAIL: g++.eh/rethrow3.C Execution test
FAIL: g++.eh/rethrow4.C Execution test
FAIL: g++.eh/rethrow5.C Execution test
FAIL: g++.eh/rethrow6.C Execution test
FAIL: g++.eh/spec1.C Execution test
FAIL: g++.eh/spec2.C Execution test
FAIL: g++.eh/spec3.C Execution test
FAIL: g++.eh/spec4.C Execution test
FAIL: g++.eh/terminate1.C Execution test
FAIL: g++.eh/terminate2.C Execution test
FAIL: g++.eh/tmpl1.C Execution test
FAIL: g++.eh/unwind1.C Execution test
FAIL: g++.eh/vbase1.C Execution test
FAIL: g++.eh/vbase2.C Execution test
FAIL: g++.eh/vbase4.C Execution test
FAIL: g++.ext/instantiate1.C not instantiated (test for errors, line 20)
FAIL: g++.ext/instantiate3.C not instantiated (test for errors, line 13)
XPASS: g++.ext/instantiate3.C (test for excess errors)
XPASS: g++.jason/template18.C (test for excess errors)
XPASS: g++.jason/template18.C Execution test
FAIL: g++.law/code-gen5.C (test for excess errors)
FAIL: g++.law/ctors6.C (test for excess errors)
FAIL: g++.law/operators4.C (test for excess errors)
FAIL: g++.martin/new1.C Execution test
FAIL: g++.mike/dyncast1.C Execution test
FAIL: g++.mike/dyncast2.C Execution test
FAIL: g++.mike/eh10.C Execution test
FAIL: g++.mike/eh12.C Execution test
FAIL: g++.mike/eh14.C Execution test
FAIL: g++.mike/eh16.C Execution test
FAIL: g++.mike/eh17.C Execution test
FAIL: g++.mike/eh18.C Execution test
FAIL: g++.mike/eh2.C Execution test
FAIL: g++.mike/eh21.C Execution test
FAIL: g++.mike/eh23.C Execution test
FAIL: g++.mike/eh24.C Execution test
FAIL: g++.mike/eh25.C Execution test
FAIL: g++.mike/eh26.C Execution test
FAIL: g++.mike/eh27.C Execution test
FAIL: g++.mike/eh28.C Execution test
FAIL: g++.mike/eh29.C Execution test
FAIL: g++.mike/eh3.C Execution test
FAIL: g++.mike/eh31.C Execution test
FAIL: g++.mike/eh33.C Execution test
FAIL: g++.mike/eh34.C Execution test
FAIL: g++.mike/eh35.C Execution test
FAIL: g++.mike/eh36.C Execution test
FAIL: g++.mike/eh37.C Execution test
FAIL: g++.mike/eh38.C Execution test
FAIL: g++.mike/eh39.C Execution test
FAIL: g++.mike/eh40.C Execution test
FAIL: g++.mike/eh41.C Execution test
FAIL: g++.mike/eh42.C Execution test
FAIL: g++.mike/eh44.C Execution test
FAIL: g++.mike/eh47.C Execution test
FAIL: g++.mike/eh48.C Execution test
FAIL: g++.mike/eh49.C Execution test
FAIL: g++.mike/eh5.C Execution test
FAIL: g++.mike/eh50.C Execution test
FAIL: g++.mike/eh51.C Execution test
FAIL: g++.mike/eh55.C Execution test
FAIL: g++.mike/eh6.C Execution test
FAIL: g++.mike/eh8.C Execution test
FAIL: g++.mike/p7912.C Execution test
FAIL: g++.mike/p9706.C Execution test
FAIL: g++.oliva/delete3.C Execution test
FAIL: g++.oliva/new1.C Execution test
FAIL: g++.other/array1.C Execution test
XPASS: g++.other/crash27.C (test for excess errors)
FAIL: g++.other/eh3.C Execution test
FAIL: g++.other/headers1.C (test for excess errors)
FAIL: g++.other/init7.C Execution test
FAIL: g++.other/singleton.C Execution test
FAIL: g++.other/vbase2.C Execution test
FAIL: g++.pt/fntry1.C Execution test
FAIL: g++.robertl/eb3.C (test for excess errors)
FAIL: g++.robertl/eb31.C Execution test
FAIL: g++.robertl/eb50.C Execution test
FAIL: g++.robertl/eb66.C Execution test
FAIL: g++.robertl/eb88.C Execution test
FAIL: g++.robertl/eh990323-1.C Execution test
FAIL: g++.robertl/eh990323-2.C Execution test
FAIL: g++.robertl/eh990323-3.C Execution test
FAIL: g++.robertl/eh990323-4.C Execution test
FAIL: g++.robertl/eh990323-5.C Execution test
FAIL: g++.robertl/ice990323-2.C Execution test
=== g++ Summary ===
# of expected passes 6334
# of unexpected failures 120
# of unexpected successes 4
# of expected failures 101
# of untested testcases 15
/usr/local/obj/gcc-m/gcc/testsuite/../g++ version 3.1 20010507
(experimental)
=== g77 tests ===
Running target unix
=== g77 Summary ===
# of expected passes 975
=== gcc tests ===
Running target unix
FAIL: gcc.c-torture/execute/20010114-2.c execution, -O1
FAIL: gcc.c-torture/execute/20010114-2.c execution, -O2
FAIL: gcc.c-torture/execute/20010114-2.c execution, -Os
FAIL: gcc.c-torture/execute/loop-2b.c execution, -O2
FAIL: gcc.dg/asm-fs-1.c scan-assembler-not \\*_bar
FAIL: gcc.dg/asm-fs-1.c scan-assembler-not \\*_baz
=== gcc Summary ===
# of expected passes 13829
# of unexpected failures 6
# of expected failures 78
# of unsupported tests 26
/usr/local/obj/gcc-m/gcc/xgcc version 3.1 20010507 (experimental)
=== objc tests ===
Running target unix
FAIL: objc/execute/formal_protocol-6.m execution, -O
=== objc Summary ===
# of expected passes 145
# of unexpected failures 1
/usr/local/obj/gcc-m/gcc/xgcc version 3.1 20010507 (experimental)
=== libstdc++ tests ===
Running target unix
XPASS: 26_numerics/c99_classification_macros_c.cc (test for excess errors),
static
XPASS: 26_numerics/c99_classification_macros_c.cc (test for excess errors),
shared
=== libstdc++ Summary ===
# of expected passes 228
# of unexpected successes 2
# of expected failures 14
/usr/local/src/gcc-mainline/libstdc++-v3 version 20010417
Compiler version: 3.1 20010507 (experimental)
Platform: i686-pc-cygwin
configure flags: --host=i686-pc-cygwin --disable-libgcj
--enable-threads=posix
Counting all warnings,
there are 108 warnings in stage3 of this bootstrap.
Number of warnings per file:
14 gcc/gcc.c
10 gcc/except.c
7 gcc/cp/decl.c
6 gcc/cp/pt.c
5 gcc/cp/tree.c
5 gcc/cp/error.c
4 gcc/reg-stack.c
4 gcc/expr.c
4 gcc/dwarf2out.c
4 gcc/cp/call.c
4 gcc/config/i386/i386.c
3 gcc/unwind-dw2.c
3 gcc/sched-deps.c
3 gcc/reload1.c
3 gcc/cp/lang-specs.h
3 gcc/config/i386/i386.md
2 gcc/sdbout.c
2 gcc/reload.c
2 gcc/objc/objc-act.c
2 gcc/flow.c
2 gcc/dwarf2asm.c
1 insn-output.c
1 gcc/unwind-dw2-fde.c
1 gcc/rtl.c
1 gcc/resource.c
1 gcc/regmove.c
1 gcc/recog.c
1 gcc/objc/lang-specs.h
1 gcc/java/jvspec.c
1 gcc/fold-const.c
1 gcc/final.c
1 gcc/f/lang-specs.h
1 gcc/cse.c
1 gcc/cp/method.c
1 gcc/cp/init.c
1 gcc/cp/errfn.c
1 gcc/combine.c
Number of warning types:
23 comparison between signed and unsigned
20 cast from pointer to integer of different size
13 \`???' might be used uninitialized in this function
9 string length \`???' is greater than the length \`???' ISO C89
compilers are required to support
6 unused variable \`???'
5 initialization from incompatible pointer type
4 traditional C rejects string concatenation
4 ??? format, ??? arg (arg ???)
3 unused parameter \`???'
3 signed and unsigned type in conditional expression
3 function declaration isn't a prototype
2 suggest parentheses around assignment used as truth value
2 passing arg ??? of \`???' from incompatible pointer type
2 destination missing a mode?
2 assignment of read-only location
1 pointer targets in passing arg ??? of \`???' differ in signedness
1 operand 0 missing mode?
1 implicit declaration of function \`???'
1 control reaches end of non-void function
1 assignment discards qualifiers from pointer target type
1 \`???' defined but not used
1 \`???' declared \`static' but never defined
More information about the Gcc-testresults
mailing list